{"id":3189,"date":"2023-02-23T00:15:47","date_gmt":"2023-02-23T06:15:47","guid":{"rendered":"https:\/\/tecsecmty.com\/index.php\/producto\/bosch-i_d8103-gabinete-universal-color-gris-41-x-41-x-9-centimetros\/"},"modified":"2023-03-22T23:21:21","modified_gmt":"2023-03-23T05:21:21","slug":"bosch-i_d8103-gabinete-universal-color-gris-41-x-41-x-9-centimetros","status":"publish","type":"product","link":"https:\/\/tecsecmty.com\/index.php\/producto\/bosch-i_d8103-gabinete-universal-color-gris-41-x-41-x-9-centimetros\/","title":{"rendered":"BOSCH I_D8103- GABINETE UNIVERSAL COLOR GRIS 41 x 41 X 9 CENTIMETROS"},"content":{"rendered":"<p><img fetchpriority=\"high\" decoding=\"async\" class=\"aligncenter\" src=\"http:\/\/soporte.tvc.mx\/Ingenieria\/BOSCH\/BANNER\/ALLTECH.jpg\" alt=\"\" width=\"734\" height=\"188\" \/><\/p>\n<p>Los gabinetes B8103 \/ D8103 albergan muchos paneles de control y m\u00f3dulos de Bosch. Es Compatible con un interruptor de sabotaje del recinto y puede contener hasta dos bater\u00edas. Utilizar el B8103 \/ D8103 para instalaciones residenciales de robo y robo y robo comercial Aplicaciones que no requieran resistencia de ataque o aprobaci\u00f3n por parte de Factory Mutual (FM) o La Ciudad de Nueva York-Material y Equipo de la Divisi\u00f3n de Aceptaci\u00f3n (NYC-MEA).<\/p>\n<p>&nbsp;<\/p>\n<p>&nbsp;<\/p>\n<p>&nbsp;<\/p>\n<p><strong>\u00a0<\/strong><\/p>\n<p><strong>\u00a0Principales Caracteristicas:<\/strong><\/p>\n<p><strong>\u00a0<\/strong><\/p>\n<p>&nbsp;<\/p>\n<ul>\n<li>Posici\u00f3n de montaje f\u00e1cil de instalar para el montaje M\u00f3dulos soportados.<\/li>\n<li>Fabricado con acero laminado en fr\u00edo con acabado gris.<\/li>\n<li>Ubicaciones de f\u00e1cil acceso para colocar la bater\u00eda.<\/li>\n<li>Ubicaci\u00f3n de montaje del conmutador de manipulaci\u00f3n opcional.<\/li>\n<\/ul>\n<p>&nbsp;<\/p>\n","protected":false},"excerpt":{"rendered":"<p>Los gabinetes B8103 \/ D8103 albergan muchos paneles de control y m\u00f3dulos de Bosch. Es Compatible con un interruptor de sabotaje del recinto y puede contener hasta dos bater\u00edas. Utilizar el B8103 \/ D8103 para instalaciones residenciales de robo y robo y robo comercial Aplicaciones&hellip;<\/p>\n","protected":false},"featured_media":3188,"comment_status":"open","ping_status":"closed","template":"","meta":{"om_disable_all_campaigns":false,"_monsterinsights_skip_tracking":false,"_monsterinsights_sitenote_active":false,"_monsterinsights_sitenote_note":"","_monsterinsights_sitenote_category":0},"product_brand":[],"product_cat":[215],"product_tag":[212,211,151],"class_list":{"0":"post-3189","1":"product","2":"type-product","3":"status-publish","4":"has-post-thumbnail","6":"product_cat-accesorios-alarmas-alarmas-bosch","7":"product_tag-alarmas","8":"product_tag-alarmas-e-intrusion","9":"product_tag-seguridad","11":"first","12":"instock","13":"sale","14":"taxable","15":"shipping-taxable","16":"purchasable","17":"product-type-simple"},"aioseo_notices":[],"_links":{"self":[{"href":"https:\/\/tecsecmty.com\/index.php\/wp-json\/wp\/v2\/product\/3189","targetHints":{"allow":["GET"]}}],"collection":[{"href":"https:\/\/tecsecmty.com\/index.php\/wp-json\/wp\/v2\/product"}],"about":[{"href":"https:\/\/tecsecmty.com\/index.php\/wp-json\/wp\/v2\/types\/product"}],"replies":[{"embeddable":true,"href":"https:\/\/tecsecmty.com\/index.php\/wp-json\/wp\/v2\/comments?post=3189"}],"version-history":[{"count":0,"href":"https:\/\/tecsecmty.com\/index.php\/wp-json\/wp\/v2\/product\/3189\/revisions"}],"wp:featuredmedia":[{"embeddable":true,"href":"https:\/\/tecsecmty.com\/index.php\/wp-json\/wp\/v2\/media\/3188"}],"wp:attachment":[{"href":"https:\/\/tecsecmty.com\/index.php\/wp-json\/wp\/v2\/media?parent=3189"}],"wp:term":[{"taxonomy":"product_brand","embeddable":true,"href":"https:\/\/tecsecmty.com\/index.php\/wp-json\/wp\/v2\/product_brand?post=3189"},{"taxonomy":"product_cat","embeddable":true,"href":"https:\/\/tecsecmty.com\/index.php\/wp-json\/wp\/v2\/product_cat?post=3189"},{"taxonomy":"product_tag","embeddable":true,"href":"https:\/\/tecsecmty.com\/index.php\/wp-json\/wp\/v2\/product_tag?post=3189"}],"curies":[{"name":"wp","href":"https:\/\/api.w.org\/{rel}","templated":true}]}}