{"id":3201,"date":"2023-02-23T00:16:02","date_gmt":"2023-02-23T06:16:02","guid":{"rendered":"https:\/\/tecsecmty.com\/index.php\/producto\/bosch-i_itsd6686ul-adaptador-de-red-conettix\/"},"modified":"2023-03-22T23:21:24","modified_gmt":"2023-03-23T05:21:24","slug":"bosch-i_itsd6686ul-adaptador-de-red-conettix","status":"publish","type":"product","link":"https:\/\/tecsecmty.com\/index.php\/producto\/bosch-i_itsd6686ul-adaptador-de-red-conettix\/","title":{"rendered":"BOSCH I_ITSD6686UL- ADAPTADOR DE RED CONETTIX"},"content":{"rendered":"<h5 class=\"card-title text-center\">Adaptador de red Ethernet Conettix ITS-D6686-UL<\/h5>\n<p class=\"ql-align-justify\">Los adaptadores de red Ethernet Conettix ITS-D6686 (ITS-D6686-INTL e ITS-D6686-UL) se utilizan para conecte las comunicaciones Conettix D6600 Receptor \/ puerta de enlace a redes IPv6 e IPv4 (LAN \/ WAN \/ Internet). El adaptador permite que el D6600 procesar mensajes hacia y desde la mayor\u00eda de las redes usando Protocolo de datagramas de usuario \/ Protocolo de Internet (UDP \/ IP). Los adaptadores de red Ethernet Conettix ITS \u2011 D6686 son<\/p>\n<p class=\"ql-align-justify\">compatible con redes IPv6 e IPv4. Se requiere un m\u00ednimo de un adaptador para cada D6600.<\/p>\n<p class=\"ql-align-justify\">Los dos puertos seriales permiten una variedad de instalaciones. opciones que incluyen la Soluci\u00f3n de conmutaci\u00f3n por error de red.<\/p>\n<p class=\"ql-align-justify\"><strong>Funciones b\u00e1sicas<\/strong><\/p>\n<p class=\"ql-align-justify\">Soluci\u00f3n de conmutaci\u00f3n por error de red<\/p>\n<p class=\"ql-align-justify\">Un sistema Conettix con dos receptores D6600 y los dos adaptadores ITS-D6686 se pueden usar para permitir copia de seguridad redundante en caso de primer fallo del sistema. Cada adaptador tiene dos puertos seriales que le permiten ser conectado a un receptor primario y de respaldo en el Mismo tiempo. En esta configuraci\u00f3n usando el D6200 software, cuando se actualiza el receptor primario, el receptor de respaldo tambi\u00e9n se actualizar\u00e1. Cada adaptador<\/p>\n<p class=\"ql-align-justify\">tambi\u00e9n admite una direcci\u00f3n MAC alternativa que puede ser se usa para cambiar entre adaptadores en primario y sistemas de respaldo sin problemas de red. Referir a la Gu\u00eda de sistemas Conettix D6600 &#8211; Red Comunicaciones para detalles.<\/p>\n<p class=\"ql-align-justify\"><strong>Certificaciones y aprobaciones<\/strong><\/p>\n<p class=\"ql-align-justify\"><strong>Nota:<\/strong><\/p>\n<ul>\n<li class=\"ql-align-justify\">Instale las comunicaciones Conettix D6600 Receptor \/ puerta de enlace de acuerdo con NFPA 70, NFPA 72 y la autoridad local que tiene Jurisdicci\u00f3n (AHJ). El Conettix ITS \u2011 D6686 \u2011 UL Adaptador de red Ethernet es adecuado para Central Se\u00f1alizaci\u00f3n de protecci\u00f3n de la estaci\u00f3n cuando est\u00e1 instalado y utilizado de conformidad con NFPA 72 y ANSI \/ NFPA 70. L\u00edmites de instalaci\u00f3n para alarma digital, los receptores del comunicador (DACR) est\u00e1n bajo jurisdicci\u00f3n de la autoridad local del usuario.<\/li>\n<li class=\"ql-align-justify\">Para instalaciones contra incendios listadas por UL, equipos entre los m\u00f3dulos de interfaz Ethernet y el Se requiere que ITS-D6686-UL est\u00e9 listado por UL Equipos de tecnolog\u00eda de la informaci\u00f3n.<\/li>\n<\/ul>\n<p class=\"ql-align-justify\"><strong>Certificaci\u00f3n de regi\u00f3n<\/strong><\/p>\n<p class=\"ql-align-justify\"><strong>EE. UU. UL<\/strong><\/p>\n<ul>\n<li class=\"ql-align-justify\">UL UL 1610 &#8211; Alarma antirrobo de estaci\u00f3n central Unidades.<\/li>\n<li class=\"ql-align-justify\">UL UL 864 &#8211; Est\u00e1ndar para unidades de control y Accesorios para sistemas de alarma contra incendios.<\/li>\n<li class=\"ql-align-justify\">CSFM 7300-1615: 0179 ACCESORIOS DE LA UNIDAD DE CONTROL DE ALARMA DE INCENDIO \/ MISC. DISPOSITIVOS.<\/li>\n<\/ul>\n<p class=\"ql-align-justify\"><strong>Canada ULC.<\/strong><\/p>\n<ul>\n<li class=\"ql-align-justify\">ULC CAN \/ ULC S559 &#8211; Recepci\u00f3n de se\u00f1al de fuego Centros y sistemas.<\/li>\n<\/ul>\n<p class=\"ql-align-justify\"><strong>Notas de instalaci\u00f3n \/ configuraci\u00f3n<\/strong><\/p>\n<p class=\"ql-align-justify\"><strong>Informaci\u00f3n de compatibilidad<\/strong><\/p>\n<p class=\"ql-align-justify\">Receptores: receptor de comunicaciones Conettix D6600 \/ Puerta<\/p>\n<p class=\"ql-align-justify\"><strong>Ubicaci\u00f3n y recintos<\/strong><\/p>\n<p class=\"ql-align-justify\">Los adaptadores ITS-D6686 deben instalarse en el mismo habitaci\u00f3n como el receptor D6600 y estar dentro de 15 m (50 pies) de la D6600. Para instalaciones UL, el ITS-D6686-UL debe ser<\/p>\n<p class=\"ql-align-justify\">instalado en el mismo bastidor que el D6600 y estar dentro 6 m (20 pies) de la D6600.<\/p>\n<p class=\"ql-align-justify\"><strong>Componente de cantidad<\/strong><\/p>\n<p class=\"ql-align-justify\"><strong>ITS \u2011 D6686 \u2011 UL<\/strong><\/p>\n<ul>\n<li class=\"ql-align-justify\">1 Adaptador de red Ethernet ITS \u2011 D6686 \u2011 UL.<\/li>\n<li class=\"ql-align-justify\">1 fuente de alimentaci\u00f3n enchufable.<\/li>\n<li class=\"ql-align-justify\">2 cables seriales de m\u00f3dem nulo DB9 F \/ F (1,83 m [6 pies]).<\/li>\n<li class=\"ql-align-justify\">1 Literatura &#8211; Gu\u00eda de instalaci\u00f3n.<\/li>\n<\/ul>\n<p class=\"ql-align-justify\"><strong>Nota: Adaptador de red Ethernet Conettix ITS-D6686-UL<\/strong><\/p>\n<p class=\"ql-align-justify\"><strong>N\u00famero de pedido: ITS-D6686-UL.<\/strong><\/p>\n<p class=\"ql-align-justify\"><strong>Principales caracter\u00edsticas<\/strong><\/p>\n<ul>\n<li class=\"ql-align-justify\">Conexi\u00f3n de red 10Base-T \/ 100Base-T para IP monitoreo de cuentas y automatizaci\u00f3n de estaciones centrales.<\/li>\n<li class=\"ql-align-justify\">Certificado IPv6 Ready por el Foro IPv6<\/li>\n<li class=\"ql-align-justify\">Dos interfaces seriales DB9 proporcionan conexi\u00f3n a D6600 \/ D6672.<\/li>\n<li class=\"ql-align-justify\">Los diodos emisores de luz (LED) proporcionan estado y actividad.<\/li>\n<li class=\"ql-align-justify\">Admite AES de 128 bits a 256 bits (Rijndael) cifrado.<\/li>\n<\/ul>\n<p class=\"ql-align-justify\"><strong>Especificaciones<\/strong><\/p>\n<p class=\"ql-align-justify\"><strong>Entrada de alimentaci\u00f3n<\/strong><\/p>\n<ul>\n<li class=\"ql-align-justify\">Modelo INTL: rango de funcionamiento nominal de CA: 100 VCA a 240 VCA, 50 Hz \/ 60 Hz, 400 mA m\u00e1ximo.<\/li>\n<li class=\"ql-align-justify\">Modelo UL: rango de funcionamiento nominal de CA: 120 VCA, 60 Hz, 150 mA m\u00e1ximo.<\/li>\n<\/ul>\n<p class=\"ql-align-justify\"><strong>Ambiental<\/strong><\/p>\n<ul>\n<li class=\"ql-align-justify\">Temperatura (en funcionamiento): De 0 \u00b0 C a + 50 \u00b0 C (+ 32 \u00b0 F a + 122 \u00b0 F).<\/li>\n<li class=\"ql-align-justify\">Temperatura (almacenamiento): De -40 \u00b0 C a + 85 \u00b0 C (-40 \u00b0 F a + 185 \u00b0 F).<\/li>\n<\/ul>\n<p class=\"ql-align-justify\"><strong>Mec\u00e1nico<\/strong><\/p>\n<ul>\n<li class=\"ql-align-justify\">Dimensiones de la unidad (no incluyendo pesta\u00f1as de montaje): 9.5 cm x 7.3 cm x 2.3 cm (3.75 pulg. X 2.9 pulg. X 0.9 pulg.).<\/li>\n<li class=\"ql-align-justify\">Peso: De 0,26 kg (0,6 lb).<\/li>\n<li class=\"ql-align-justify\">Protocolos compatibles: ARP, UDP \/ IP, TCP \/ IP, Telnet, ICMP, SNMP, DHCP, TFTP, HTTP y BOOTP.<\/li>\n<li class=\"ql-align-justify\">Conectores serie: dos puertos serie DB9M DTE.<\/li>\n<li class=\"ql-align-justify\">Conectores de red: un RJ45 10BASE-T o 100BASE-TX Puerto Ethernet.<\/li>\n<li class=\"ql-align-justify\">Cable Ethernet: Categor\u00eda 5 o mejor trenzado sin blindaje par instalado en el mismo recinto \/ bastidor como la D6600.<\/li>\n<li class=\"ql-align-justify\">Para instalaciones UL, una longitud m\u00e1xima de se permiten 6 m (20 pies).<\/li>\n<li class=\"ql-align-justify\">Cable RS \u2011 232: instalado en la misma habitaci\u00f3n que el D6600; longitud m\u00e1xima 15 m (50 pies). Para UL instalaciones, instaladas en el mismo bastidor que el D6600; dentro de 6 m (20 pies).<\/li>\n<li class=\"ql-align-justify\">Gesti\u00f3n: HTTP (servidor web interno) Inicio de sesi\u00f3n Telnet Software DeviceInstaller<\/li>\n<li class=\"ql-align-justify\">Software del sistema: est\u00e1ndar de Flash ROM. Descargas de un Host TCP \/ IP (TFTP) o sobre puerto serie.<\/li>\n<\/ul>\n<p><img decoding=\"async\" class=\"overview-center-img-web\" src=\"https:\/\/tvc.mx\/media\/38601\/Logoopaginas-oficial-1920x400.png\" alt=\"\" \/><\/p>\n","protected":false},"excerpt":{"rendered":"<p>Adaptador de red Ethernet Conettix ITS-D6686-UL Los adaptadores de red Ethernet Conettix ITS-D6686 (ITS-D6686-INTL e ITS-D6686-UL) se utilizan para conecte las comunicaciones Conettix D6600 Receptor \/ puerta de enlace a redes IPv6 e IPv4 (LAN \/ WAN \/ Internet). El adaptador permite que el D6600&hellip;<\/p>\n","protected":false},"featured_media":3200,"comment_status":"open","ping_status":"closed","template":"","meta":{"om_disable_all_campaigns":false,"_monsterinsights_skip_tracking":false,"_monsterinsights_sitenote_active":false,"_monsterinsights_sitenote_note":"","_monsterinsights_sitenote_category":0},"product_brand":[],"product_cat":[215],"product_tag":[212,211,151],"class_list":{"0":"post-3201","1":"product","2":"type-product","3":"status-publish","4":"has-post-thumbnail","6":"product_cat-accesorios-alarmas-alarmas-bosch","7":"product_tag-alarmas","8":"product_tag-alarmas-e-intrusion","9":"product_tag-seguridad","11":"first","12":"instock","13":"sale","14":"taxable","15":"shipping-taxable","16":"purchasable","17":"product-type-simple"},"aioseo_notices":[],"_links":{"self":[{"href":"https:\/\/tecsecmty.com\/index.php\/wp-json\/wp\/v2\/product\/3201","targetHints":{"allow":["GET"]}}],"collection":[{"href":"https:\/\/tecsecmty.com\/index.php\/wp-json\/wp\/v2\/product"}],"about":[{"href":"https:\/\/tecsecmty.com\/index.php\/wp-json\/wp\/v2\/types\/product"}],"replies":[{"embeddable":true,"href":"https:\/\/tecsecmty.com\/index.php\/wp-json\/wp\/v2\/comments?post=3201"}],"version-history":[{"count":0,"href":"https:\/\/tecsecmty.com\/index.php\/wp-json\/wp\/v2\/product\/3201\/revisions"}],"wp:featuredmedia":[{"embeddable":true,"href":"https:\/\/tecsecmty.com\/index.php\/wp-json\/wp\/v2\/media\/3200"}],"wp:attachment":[{"href":"https:\/\/tecsecmty.com\/index.php\/wp-json\/wp\/v2\/media?parent=3201"}],"wp:term":[{"taxonomy":"product_brand","embeddable":true,"href":"https:\/\/tecsecmty.com\/index.php\/wp-json\/wp\/v2\/product_brand?post=3201"},{"taxonomy":"product_cat","embeddable":true,"href":"https:\/\/tecsecmty.com\/index.php\/wp-json\/wp\/v2\/product_cat?post=3201"},{"taxonomy":"product_tag","embeddable":true,"href":"https:\/\/tecsecmty.com\/index.php\/wp-json\/wp\/v2\/product_tag?post=3201"}],"curies":[{"name":"wp","href":"https:\/\/api.w.org\/{rel}","templated":true}]}}