{"id":3207,"date":"2023-02-23T00:16:08","date_gmt":"2023-02-23T06:16:08","guid":{"rendered":"https:\/\/tecsecmty.com\/index.php\/producto\/bosch-i_rfkftba-control-remoto-a-433-42-mhz-compatible-con-panel-de-alarma-bosch-2-botones\/"},"modified":"2023-03-22T23:21:24","modified_gmt":"2023-03-23T05:21:24","slug":"bosch-i_rfkftba-control-remoto-a-433-42-mhz-compatible-con-panel-de-alarma-bosch-2-botones","status":"publish","type":"product","link":"https:\/\/tecsecmty.com\/index.php\/producto\/bosch-i_rfkftba-control-remoto-a-433-42-mhz-compatible-con-panel-de-alarma-bosch-2-botones\/","title":{"rendered":"BOSCH I_RFKFTBA &#8211; Control remoto a 433.42 Mhz compatible con panel de alarma BOSCH \/ 2 Botones"},"content":{"rendered":"<p><img fetchpriority=\"high\" decoding=\"async\" class=\"aligncenter\" src=\"http:\/\/soporte.tvc.mx\/Ingenieria\/BOSCH\/BANNER\/ALLTECH.jpg\" alt=\"\" width=\"734\" height=\"187\" \/><\/p>\n<p>&nbsp;<\/p>\n<p>El dispositivo RADION inal\u00e1mbrico de Bosch proporciona una bater\u00eda de duraci\u00f3n excepcional as\u00ed como la escalabilidad y el alcance necesarios para garantizar un rendimiento fiable y una calidad superior. El diagn\u00f3stico avanzado y las opciones de registro de varios dispositivos hacen que la instalaci\u00f3n y el mantenimiento sean sencillos y econ\u00f3micos. Con una completa gama de perif\u00e9ricos, RADION ofrece la flexibilidad para adaptarse a pr\u00e1cticamente todas las aplicaciones.<\/p>\n<p>&nbsp;<\/p>\n<p><strong>Resumen del sistema<\/strong><\/p>\n<p>RADION keyfob permite armar y desarmar el sistema de seguridad y enviar una alarma de emergencia. Programado con un c\u00f3digo \u00fanico, cada modelo funciona exclusivamente con su sistema de seguridad compatible. En la versi\u00f3n de cuatro botones, el usuario puede programar dos de ellos para realizar funciones espec\u00edficas.<\/p>\n<p>&nbsp;<\/p>\n<p><strong>Funciones b\u00e1sicas<\/strong><\/p>\n<p><strong>Alarma de emergencia<\/strong><\/p>\n<p>El llavero puede enviar un c\u00f3digo de emergencia a su empresa receptora de alarmas si su sistema de seguridad est\u00e1 programado para tal fin. Pulse los botones de armado\/desarmado simult\u00e1neamente durante 600 milisegundos para enviar una alarma de emergencia.<\/p>\n<p><strong>Indicador LED<\/strong><\/p>\n<p>El LED parpadea para indicar que se ha emitido una se\u00f1al a su sistema de seguridad.<\/p>\n<p><strong>Botones de opci\u00f3n programables<\/strong><\/p>\n<p>El llavero puede programarse para controlar dispositivos adicionales en la zona protegida. Hay dos botones opcionales disponibles.<\/p>\n<p><strong>Resistente al polvo y al agua<\/strong><\/p>\n<p>La carcasa es resistente al polvo y al agua. Transmisi\u00f3n cifrada Los llaveros RADION, gracias a la funci\u00f3n de cifrado sincronizada, aumentan la inmunidad frente a ataques de reproducci\u00f3n, lo que proporciona una seguridad del sistema a\u00fan m\u00e1s fiable.<\/p>\n<p><span title=\"as furnace rooms, closets, and other confined areas.\">\u00a0<\/span><\/p>\n<p><strong><span title=\"as furnace rooms, closets, and other confined areas.\">Principales Caracter\u00edsticas:<\/span><\/strong><\/p>\n<ul>\n<li>Resistente al agua y al polvo.<\/li>\n<li>Funciones de armado, desarmado y p\u00e1nico.<\/li>\n<li>Asignadas por el usuario para crear informes precisos de se\u00f1ales abiertas y cerradas.<\/li>\n<li>Indicador LED.<\/li>\n<\/ul>\n<p><strong>\u00a0<\/strong><\/p>\n<p><strong>Especificaiones<\/strong>:<\/p>\n<ul>\n<li>Dimensiones 63,7 mm x 35,5 mm x 13,0 mm (2,51 pulgadas x 1,40 pulgadas x 0,51 pulgadas).<\/li>\n<li>Energ\u00eda \/ voltaje Una bater\u00eda de litio CR2032, 3 VDC.<\/li>\n<li>Duraci\u00f3n de la bater\u00eda Hasta 5 a\u00f1os.<\/li>\n<li>Temperatura Rango funcional: -10 \u00b0 C a +49 \u00b0 C (+14 \u00b0 F a +120 \u00b0 F).<\/li>\n<li>Humedad relativa Hasta un 93% sin condensaci\u00f3n.<\/li>\n<li>Frecuencia 433,42 MHz.<\/li>\n<li>Uso Dise\u00f1ado para uso en interiores.<\/li>\n<\/ul>\n<p>&nbsp;<\/p>\n","protected":false},"excerpt":{"rendered":"<p>&nbsp; El dispositivo RADION inal\u00e1mbrico de Bosch proporciona una bater\u00eda de duraci\u00f3n excepcional as\u00ed como la escalabilidad y el alcance necesarios para garantizar un rendimiento fiable y una calidad superior. El diagn\u00f3stico avanzado y las opciones de registro de varios dispositivos hacen que la instalaci\u00f3n&hellip;<\/p>\n","protected":false},"featured_media":3206,"comment_status":"open","ping_status":"closed","template":"","meta":{"om_disable_all_campaigns":false,"_monsterinsights_skip_tracking":false,"_monsterinsights_sitenote_active":false,"_monsterinsights_sitenote_note":"","_monsterinsights_sitenote_category":0},"product_brand":[],"product_cat":[215],"product_tag":[212,211,151],"class_list":{"0":"post-3207","1":"product","2":"type-product","3":"status-publish","4":"has-post-thumbnail","6":"product_cat-accesorios-alarmas-alarmas-bosch","7":"product_tag-alarmas","8":"product_tag-alarmas-e-intrusion","9":"product_tag-seguridad","11":"first","12":"instock","13":"sale","14":"taxable","15":"shipping-taxable","16":"purchasable","17":"product-type-simple"},"aioseo_notices":[],"_links":{"self":[{"href":"https:\/\/tecsecmty.com\/index.php\/wp-json\/wp\/v2\/product\/3207","targetHints":{"allow":["GET"]}}],"collection":[{"href":"https:\/\/tecsecmty.com\/index.php\/wp-json\/wp\/v2\/product"}],"about":[{"href":"https:\/\/tecsecmty.com\/index.php\/wp-json\/wp\/v2\/types\/product"}],"replies":[{"embeddable":true,"href":"https:\/\/tecsecmty.com\/index.php\/wp-json\/wp\/v2\/comments?post=3207"}],"version-history":[{"count":0,"href":"https:\/\/tecsecmty.com\/index.php\/wp-json\/wp\/v2\/product\/3207\/revisions"}],"wp:featuredmedia":[{"embeddable":true,"href":"https:\/\/tecsecmty.com\/index.php\/wp-json\/wp\/v2\/media\/3206"}],"wp:attachment":[{"href":"https:\/\/tecsecmty.com\/index.php\/wp-json\/wp\/v2\/media?parent=3207"}],"wp:term":[{"taxonomy":"product_brand","embeddable":true,"href":"https:\/\/tecsecmty.com\/index.php\/wp-json\/wp\/v2\/product_brand?post=3207"},{"taxonomy":"product_cat","embeddable":true,"href":"https:\/\/tecsecmty.com\/index.php\/wp-json\/wp\/v2\/product_cat?post=3207"},{"taxonomy":"product_tag","embeddable":true,"href":"https:\/\/tecsecmty.com\/index.php\/wp-json\/wp\/v2\/product_tag?post=3207"}],"curies":[{"name":"wp","href":"https:\/\/api.w.org\/{rel}","templated":true}]}}