{"id":3245,"date":"2023-02-23T00:16:38","date_gmt":"2023-02-23T06:16:38","guid":{"rendered":"https:\/\/tecsecmty.com\/index.php\/producto\/dsc-sgmlrf5-chasis-metalico-para-montaje-de-tarjetas-para-system-v\/"},"modified":"2023-03-22T23:23:25","modified_gmt":"2023-03-23T05:23:25","slug":"dsc-sgmlrf5-chasis-metalico-para-montaje-de-tarjetas-para-system-v","status":"publish","type":"product","link":"https:\/\/tecsecmty.com\/index.php\/producto\/dsc-sgmlrf5-chasis-metalico-para-montaje-de-tarjetas-para-system-v\/","title":{"rendered":"DSC SGMLRF5 Chasis Met\u00e1lico para montaje de tarjetas para System V"},"content":{"rendered":"<h5 class=\"card-title text-center\">Informaci\u00f3n General<\/h5>\n<h3><strong>Descripci\u00f3n<\/strong><\/h3>\n<p>Rack met\u00e1lico de SYSTEM 5 con SG-MP5<\/p>\n<h3><strong>Para que sirve<\/strong><\/h3>\n<p>Rack que concentra todas las tarjetas de SYSTEM 5<\/p>\n<h1><strong>Caracter\u00edsticas que<\/strong><\/h1>\n<h1><strong>Hacer la diferencia:<\/strong><\/h1>\n<h2>\u2022 Monitoree hasta 1,474,560 IP<\/h2>\n<h2>comunicadores (celular o Ethernet)<\/h2>\n<h2>con hasta 24 tarjetas de l\u00ednea IP y actualizaci\u00f3n<\/h2>\n<h2>claves de licencia<\/h2>\n<h2>\u2022 Monitoree las cuentas PSTN usando nuestro nuevo<\/h2>\n<h2>Tarjeta de doble l\u00ednea SG-DRL5-2L, o actualice un<\/h2>\n<h2>receptor existente del Sistema IV a un Sistema 5<\/h2>\n<h2>usando nuestro SG-DRL5-ADPT para usar el<\/h2>\n<h2>Tarjetas de l\u00ednea SG-DRL4-2L en el Sistema 5<\/h2>\n<h2>\u2022 Caracter\u00edstica AHS patentada con hasta 1 mill\u00f3n<\/h2>\n<h2>cuentas (ampliables mediante licencia) y<\/h2>\n<h2>nuevo apret\u00f3n de manos y formato bloqueables<\/h2>\n<h2>opciones para un mayor control<\/h2>\n<h2>\u2022 Admite funciones de verificaci\u00f3n visual para<\/h2>\n<h2>DSC PowerSeries Neo<\/h2>\n<h2>\u2022 Densidad de cuenta l\u00edder en la industria por U<\/h2>\n<h2>rack para una capacidad m\u00e1xima de 24 l\u00edneas IP<\/h2>\n<h2>tarjetas o 48 l\u00edneas PSTN en una huella de 4U<\/h2>\n<h2>\u2022 Tarjeta de l\u00ednea SG-DRL5-IP con capacidad de<\/h2>\n<h2>hasta 4.096 cuentas IP (512 visual<\/h2>\n<h2>verificaci\u00f3n \/ 512 supervisada \/ 3072<\/h2>\n<h2>sin supervisi\u00f3n), actualizable hasta 61.440<\/h2>\n<h2>a trav\u00e9s de claves de licencia<\/h2>\n<h2>\u2022 SG-DRL5-2L agrega capacidad Dual PSTN<\/h2>\n<h2>con m\u00e1s de 150 formatos de comunicaci\u00f3n<\/h2>\n<h2>disponible<\/h2>\n<h2>\u2022 SG-CPM5 V1.1 agrega 3 nuevas automatizaciones<\/h2>\n<h2>modos: informes divididos, multipuerto y<\/h2>\n<h2>Inicio sesi\u00f3n<\/h2>\n<h2>\u2022 Redundancia integrada que incluye m\u00f3dulos intercambiables en caliente y conmutaci\u00f3n autom\u00e1tica<\/h2>\n<h2>para poder y perif\u00e9ricos elimina<\/h2>\n<h2>falta del tiempo<\/h2>\n<h2>\u2022 Acceso CMS a archivos de verificaci\u00f3n visual.<\/h2>\n<h2>a trav\u00e9s de la consola SG-Systems<\/h2>\n<h2>\u2022 Remoto actualizable a trav\u00e9s de<\/h2>\n<h2>Consola SG-Systems<\/h2>\n<h2>\u2022 Estado del sistema en tiempo real mejorado y<\/h2>\n<h2>diagn\u00f3stico de hardware a trav\u00e9s de SG-Systems<\/h2>\n<h2>Consola e interfaz de pantalla t\u00e1ctil<\/h2>\n<p><img decoding=\"async\" class=\"overview-center-img-web\" src=\"https:\/\/tvc.mx\/media\/29808\/principalcomer.jpg\" alt=\"\" \/><\/p>\n","protected":false},"excerpt":{"rendered":"<p>Informaci\u00f3n General Descripci\u00f3n Rack met\u00e1lico de SYSTEM 5 con SG-MP5 Para que sirve Rack que concentra todas las tarjetas de SYSTEM 5 Caracter\u00edsticas que Hacer la diferencia: \u2022 Monitoree hasta 1,474,560 IP comunicadores (celular o Ethernet) con hasta 24 tarjetas de l\u00ednea IP y actualizaci\u00f3n&hellip;<\/p>\n","protected":false},"featured_media":3244,"comment_status":"open","ping_status":"closed","template":"","meta":{"om_disable_all_campaigns":false,"_monsterinsights_skip_tracking":false,"_monsterinsights_sitenote_active":false,"_monsterinsights_sitenote_note":"","_monsterinsights_sitenote_category":0},"product_brand":[],"product_cat":[218],"product_tag":[212,211,151],"class_list":{"0":"post-3245","1":"product","2":"type-product","3":"status-publish","4":"has-post-thumbnail","6":"product_cat-accesorios-alarmas-alarmas-dsc","7":"product_tag-alarmas","8":"product_tag-alarmas-e-intrusion","9":"product_tag-seguridad","11":"first","12":"instock","13":"sale","14":"taxable","15":"shipping-taxable","16":"purchasable","17":"product-type-simple"},"aioseo_notices":[],"_links":{"self":[{"href":"https:\/\/tecsecmty.com\/index.php\/wp-json\/wp\/v2\/product\/3245","targetHints":{"allow":["GET"]}}],"collection":[{"href":"https:\/\/tecsecmty.com\/index.php\/wp-json\/wp\/v2\/product"}],"about":[{"href":"https:\/\/tecsecmty.com\/index.php\/wp-json\/wp\/v2\/types\/product"}],"replies":[{"embeddable":true,"href":"https:\/\/tecsecmty.com\/index.php\/wp-json\/wp\/v2\/comments?post=3245"}],"version-history":[{"count":0,"href":"https:\/\/tecsecmty.com\/index.php\/wp-json\/wp\/v2\/product\/3245\/revisions"}],"wp:featuredmedia":[{"embeddable":true,"href":"https:\/\/tecsecmty.com\/index.php\/wp-json\/wp\/v2\/media\/3244"}],"wp:attachment":[{"href":"https:\/\/tecsecmty.com\/index.php\/wp-json\/wp\/v2\/media?parent=3245"}],"wp:term":[{"taxonomy":"product_brand","embeddable":true,"href":"https:\/\/tecsecmty.com\/index.php\/wp-json\/wp\/v2\/product_brand?post=3245"},{"taxonomy":"product_cat","embeddable":true,"href":"https:\/\/tecsecmty.com\/index.php\/wp-json\/wp\/v2\/product_cat?post=3245"},{"taxonomy":"product_tag","embeddable":true,"href":"https:\/\/tecsecmty.com\/index.php\/wp-json\/wp\/v2\/product_tag?post=3245"}],"curies":[{"name":"wp","href":"https:\/\/api.w.org\/{rel}","templated":true}]}}