{"id":3363,"date":"2023-02-23T00:18:42","date_gmt":"2023-02-23T06:18:42","guid":{"rendered":"https:\/\/tecsecmty.com\/index.php\/producto\/dsc-sg-drl5-2l-tarjeta-de-2-lineas-para-recepcion-de-eventos-de-centrales-de-alarma-a-traves-de-red-telefonica-rtc-compatibles-con-receptoras-sg-system-5-soporta-mas-de-150-formatos-de-comunicacio\/"},"modified":"2023-03-22T23:23:24","modified_gmt":"2023-03-23T05:23:24","slug":"dsc-sg-drl5-2l-tarjeta-de-2-lineas-para-recepcion-de-eventos-de-centrales-de-alarma-a-traves-de-red-telefonica-rtc-compatibles-con-receptoras-sg-system-5-soporta-mas-de-150-formatos-de-comunicacio","status":"publish","type":"product","link":"https:\/\/tecsecmty.com\/index.php\/producto\/dsc-sg-drl5-2l-tarjeta-de-2-lineas-para-recepcion-de-eventos-de-centrales-de-alarma-a-traves-de-red-telefonica-rtc-compatibles-con-receptoras-sg-system-5-soporta-mas-de-150-formatos-de-comunicacio\/","title":{"rendered":"DSC SG-DRL5-2L &#8211; Tarjeta de 2 lineas para recepci\u00f3n de eventos de centrales de alarma a traves de red telef\u00f3nica RTC. Compatibles con receptoras SG-System 5. Soporta mas de 150 formatos de comunicaci\u00f3n. Actualizaci\u00f3n de firmware mediante USB."},"content":{"rendered":"<h5 class=\"card-title text-center\">Tarjetas de 2 lineas para recepci\u00f3n de eventos SG-DRL5-2L<\/h5>\n<p>La tarjeta de l\u00ednea PSTN\u00a0SG-DRL5-2L agrega compatibilidad para monitorear un amplia gama de sistemas conectados a la l\u00ednea telef\u00f3nica con soporte para mas de 150 formatos de comunicaci\u00f3n.<\/p>\n<p>Ampliaci\u00f3n de memoria SG-CPM5 y licencias AHS significa que la capacidad del receptor puede escalarse a medida que se agregan mas tarjetas de l\u00ednea.<\/p>\n<h4 class=\"ql-align-justify\"><strong>Beneficios adicionales<\/strong><\/h4>\n<ul>\n<li>Tarjetas actualizables<\/li>\n<\/ul>\n<h4 class=\"ql-align-justify\"><strong>Para que sirve<\/strong><\/h4>\n<ul>\n<li>a trav\u00e9s de la tarjeta\u00a0SG-DRL5, la receptora SYSTEM 5 puede recibir las se\u00f1ales de alarma v\u00eda telef\u00f3nica an\u00e1loga.<\/li>\n<\/ul>\n<h4 class=\"ql-align-justify\"><\/h4>\n<p>Tarjeta de linea telef\u00f3nica an\u00e1loga compatible con SYSTEM 5<\/p>\n<p><strong>SYSTEM 5<\/strong><\/p>\n<p>\u2022 Monitorea hasta 1,474,560 comunicadores IP (Celular o Ethernet) con hasta 24 tarjetas de l\u00ednea IP y claves de licencia de actualizaci\u00f3n<\/p>\n<p>\u2022 Monitoree las cuentas PSTN usando nuestra nueva tarjeta de l\u00ednea dual\u00a0<strong>SG-DRL5-2L<\/strong>, o actualice un receptor existente del Sistema IV a un Sistema 5<\/p>\n<p>usando nuestro SG-DRL5-ADPT para usar las tarjetas de l\u00ednea SG-DRL4-2L en el Sistema 5<\/p>\n<p>\u2022 Funci\u00f3n AHS patentada con hasta 1 mill\u00f3n de cuentas (ampliable mediante licencia) y nuevas opciones de formato y protocolo de enlace bloqueables para un mayor control<\/p>\n<p>\u2022 Admite funciones de verificaci\u00f3n visual para DSC PowerSeries Neo<\/p>\n<p>\u2022 Densidad de cuenta l\u00edder en la industria por rack U para una capacidad m\u00e1xima de 24 tarjetas de l\u00ednea IP o 48 l\u00edneas PSTN en un espacio de 4U<\/p>\n<p>\u2022 Tarjeta de l\u00ednea SG-DRL5-IP con capacidad de hasta 4.096 cuentas IP (512 verificaci\u00f3n visual \/ 512 supervisada \/ 3072 sin supervisi\u00f3n), actualizable hasta 61.440 mediante claves de licencia<\/p>\n<p>\u2022 SG-DRL5-2L agrega capacidad PSTN dual con m\u00e1s de 150 formatos de comunicaci\u00f3n disponibles<\/p>\n<p>\u2022 SG-CPM5 V1.1 agrega 3 nuevos modos de automatizaci\u00f3n: informes divididos, multipuerto y registro<\/p>\n<p>\u2022 La redundancia integrada, incluidos los m\u00f3dulos intercambiables en caliente y la conmutaci\u00f3n autom\u00e1tica para alimentaci\u00f3n y perif\u00e9ricos, elimina el tiempo de inactividad<\/p>\n<p>\u2022 Acceso CMS a archivos de verificaci\u00f3n visual a trav\u00e9s de la consola SG-Systems<\/p>\n<p>\u2022 Actualizaci\u00f3n remota a trav\u00e9s de la consola SG-Systems<\/p>\n<p>\u2022 Estado del sistema mejorado en tiempo real y diagn\u00f3stico de hardware a trav\u00e9s de la consola SG-Systems y la interfaz de pantalla t\u00e1ctil.<\/p>\n<p><strong>Notas adicionales<\/strong><\/p>\n<p>Actualizaciones de software a trav\u00e9s de la consola\u00a0SG-SYSTEM 5<\/p>\n<p><strong>Hardware principal<\/strong><\/p>\n<ul>\n<li>Tarjeta de l\u00ednea &#8211; PSTN (SG-DRL5-2L)<\/li>\n<li>Hasta 2 l\u00edneas \/ tarjeta PSTN<\/li>\n<li>Hasta 64 perfiles \/ tarjetas diferentes con hasta 8 apretones de manos diferentes por perfil<\/li>\n<li>Actualizaciones de software a trav\u00e9s de la consola SG-System 5<\/li>\n<li>Comunicaci\u00f3n compatible hasta 150 formatos, que incluyen: 10-40 baudios, 3\/1, suma de verificaci\u00f3n 4\/2, 3 \/ 1,4 \/ 1, 4\/1 ext. 4\/1 o 3\/2, 4\/2, Express,<\/li>\n<li>\u00a0Acron, Adcor, Ademco Express, Ademco High Speed, Ademco Super Fast, BFSK, ID de contacto, FBI Super Fast, ITI, Modem IIIa2, Modem II, IIA, IIB, IIE, Sescoa Super Speed, SIA 20, SIA 8, SIA I , SIA II, SIA III, SK FSK 1, SK FSK 2, Sur-Gard 4\/2, 4\/3 (Para obtener una lista completa, consulte el Manual de funcionamiento del SG-System 5)<\/li>\n<\/ul>\n<p><img decoding=\"async\" class=\"overview-center-img-web\" src=\"https:\/\/tvc.mx\/media\/33115\/DSC1200038-1.jpg\" alt=\"\" \/><\/p>\n","protected":false},"excerpt":{"rendered":"<p>Tarjetas de 2 lineas para recepci\u00f3n de eventos SG-DRL5-2L La tarjeta de l\u00ednea PSTN\u00a0SG-DRL5-2L agrega compatibilidad para monitorear un amplia gama de sistemas conectados a la l\u00ednea telef\u00f3nica con soporte para mas de 150 formatos de comunicaci\u00f3n. Ampliaci\u00f3n de memoria SG-CPM5 y licencias AHS significa&hellip;<\/p>\n","protected":false},"featured_media":3362,"comment_status":"open","ping_status":"closed","template":"","meta":{"om_disable_all_campaigns":false,"_monsterinsights_skip_tracking":false,"_monsterinsights_sitenote_active":false,"_monsterinsights_sitenote_note":"","_monsterinsights_sitenote_category":0},"product_brand":[],"product_cat":[253],"product_tag":[212,211,151],"class_list":{"0":"post-3363","1":"product","2":"type-product","3":"status-publish","4":"has-post-thumbnail","6":"product_cat-centrales-de-monitoreo-y-complementos","7":"product_tag-alarmas","8":"product_tag-alarmas-e-intrusion","9":"product_tag-seguridad","11":"first","12":"instock","13":"sale","14":"taxable","15":"shipping-taxable","16":"purchasable","17":"product-type-simple"},"aioseo_notices":[],"_links":{"self":[{"href":"https:\/\/tecsecmty.com\/index.php\/wp-json\/wp\/v2\/product\/3363","targetHints":{"allow":["GET"]}}],"collection":[{"href":"https:\/\/tecsecmty.com\/index.php\/wp-json\/wp\/v2\/product"}],"about":[{"href":"https:\/\/tecsecmty.com\/index.php\/wp-json\/wp\/v2\/types\/product"}],"replies":[{"embeddable":true,"href":"https:\/\/tecsecmty.com\/index.php\/wp-json\/wp\/v2\/comments?post=3363"}],"version-history":[{"count":0,"href":"https:\/\/tecsecmty.com\/index.php\/wp-json\/wp\/v2\/product\/3363\/revisions"}],"wp:featuredmedia":[{"embeddable":true,"href":"https:\/\/tecsecmty.com\/index.php\/wp-json\/wp\/v2\/media\/3362"}],"wp:attachment":[{"href":"https:\/\/tecsecmty.com\/index.php\/wp-json\/wp\/v2\/media?parent=3363"}],"wp:term":[{"taxonomy":"product_brand","embeddable":true,"href":"https:\/\/tecsecmty.com\/index.php\/wp-json\/wp\/v2\/product_brand?post=3363"},{"taxonomy":"product_cat","embeddable":true,"href":"https:\/\/tecsecmty.com\/index.php\/wp-json\/wp\/v2\/product_cat?post=3363"},{"taxonomy":"product_tag","embeddable":true,"href":"https:\/\/tecsecmty.com\/index.php\/wp-json\/wp\/v2\/product_tag?post=3363"}],"curies":[{"name":"wp","href":"https:\/\/api.w.org\/{rel}","templated":true}]}}