{"id":3369,"date":"2023-02-23T00:18:46","date_gmt":"2023-02-23T06:18:46","guid":{"rendered":"https:\/\/tecsecmty.com\/index.php\/producto\/dsc-sgcpm5-modulo-central-de-procesamiento-para-system-v\/"},"modified":"2023-03-22T23:23:24","modified_gmt":"2023-03-23T05:23:24","slug":"dsc-sgcpm5-modulo-central-de-procesamiento-para-system-v","status":"publish","type":"product","link":"https:\/\/tecsecmty.com\/index.php\/producto\/dsc-sgcpm5-modulo-central-de-procesamiento-para-system-v\/","title":{"rendered":"DSC SGCPM5 &#8211; Modulo Central de procesamiento para System V"},"content":{"rendered":"<div class=\"row aling-items-center padding-bottom-2x\">\n<div class=\"col-lg-12\">\n<h5 class=\"card-title text-center\">Informaci\u00f3n General<\/h5>\n<p class=\"ql-align-justify\">El modelo sg-cpm5, es el m\u00f3dulo central de procesamiento de la system 5, supervisi\u00f3n continua, cuando el sg-cpm5 primario deja de funcionar entra el sg-cpm5 secundario autom\u00e1ticamente, cuando el sg-cpm5 primario est\u00e1 activo todas las se\u00f1ales salen a la impresora y a la automatizaci\u00f3n, mientras que el secundario est\u00e1 en standby, cuando ocurre el cambio de sg-cpm5 primario al secundario, no se pierden las se\u00f1ales, ya que la tarjeta sg-drl5-ip contin\u00faa recibiendo los eventos.<\/p>\n<p><img decoding=\"async\" class=\"overview-center-img-web\" src=\"https:\/\/tvc.mx\/media\/37095\/banner2.jpg\" alt=\"\" \/><\/div>\n<\/div>\n<div class=\"row align-items-center padding-bottom-2x\">\n<div class=\"col-md-5 order-md-2\"><img decoding=\"async\" class=\"d-block m-auto img-thumbnail\" src=\"https:\/\/tvc.mx\/media\/29477\/400x300.jpg\" alt=\" \" \/><\/div>\n<div class=\"col-md-7 order-md-1 text-md-left text-center\">\n<h2>Informaci\u00f3n Comercial<\/h2>\n<p class=\"text-muted\">\n<p>El modulo central de procesamiento esta dise\u00f1ado para los altos estandares de comunicaci\u00f3n y procesamiento de se\u00f1ales, donde podemos tener una respuesta mas r\u00e1pida y eficiente en el monitoreo.<\/p>\n<p>&nbsp;<\/p>\n<\/div>\n<\/div>\n<hr class=\"padding-bottom-2x\" \/>\n<div class=\"row align-items-center padding-bottom-2x\">\n<div class=\"col-md-5\"><img decoding=\"async\" class=\"d-block m-auto img-thumbnail\" src=\"https:\/\/tvc.mx\/media\/29478\/400x300L.jpg\" alt=\" \" \/><\/div>\n<div class=\"col-md-7 text-md-left text-center\">\n<h2>Principales Caracteristicas<\/h2>\n<p class=\"text-muted\">\n<ul>\n<li>Monitoree hasta 1.474.560 comunicadores IP (celular o Ethernet) con hasta 24 tarjetas de l\u00ednea IP y actualice llaves de licencia<\/li>\n<li>Memoria integrada actualizable para almacenamiento offline de videos de verificaci\u00f3n visual<\/li>\n<li>Compatible con caracter\u00edsticas de verificaci\u00f3n visual para DSC PowerSeries Neo<\/li>\n<li>La m\u00e1s alta densidad de cuentas de la industria por rack U para un tama\u00f1o reducido de 4U en total<\/li>\n<li>Tarjeta de l\u00ednea SG-DRL5-IP con capacidad de hasta 4.096 cuentas IP (512 de verificaci\u00f3n visual\/512 supervisadas\/3.072 no supervisadas), ampliable hasta 61.440 mediante llaves de licencia<\/li>\n<li>Redundancia integrada que elimina p\u00e9rdidas de tiempo<\/li>\n<li>M\u00f3dulos con capacidad de sustituci\u00f3n en caliente (hot swap)<\/li>\n<li>Redundancia de autoconmutaci\u00f3n para alimentaci\u00f3n propia y de perif\u00e9ricos<\/li>\n<li>Acceso CMS para archivos de verificaci\u00f3n visual a trav\u00e9s de SG-Systems Console<\/li>\n<\/ul>\n<\/div>\n<\/div>\n","protected":false},"excerpt":{"rendered":"<p>Informaci\u00f3n General El modelo sg-cpm5, es el m\u00f3dulo central de procesamiento de la system 5, supervisi\u00f3n continua, cuando el sg-cpm5 primario deja de funcionar entra el sg-cpm5 secundario autom\u00e1ticamente, cuando el sg-cpm5 primario est\u00e1 activo todas las se\u00f1ales salen a la impresora y a la&hellip;<\/p>\n","protected":false},"featured_media":3368,"comment_status":"open","ping_status":"closed","template":"","meta":{"om_disable_all_campaigns":false,"_monsterinsights_skip_tracking":false,"_monsterinsights_sitenote_active":false,"_monsterinsights_sitenote_note":"","_monsterinsights_sitenote_category":0},"product_brand":[],"product_cat":[253],"product_tag":[212,211,151],"class_list":{"0":"post-3369","1":"product","2":"type-product","3":"status-publish","4":"has-post-thumbnail","6":"product_cat-centrales-de-monitoreo-y-complementos","7":"product_tag-alarmas","8":"product_tag-alarmas-e-intrusion","9":"product_tag-seguridad","11":"first","12":"instock","13":"sale","14":"taxable","15":"shipping-taxable","16":"purchasable","17":"product-type-simple"},"aioseo_notices":[],"_links":{"self":[{"href":"https:\/\/tecsecmty.com\/index.php\/wp-json\/wp\/v2\/product\/3369","targetHints":{"allow":["GET"]}}],"collection":[{"href":"https:\/\/tecsecmty.com\/index.php\/wp-json\/wp\/v2\/product"}],"about":[{"href":"https:\/\/tecsecmty.com\/index.php\/wp-json\/wp\/v2\/types\/product"}],"replies":[{"embeddable":true,"href":"https:\/\/tecsecmty.com\/index.php\/wp-json\/wp\/v2\/comments?post=3369"}],"version-history":[{"count":0,"href":"https:\/\/tecsecmty.com\/index.php\/wp-json\/wp\/v2\/product\/3369\/revisions"}],"wp:featuredmedia":[{"embeddable":true,"href":"https:\/\/tecsecmty.com\/index.php\/wp-json\/wp\/v2\/media\/3368"}],"wp:attachment":[{"href":"https:\/\/tecsecmty.com\/index.php\/wp-json\/wp\/v2\/media?parent=3369"}],"wp:term":[{"taxonomy":"product_brand","embeddable":true,"href":"https:\/\/tecsecmty.com\/index.php\/wp-json\/wp\/v2\/product_brand?post=3369"},{"taxonomy":"product_cat","embeddable":true,"href":"https:\/\/tecsecmty.com\/index.php\/wp-json\/wp\/v2\/product_cat?post=3369"},{"taxonomy":"product_tag","embeddable":true,"href":"https:\/\/tecsecmty.com\/index.php\/wp-json\/wp\/v2\/product_tag?post=3369"}],"curies":[{"name":"wp","href":"https:\/\/api.w.org\/{rel}","templated":true}]}}