{"id":3375,"date":"2023-02-23T00:18:51","date_gmt":"2023-02-23T06:18:51","guid":{"rendered":"https:\/\/tecsecmty.com\/index.php\/producto\/dsc-sgdrl3e-tarjeta-estandar-de-linea-ce-system-iii\/"},"modified":"2023-03-22T23:23:25","modified_gmt":"2023-03-23T05:23:25","slug":"dsc-sgdrl3e-tarjeta-estandar-de-linea-ce-system-iii","status":"publish","type":"product","link":"https:\/\/tecsecmty.com\/index.php\/producto\/dsc-sgdrl3e-tarjeta-estandar-de-linea-ce-system-iii\/","title":{"rendered":"DSC SGDRL3E &#8211; Tarjeta Estandar de linea CE ( System III )"},"content":{"rendered":"<h5 class=\"card-title text-center\">Informaci\u00f3n General<\/h5>\n<h3><strong>Descripci\u00f3n<\/strong><\/h3>\n<p>SG-DRL3E Cada tarjeta de l\u00ednea SG-DRL3E monitorea una l\u00ednea telef\u00f3nica. Almacena hasta 64 perfiles diferentes para la gesti\u00f3n de datos, incluidos 8 protocolos de protocolo de enlace diferentes. Cada tarjeta de l\u00ednea tiene un b\u00fafer de 512 eventos, para la retenci\u00f3n a corto plazo de las se\u00f1ales.<\/p>\n<h3><strong>Caracter\u00edsticas<\/strong><\/h3>\n<ul data-checked=\"false\">\n<li>L\u00ednea telef\u00f3nica \u00fanica compatible con el SG-System III<\/li>\n<li>Admite el modo puente para el paso de audio bidireccional<\/li>\n<li>Hasta 64 perfiles<\/li>\n<li>Identificador de llamadas patentado y selecci\u00f3n autom\u00e1tica de apret\u00f3n de manos (AHS)<\/li>\n<li>Intercambiables en caliente<\/li>\n<li>8 apretones de manos diferentes por perfil<\/li>\n<li>Pulso, identificaci\u00f3n de contacto, s\u00faper r\u00e1pido, SIA, m\u00f3dem Bosch<\/li>\n<\/ul>\n<p><img decoding=\"async\" class=\"overview-center-img-web\" src=\"https:\/\/tvc.mx\/media\/29605\/principalcomer.jpg\" alt=\"\" \/><\/p>\n","protected":false},"excerpt":{"rendered":"<p>Informaci\u00f3n General Descripci\u00f3n SG-DRL3E Cada tarjeta de l\u00ednea SG-DRL3E monitorea una l\u00ednea telef\u00f3nica. Almacena hasta 64 perfiles diferentes para la gesti\u00f3n de datos, incluidos 8 protocolos de protocolo de enlace diferentes. Cada tarjeta de l\u00ednea tiene un b\u00fafer de 512 eventos, para la retenci\u00f3n a&hellip;<\/p>\n","protected":false},"featured_media":3374,"comment_status":"open","ping_status":"closed","template":"","meta":{"om_disable_all_campaigns":false,"_monsterinsights_skip_tracking":false,"_monsterinsights_sitenote_active":false,"_monsterinsights_sitenote_note":"","_monsterinsights_sitenote_category":0},"product_brand":[],"product_cat":[253],"product_tag":[212,211,151],"class_list":{"0":"post-3375","1":"product","2":"type-product","3":"status-publish","4":"has-post-thumbnail","6":"product_cat-centrales-de-monitoreo-y-complementos","7":"product_tag-alarmas","8":"product_tag-alarmas-e-intrusion","9":"product_tag-seguridad","11":"first","12":"instock","13":"sale","14":"taxable","15":"shipping-taxable","16":"purchasable","17":"product-type-simple"},"aioseo_notices":[],"_links":{"self":[{"href":"https:\/\/tecsecmty.com\/index.php\/wp-json\/wp\/v2\/product\/3375","targetHints":{"allow":["GET"]}}],"collection":[{"href":"https:\/\/tecsecmty.com\/index.php\/wp-json\/wp\/v2\/product"}],"about":[{"href":"https:\/\/tecsecmty.com\/index.php\/wp-json\/wp\/v2\/types\/product"}],"replies":[{"embeddable":true,"href":"https:\/\/tecsecmty.com\/index.php\/wp-json\/wp\/v2\/comments?post=3375"}],"version-history":[{"count":0,"href":"https:\/\/tecsecmty.com\/index.php\/wp-json\/wp\/v2\/product\/3375\/revisions"}],"wp:featuredmedia":[{"embeddable":true,"href":"https:\/\/tecsecmty.com\/index.php\/wp-json\/wp\/v2\/media\/3374"}],"wp:attachment":[{"href":"https:\/\/tecsecmty.com\/index.php\/wp-json\/wp\/v2\/media?parent=3375"}],"wp:term":[{"taxonomy":"product_brand","embeddable":true,"href":"https:\/\/tecsecmty.com\/index.php\/wp-json\/wp\/v2\/product_brand?post=3375"},{"taxonomy":"product_cat","embeddable":true,"href":"https:\/\/tecsecmty.com\/index.php\/wp-json\/wp\/v2\/product_cat?post=3375"},{"taxonomy":"product_tag","embeddable":true,"href":"https:\/\/tecsecmty.com\/index.php\/wp-json\/wp\/v2\/product_tag?post=3375"}],"curies":[{"name":"wp","href":"https:\/\/api.w.org\/{rel}","templated":true}]}}