{"id":3389,"date":"2023-02-23T00:18:59","date_gmt":"2023-02-23T06:18:59","guid":{"rendered":"https:\/\/tecsecmty.com\/index.php\/producto\/dsc-sgpsu3-refaccion-fuente-de-alimentacion-120-vca-60hz-para-system-iii\/"},"modified":"2023-03-22T23:23:25","modified_gmt":"2023-03-23T05:23:25","slug":"dsc-sgpsu3-refaccion-fuente-de-alimentacion-120-vca-60hz-para-system-iii","status":"publish","type":"product","link":"https:\/\/tecsecmty.com\/index.php\/producto\/dsc-sgpsu3-refaccion-fuente-de-alimentacion-120-vca-60hz-para-system-iii\/","title":{"rendered":"DSC SGPSU3 &#8211; Refaccion Fuente de Alimentaci\u00f3n 120 Vca 60Hz para System III"},"content":{"rendered":"<h5 class=\"card-title text-center\">Descripcion<\/h5>\n<p><strong>Descripci\u00f3n comercial<\/strong><\/p>\n<p>Unidad de fuente de alimentaci\u00f3n para la central system iii<\/p>\n<p><strong>Descripci\u00f3n t\u00e9cnica<\/strong><\/p>\n<p>Alimentaci\u00f3n 120 vca, consumo 2.5 a m\u00e1ximo<\/p>\n<p><strong>Beneficios adicionales<\/strong><\/p>\n<p>Funciona como fuente de poder redundante<\/p>\n<p><strong>Para que sirve<\/strong><\/p>\n<p>Proporciona energ\u00eda a todos los m\u00f3dulos del sistema<\/p>\n<p><strong>Compatibilidad<\/strong><\/p>\n<p>Central de monitoreo sg-system iii<\/p>\n<p><strong>Notas adicionales<\/strong><\/p>\n<p>Se requiere un cable de energ\u00eda con conector iec<\/p>\n<p><img decoding=\"async\" class=\"overview-center-img-web\" src=\"https:\/\/tvc.mx\/media\/29561\/SG-PSU3-principalcomer.jpg\" alt=\"\" \/><\/p>\n","protected":false},"excerpt":{"rendered":"<p>Descripcion Descripci\u00f3n comercial Unidad de fuente de alimentaci\u00f3n para la central system iii Descripci\u00f3n t\u00e9cnica Alimentaci\u00f3n 120 vca, consumo 2.5 a m\u00e1ximo Beneficios adicionales Funciona como fuente de poder redundante Para que sirve Proporciona energ\u00eda a todos los m\u00f3dulos del sistema Compatibilidad Central de monitoreo&hellip;<\/p>\n","protected":false},"featured_media":3388,"comment_status":"open","ping_status":"closed","template":"","meta":{"om_disable_all_campaigns":false,"_monsterinsights_skip_tracking":false,"_monsterinsights_sitenote_active":false,"_monsterinsights_sitenote_note":"","_monsterinsights_sitenote_category":0},"product_brand":[],"product_cat":[253],"product_tag":[212,211,151],"class_list":{"0":"post-3389","1":"product","2":"type-product","3":"status-publish","4":"has-post-thumbnail","6":"product_cat-centrales-de-monitoreo-y-complementos","7":"product_tag-alarmas","8":"product_tag-alarmas-e-intrusion","9":"product_tag-seguridad","11":"first","12":"instock","13":"sale","14":"taxable","15":"shipping-taxable","16":"purchasable","17":"product-type-simple"},"aioseo_notices":[],"_links":{"self":[{"href":"https:\/\/tecsecmty.com\/index.php\/wp-json\/wp\/v2\/product\/3389","targetHints":{"allow":["GET"]}}],"collection":[{"href":"https:\/\/tecsecmty.com\/index.php\/wp-json\/wp\/v2\/product"}],"about":[{"href":"https:\/\/tecsecmty.com\/index.php\/wp-json\/wp\/v2\/types\/product"}],"replies":[{"embeddable":true,"href":"https:\/\/tecsecmty.com\/index.php\/wp-json\/wp\/v2\/comments?post=3389"}],"version-history":[{"count":0,"href":"https:\/\/tecsecmty.com\/index.php\/wp-json\/wp\/v2\/product\/3389\/revisions"}],"wp:featuredmedia":[{"embeddable":true,"href":"https:\/\/tecsecmty.com\/index.php\/wp-json\/wp\/v2\/media\/3388"}],"wp:attachment":[{"href":"https:\/\/tecsecmty.com\/index.php\/wp-json\/wp\/v2\/media?parent=3389"}],"wp:term":[{"taxonomy":"product_brand","embeddable":true,"href":"https:\/\/tecsecmty.com\/index.php\/wp-json\/wp\/v2\/product_brand?post=3389"},{"taxonomy":"product_cat","embeddable":true,"href":"https:\/\/tecsecmty.com\/index.php\/wp-json\/wp\/v2\/product_cat?post=3389"},{"taxonomy":"product_tag","embeddable":true,"href":"https:\/\/tecsecmty.com\/index.php\/wp-json\/wp\/v2\/product_tag?post=3389"}],"curies":[{"name":"wp","href":"https:\/\/api.w.org\/{rel}","templated":true}]}}