{"id":3419,"date":"2023-02-23T00:19:22","date_gmt":"2023-02-23T06:19:22","guid":{"rendered":"https:\/\/tecsecmty.com\/index.php\/producto\/softguard-ultra-individual-mensual-suite-de-modulos-aplicaciones-celulares-y-servicios-plan-individual\/"},"modified":"2023-03-22T23:24:26","modified_gmt":"2023-03-23T05:24:26","slug":"softguard-ultra-individual-mensual-suite-de-modulos-aplicaciones-celulares-y-servicios-plan-individual","status":"publish","type":"product","link":"https:\/\/tecsecmty.com\/index.php\/producto\/softguard-ultra-individual-mensual-suite-de-modulos-aplicaciones-celulares-y-servicios-plan-individual\/","title":{"rendered":"Softguard Ultra Individual Mensual &#8211; Suite de m\u00f3dulos, aplicaciones celulares y servicios Plan Individual"},"content":{"rendered":"<h5 class=\"card-title text-center\">SGD2550001<\/h5>\n<h3>SOFTWARE DE MONITOREO SOFTGARD ULTRA<\/h3>\n<h3>INDIVIDUAL MENSUAL<\/h3>\n<p class=\"ql-align-justify\">SoftGuard presenta un software de monitoreo de alarmas unificado que consta de diferentes m\u00f3dulos para fusionar varias tecnolog\u00edas en un n\u00facleo principal. Al introducir aplicaciones innovadoras, la plataforma proporciona al usuario diferentes funciones que van desde informar un evento de alarma hasta notificar un incidente de violencia, incluida la gesti\u00f3n de empleados, alertas con video, ubicaci\u00f3n GPS y mucho m\u00e1s.<\/p>\n<p class=\"ql-align-justify\">Nuestra reputaci\u00f3n de m\u00e1s de 20 a\u00f1os nos avala para mostrar al mundo c\u00f3mo este sistema personalizable \u00fanico aplica la innovaci\u00f3n tecnol\u00f3gica m\u00e1s avanzada para cambiar la seguridad a una nueva realidad.<\/p>\n<h5>CRECIMIENTO ILIMITADO PARA TU SERVICIO DE SEGURIDAD<\/h5>\n<p>En SoftGuard tenemos la convicci\u00f3n que el crecimiento de tu servicio de seguridad y monitoreo no tiene que estar impuesto por las herramientas que son el motor operativo que lo hace posible. Por eso, hemos creado ULTRA. El nuevo servicio que te da acceso a utilizar toda nuestra suite de m\u00f3dulos, aplicaciones celulares y servicios de forma ilimitada.<\/p>\n<ul>\n<li>LICENCIA PRINCIPAL. Llave digital de licencia para tu servidor productivo<\/li>\n<li>LICENCIA DE BACKUP. Llave digital de licencia para tu entorno de respaldo.<\/li>\n<li>CUENTAS. Ilimitadas cuentas de monitoreo<\/li>\n<li>OPERADORES. Ilimitadas terminales de operaci\u00f3n para procesamiento de se\u00f1ales<\/li>\n<\/ul>\n<h3>SUITE DE M\u00d3DULOS<\/h3>\n<p class=\"ql-align-justify\"><strong>La diferencia de ULTRA INDIVIDUAL es que no incluye el m\u00f3dulo WEB DEALER el cual permite segmentar el sistema y poder ser Mayorista de monitoreo.<\/strong><\/p>\n<h5>MONITOREO DE ALARMAS<\/h5>\n<p class=\"ql-align-justify\">Es el coraz\u00f3n operativo de tu central de monitoreo y donde los operadores procesan los eventos en tiempo real y de forma simult\u00e1nea. Recibe las se\u00f1ales de alarma proveniente de todos los v\u00ednculos de comunicaci\u00f3n. Visualiza eventos pendientes de atenci\u00f3n y en proceso. Control de horarios de activaci\u00f3n y desactivaci\u00f3n, m\u00faltiples por d\u00eda. Control de teste autom\u00e1ticos. Control inteligente de falsas alarmas.<\/p>\n<h5>VIDEO VERIFICACI\u00d3N<\/h5>\n<p class=\"ql-align-justify\">Dise\u00f1ado para integrar video y audio a los eventos de alarma recibidos en la estaci\u00f3n central de manera simple e intuitiva, a requerimiento del operador o simplemente siguiendo rutinas de verificaci\u00f3n o control peri\u00f3dico. Las im\u00e1genes ser\u00e1 almacenadas en el sistema para su posterior revisi\u00f3n y auditor\u00eda.<\/p>\n<h5 class=\"ql-align-justify\">SERVICIO T\u00c9CNICO<\/h5>\n<p class=\"ql-align-justify\">Gerencia integralmente el servicio t\u00e9cnico al cliente. Ingresa pedidos de service, programa rutinas de servicio peri\u00f3dico preventivo. Asigna t\u00e9cnicos, m\u00f3viles y materiales. Realiza el control de stock, identifica costos y demoras. Conoce el estado de ejecuci\u00f3n paso a paso y eval\u00faa la productividad de tu equipo de trabajo.<\/p>\n<h5 class=\"ql-align-justify\">ACCESO WEB CLIENTE<\/h5>\n<p class=\"ql-align-justify\">Brinda acceso a los clientes a la informaci\u00f3n de su sistema de seguridad monitoreado. Integra todas la cuentas del cliente en un solo lugar. Permite visualizar datos de contacto, zonas, eventos recibidos, status de services y solicitar im\u00e1genes almacenadas.<\/p>\n<h5 class=\"ql-align-justify\">ACCESO WEB MANAGER<\/h5>\n<p class=\"ql-align-justify\">Tenga una auditoria completa on-line de su sistema de monitoreo mediante gr\u00e1ficos estad\u00edsticos. Analice y audite el desempe\u00f1o de sus operadores. Lleve un control del trafico de se\u00f1ales, alarmas en proceso, cuentas activas, eventos en espera por prioridad, alertas georreferenciadas, evoluci\u00f3n de cuentas en 12 meses, entre otros, de las m\u00e1s de 30 opciones en un entorno 100% grafico y de simple comprensi\u00f3n.<\/p>\n<h5 class=\"ql-align-justify\">LOGGER DE GRABACI\u00d3N LLAMADAS<\/h5>\n<p class=\"ql-align-justify\">Registra las conversaciones durante la atenci\u00f3n de eventos para auditar el desempe\u00f1o de los operadores. Permite la b\u00fasqueda inteligente por fecha, cuenta, operador y si la llamada fue entrante o saliente.<\/p>\n<h5 class=\"ql-align-justify\">TRACKGUARD PARA SEGUIMIENTO GPS<\/h5>\n<p class=\"ql-align-justify\">Permite realizar el seguimiento y monitoreo m\u00f3vil de dispositivos GPS. Ver el posicionamiento en cartograf\u00eda, control de exceso de velocidad y geocercas. Emitir reportes hist\u00f3ricos de y recorrido hist\u00f3rico gr\u00e1fico. Visualizaci\u00f3n por grupos o flotas y env\u00edos de comandos remotos v\u00eda IP y SMS. El motor GIS utiliza cartograf\u00eda digitalizada en formato Google Maps.<\/p>\n<h5 class=\"ql-align-justify\">REPORTE WEB AUTORIDADES<\/h5>\n<p class=\"ql-align-justify\">Los eventos que ingresan al sistema central ser\u00e1n direccionados a las autoridades competentes o bien a centros de monitoreo secundarios (sub-estaciones). La informaci\u00f3n recibida en los terminales remotos a trav\u00e9s del sistema SoftGuard Desktop Web es detallada. Toda acci\u00f3n ejecutada por el operador remoto quedara\u0301 registrada para su auditori\u0301a posterior.<\/p>\n<h5 class=\"ql-align-justify\">CRM VENTAS Y PROMOCI\u00d3N<\/h5>\n<p class=\"ql-align-justify\">Gesti\u00f3n integral de contactos. Permite construir campan\u0303as de marketing, seguimiento de prospectos de ventas, cotizaciones, listas de precios, ofertas, calendario de reuniones, programar visitas de ventas, entre otros. Con CRM podr\u00e1s atraer y ganar nuevos clientes y retener a los actuales, reducir costos de marketing y servicio al cliente. Tambi\u00e9n permite el env\u00edo masivo de mensajes v\u00eda push a los usuarios de la App SmartPanics.<\/p>\n<h5 class=\"ql-align-justify\">MONEYGUARD<\/h5>\n<p class=\"ql-align-justify\">Genera en forma autom\u00e1tica la emisi\u00f3n de facturas o notas fiscales por los servicios prestados al cliente, por rangos de abonados o dealers, por grupos o por tipos de abono, bas\u00e1ndose en tarifas de tabla y de forma peri\u00f3dica seg\u00fan el contrato de cada cliente. Con este sistema, se realiza el seguimiento de las cobranzas, indicando el estado de las cuentas corrientes, abonos, servicios cobrados y por cobrar, reportes de morosidad, incluso con aviso al operador de monitoreo.<\/p>\n<h5 class=\"ql-align-justify\">ACCESOS Y VISITAS<\/h5>\n<p class=\"ql-align-justify\">Permite el control de acceso y gesti\u00f3n de invitados, entregas, servicios y reuniones grupales para cada unidad funcional o lote o apartamento. El invitado o autorizado recibir\u00e1 la invitaci\u00f3n de acceso v\u00eda whatsapp y al presentarse en el p\u00f3rtico de acceso el personal de guardia validar\u00e1 dicha invitaci\u00f3n con la registrada en el sistema SoftGuard habilitando el ingreso al lugar.<\/p>\n<h5 class=\"ql-align-justify\">LANDING PAGE<\/h5>\n<p class=\"ql-align-justify\">One page web para tu servicio SmartPanics lista para operar en pocas horas. Con ella podr\u00e1s incluir contenido de valor para tus pr\u00f3ximos usuarios y automatizar el proceso de alta al servicio, con facilidad para completar el formulario y aceptar t\u00e9rminos. Es personalizable con el nombre del servicio e imagen corporativa que tenga tu organizaci\u00f3n generando enlaces desde tus redes sociales Facebook, Instagram para convertir miles de nuevos usuarios.<\/p>\n<h5 class=\"ql-align-justify\">ADMINISTRACI\u00d3N DE CERCOS<\/h5>\n<p>Permite la administraci\u00f3n de los cercos el\u00e9ctricos para la recepci\u00f3n de eventos y visualizaci\u00f3n en mapa del estado de cada segmento: activado, desactivado, en alarma, falta de alimentaci\u00f3n, estado del tablero abierto o cerrado) En la visualizaci\u00f3n gra\u0301fica se observa el per\u00edmetro del cerco instalado con sus respectivos segmentos y los indicadores de eventos con colores diferenciados para una r\u00e1pida comprensi\u00f3n e identificaci\u00f3n del sector afectado.<\/p>\n<h5 class=\"ql-align-justify\">URL LAUNCHER<\/h5>\n<p class=\"ql-align-justify\">Habilita Links en la plataforma SoftGuard para acceder a aplicaciones externas a la plataforma de monitoreo. Con esta funcionalidad se evita que el operador tenga salir del sistema para realizar consultas o gestiones con otros sitios o sistemas.<\/p>\n<h5 class=\"ql-align-justify\">TODAS NUESTRAS APLICACIONES SIN LIMITE<\/h5>\n<p class=\"ql-align-justify\">Tus prestaciones en la palma de tu mano conectados a millones de usuarios a toda hora y en cualquier lugar. Transforma tus servicios en l\u00ednea junto a la evoluci\u00f3n tecnol\u00f3gica del mundo. Estrecha la relaci\u00f3n con las personas y logra no s\u00f3lo aumentar la empat\u00eda hacia tu organizaci\u00f3n sino tambi\u00e9n multiplicar su alcance de forma exponencial.<\/p>\n<ul>\n<li class=\"ql-align-justify\">SmartPanics<\/li>\n<li class=\"ql-align-justify\">VigiControl<\/li>\n<li class=\"ql-align-justify\">TecGuard<\/li>\n<li class=\"ql-align-justify\">CleanApp<\/li>\n<li class=\"ql-align-justify\">Smarts SMS<\/li>\n<li class=\"ql-align-justify\">C\u00f3digo Violeta<\/li>\n<\/ul>\n<p class=\"ql-align-justify\">Potencia tu central de monitoreo y servicio de seguridad, m\u00e1s all\u00e1 de lo imaginario<\/p>\n<p><img decoding=\"async\" class=\"overview-center-img-web\" src=\"https:\/\/tvc.mx\/media\/367531\/SGD2550003--g.png\" alt=\"\" \/><\/p>\n","protected":false},"excerpt":{"rendered":"<p>SGD2550001 SOFTWARE DE MONITOREO SOFTGARD ULTRA INDIVIDUAL MENSUAL SoftGuard presenta un software de monitoreo de alarmas unificado que consta de diferentes m\u00f3dulos para fusionar varias tecnolog\u00edas en un n\u00facleo principal. Al introducir aplicaciones innovadoras, la plataforma proporciona al usuario diferentes funciones que van desde informar&hellip;<\/p>\n","protected":false},"featured_media":3418,"comment_status":"open","ping_status":"closed","template":"","meta":{"om_disable_all_campaigns":false,"_monsterinsights_skip_tracking":false,"_monsterinsights_sitenote_active":false,"_monsterinsights_sitenote_note":"","_monsterinsights_sitenote_category":0},"product_brand":[],"product_cat":[256],"product_tag":[212,211,151],"class_list":{"0":"post-3419","1":"product","2":"type-product","3":"status-publish","4":"has-post-thumbnail","6":"product_cat-centrales-de-monitoreo-y-complementos-alarmas-softguard","7":"product_tag-alarmas","8":"product_tag-alarmas-e-intrusion","9":"product_tag-seguridad","11":"first","12":"instock","13":"sale","14":"taxable","15":"shipping-taxable","16":"purchasable","17":"product-type-simple"},"aioseo_notices":[],"_links":{"self":[{"href":"https:\/\/tecsecmty.com\/index.php\/wp-json\/wp\/v2\/product\/3419","targetHints":{"allow":["GET"]}}],"collection":[{"href":"https:\/\/tecsecmty.com\/index.php\/wp-json\/wp\/v2\/product"}],"about":[{"href":"https:\/\/tecsecmty.com\/index.php\/wp-json\/wp\/v2\/types\/product"}],"replies":[{"embeddable":true,"href":"https:\/\/tecsecmty.com\/index.php\/wp-json\/wp\/v2\/comments?post=3419"}],"version-history":[{"count":0,"href":"https:\/\/tecsecmty.com\/index.php\/wp-json\/wp\/v2\/product\/3419\/revisions"}],"wp:featuredmedia":[{"embeddable":true,"href":"https:\/\/tecsecmty.com\/index.php\/wp-json\/wp\/v2\/media\/3418"}],"wp:attachment":[{"href":"https:\/\/tecsecmty.com\/index.php\/wp-json\/wp\/v2\/media?parent=3419"}],"wp:term":[{"taxonomy":"product_brand","embeddable":true,"href":"https:\/\/tecsecmty.com\/index.php\/wp-json\/wp\/v2\/product_brand?post=3419"},{"taxonomy":"product_cat","embeddable":true,"href":"https:\/\/tecsecmty.com\/index.php\/wp-json\/wp\/v2\/product_cat?post=3419"},{"taxonomy":"product_tag","embeddable":true,"href":"https:\/\/tecsecmty.com\/index.php\/wp-json\/wp\/v2\/product_tag?post=3419"}],"curies":[{"name":"wp","href":"https:\/\/api.w.org\/{rel}","templated":true}]}}