{"id":3477,"date":"2023-02-23T00:20:04","date_gmt":"2023-02-23T06:20:04","guid":{"rendered":"https:\/\/tecsecmty.com\/index.php\/producto\/dsc-tl280e-neo-comunicador-de-alarma-via-internet-para-panel-hs2032-hs2064-hs2128-con-aplicacion-connectalarm-cer-losprincipales\/"},"modified":"2023-03-22T23:23:26","modified_gmt":"2023-03-23T05:23:26","slug":"dsc-tl280e-neo-comunicador-de-alarma-via-internet-para-panel-hs2032-hs2064-hs2128-con-aplicacion-connectalarm-cer-losprincipales","status":"publish","type":"product","link":"https:\/\/tecsecmty.com\/index.php\/producto\/dsc-tl280e-neo-comunicador-de-alarma-via-internet-para-panel-hs2032-hs2064-hs2128-con-aplicacion-connectalarm-cer-losprincipales\/","title":{"rendered":"DSC TL280E &#8211; NEO Comunicador de Alarma v\u00eda Internet para Panel HS2032 HS2064 HS2128, Con aplicacion \u00abConnectAlarm\u00bb #cer #LosPrincipales"},"content":{"rendered":"<div class=\"row aling-items-center padding-bottom-2x\">\n<div class=\"col-lg-12\">\n<h5 class=\"card-title text-center\">Informcion general<\/h5>\n<h2><u>** Recuerda que para configurar la App Connect Alarm es necesario contar con un teclado alfanum\u00e9rico o bien realizar la configuraci\u00f3n por medio del Software DLS 5. **<\/u><\/h2>\n<p>PowerSeries Neo redefine la seguridad contra intrusi\u00f3n combinando la flexibilidad de un sistema cableado modular con la simplicidad de una amplia gama de dispositivos y perif\u00e9ricos inal\u00e1mbricos, resultando ser el sistema h\u00edbrido m\u00e1s completo disponible en el mercado actual. Esta nueva plataforma excepcionalmente flexible utiliza las insuperables capacidades de PowerG \u2013 la tecnolog\u00eda inal\u00e1mbrica para intrusi\u00f3n l\u00edder en la industria. Las innovadoras soluciones para verificaci\u00f3n de alarma, sumadas a un conjunto de herramientas de software para servicio t\u00e9cnico remoto excepcionalmente amplio, hace que PowerSeries Neo sea la soluci\u00f3n ideal de excelencia para instalaciones residenciales y comerciales escalables.<\/p>\n<p><img decoding=\"async\" class=\"overview-center-img-web\" src=\"https:\/\/tvc.mx\/media\/28867\/banner.png\" alt=\"\" \/><\/div>\n<\/div>\n<div class=\"row align-items-center padding-bottom-2x\">\n<div class=\"col-md-5\"><img decoding=\"async\" class=\"d-block m-auto img-thumbnail\" src=\"https:\/\/tvc.mx\/media\/28860\/OVL1.png\" alt=\" \" \/><\/div>\n<div class=\"col-md-7 text-md-left text-center\">\n<h2>Ventajas de uso<\/h2>\n<p class=\"text-muted\">\n<p>El soporte de programaci\u00f3n y la gesti\u00f3n remota del panel de control ahorran tiempo y dinero<\/p>\n<p class=\"ql-indent-1\">El TL280 ofrece reporte completo de datos y gesti\u00f3n remota para los instaladores, ahorr\u00e1ndo tiempo y reduciendo costos. Con el uso del Software de descarga DLS 5 de DSC, usted puede programar y configurar remotamente el panel de control, cambiar informaci\u00f3n del usuario, descargar registros de historial, generar reportes de estado y de detalles de mantenimiento desde una PC a trav\u00e9s de la conexi\u00f3n de Internet.<\/p>\n<p>Reducci\u00f3n de falsas alarmas<\/p>\n<p class=\"ql-indent-1\">PowerSeries Neo utiliza innovadoras soluciones de verificaci\u00f3n de alarma que cumplen con normas regionales como verificaci\u00f3n visual y detecci\u00f3n secuencial. PowerSeries Neo ofrece el Comunicador de alarma inal\u00e1mbrico v\u00eda Internet TL280 como una herramienta fundamental de verificaci\u00f3n visual que ayuda a reducir los altos costos ocasionados por falsas alarmas y las innecesarias visitas al sitio, permitiendo a la vez un ingreso adicional recurrente al profesional de seguridad.<\/p>\n<\/div>\n<\/div>\n","protected":false},"excerpt":{"rendered":"<p>Informcion general ** Recuerda que para configurar la App Connect Alarm es necesario contar con un teclado alfanum\u00e9rico o bien realizar la configuraci\u00f3n por medio del Software DLS 5. ** PowerSeries Neo redefine la seguridad contra intrusi\u00f3n combinando la flexibilidad de un sistema cableado modular&hellip;<\/p>\n","protected":false},"featured_media":3476,"comment_status":"open","ping_status":"closed","template":"","meta":{"om_disable_all_campaigns":false,"_monsterinsights_skip_tracking":false,"_monsterinsights_sitenote_active":false,"_monsterinsights_sitenote_note":"","_monsterinsights_sitenote_category":0},"product_brand":[],"product_cat":[260],"product_tag":[212,211,151],"class_list":{"0":"post-3477","1":"product","2":"type-product","3":"status-publish","4":"has-post-thumbnail","6":"product_cat-comunicadores-y-transmisores","7":"product_tag-alarmas","8":"product_tag-alarmas-e-intrusion","9":"product_tag-seguridad","11":"first","12":"instock","13":"sale","14":"taxable","15":"shipping-taxable","16":"purchasable","17":"product-type-simple"},"aioseo_notices":[],"_links":{"self":[{"href":"https:\/\/tecsecmty.com\/index.php\/wp-json\/wp\/v2\/product\/3477","targetHints":{"allow":["GET"]}}],"collection":[{"href":"https:\/\/tecsecmty.com\/index.php\/wp-json\/wp\/v2\/product"}],"about":[{"href":"https:\/\/tecsecmty.com\/index.php\/wp-json\/wp\/v2\/types\/product"}],"replies":[{"embeddable":true,"href":"https:\/\/tecsecmty.com\/index.php\/wp-json\/wp\/v2\/comments?post=3477"}],"version-history":[{"count":0,"href":"https:\/\/tecsecmty.com\/index.php\/wp-json\/wp\/v2\/product\/3477\/revisions"}],"wp:featuredmedia":[{"embeddable":true,"href":"https:\/\/tecsecmty.com\/index.php\/wp-json\/wp\/v2\/media\/3476"}],"wp:attachment":[{"href":"https:\/\/tecsecmty.com\/index.php\/wp-json\/wp\/v2\/media?parent=3477"}],"wp:term":[{"taxonomy":"product_brand","embeddable":true,"href":"https:\/\/tecsecmty.com\/index.php\/wp-json\/wp\/v2\/product_brand?post=3477"},{"taxonomy":"product_cat","embeddable":true,"href":"https:\/\/tecsecmty.com\/index.php\/wp-json\/wp\/v2\/product_cat?post=3477"},{"taxonomy":"product_tag","embeddable":true,"href":"https:\/\/tecsecmty.com\/index.php\/wp-json\/wp\/v2\/product_tag?post=3477"}],"curies":[{"name":"wp","href":"https:\/\/api.w.org\/{rel}","templated":true}]}}