{"id":3483,"date":"2023-02-23T00:20:14","date_gmt":"2023-02-23T06:20:14","guid":{"rendered":"https:\/\/tecsecmty.com\/index.php\/producto\/dsc-tl880leatlat-n-neo-comunicador-alarm-com-para-neo\/"},"modified":"2023-03-22T23:23:26","modified_gmt":"2023-03-23T05:23:26","slug":"dsc-tl880leatlat-n-neo-comunicador-alarm-com-para-neo","status":"publish","type":"product","link":"https:\/\/tecsecmty.com\/index.php\/producto\/dsc-tl880leatlat-n-neo-comunicador-alarm-com-para-neo\/","title":{"rendered":"DSC TL880LEATLAT N &#8211; NEO Comunicador Alarm.com para Neo"},"content":{"rendered":"<h5 class=\"card-title text-center\">DSC TL8880LEAT-LAT N<\/h5>\n<h2><strong>TL8880LEAT-LAT N<\/strong><\/h2>\n<p>El m\u00f3dulo HSPA \/ CDMA permite reportes inal\u00e1mbricos de todas las alarmas y otros eventos del sistema del panel de control Neo de DSC utilizando un red inal\u00e1mbrica (celular) HSPA \/CDMA, completamente digital. el m\u00f3dulo puede ser utilizado como ruta de comunicaci\u00f3n primaria para todas las se\u00f1ales de alarma o como copia de seguridad de una conexi\u00f3n telef\u00f3nica a la estaci\u00f3n central de monitoreo. el servicio de se\u00f1alizaci\u00f3n y enrutamiento de alarma inal\u00e1mbrica es operador por Alarma.com.<\/p>\n<p>El m\u00f3dulo HSPA \/ CDMA tambi\u00e9n cuenta con soporte integrado para la soluci\u00f3n de automatizaci\u00f3n del hogar de alarm.com con capacidades de Z-wave incorporadas.<\/p>\n<p>Caracter\u00edsticas generales<\/p>\n<ul>\n<li>Encriptaci\u00f3n de 128-bit AES v\u00eda celular e internet (certificado n\u00famero 3162 de validaci\u00f3n de NIST).<\/li>\n<li>Comunicaci\u00f3n de alarma de respaldo o principal v\u00eda celular.<\/li>\n<li>Cambia autom\u00e1ticamente a 3G (EDGE\/GPRS) si el servicio HSPA (4G) esta disponible o LTE<\/li>\n<li>Informa completo de eventos a la estaci\u00f3n central (homologado para UL\/ULC)<\/li>\n<li>Transmisi\u00f3n de prueba peri\u00f3dica de celular<\/li>\n<li>Enrutamiento de llamada integrada.<\/li>\n<li>Capacidad de actualizaci\u00f3n remota del firmware del comunicador y del firmware del panel v\u00eda celular.<\/li>\n<li>Conexi\u00f3n PC-LINK<\/li>\n<li>Etiquetas programables<\/li>\n<li>Formatos SIA y CDI (identificador de contactos) soportados.<\/li>\n<li>Pantalla LED de intensidad de se\u00f1al y problemas.<\/li>\n<li>Tarjeta de modulo de identidad de se\u00f1al y problemas.<\/li>\n<li>Tarjeta de modulo de identidad del suscriptor (SIM) incluida con el comunicador.<\/li>\n<li>Se\u00f1ales de monitoreo de supervisi\u00f3n enviada v\u00eda celular.<\/li>\n<li>Capacidad de audio bidireccional si se usa de audio HSM2955(R)<\/li>\n<li>Kits de extensi\u00f3n de antena disponibles: GS-15ANTQ, GS-25ANTQ, GS-50ANTQ<\/li>\n<li>Intensidad de la se\u00f1al y visualizaci\u00f3n de problemas<\/li>\n<li>Conexi\u00f3n PC-Link<\/li>\n<li>Compatible con paneles de control HS2016 \/ HS2032 \/ HS2064 \/ HS2128<\/li>\n<li>Compatible con los receptores de estaci\u00f3n de monitoreo Sur-Gard System I-IP \/ II \/ III \/ IV \/ 5<\/li>\n<\/ul>\n","protected":false},"excerpt":{"rendered":"<p>DSC TL8880LEAT-LAT N TL8880LEAT-LAT N El m\u00f3dulo HSPA \/ CDMA permite reportes inal\u00e1mbricos de todas las alarmas y otros eventos del sistema del panel de control Neo de DSC utilizando un red inal\u00e1mbrica (celular) HSPA \/CDMA, completamente digital. el m\u00f3dulo puede ser utilizado como ruta&hellip;<\/p>\n","protected":false},"featured_media":3482,"comment_status":"open","ping_status":"closed","template":"","meta":{"om_disable_all_campaigns":false,"_monsterinsights_skip_tracking":false,"_monsterinsights_sitenote_active":false,"_monsterinsights_sitenote_note":"","_monsterinsights_sitenote_category":0},"product_brand":[],"product_cat":[260],"product_tag":[212,211,151],"class_list":{"0":"post-3483","1":"product","2":"type-product","3":"status-publish","4":"has-post-thumbnail","6":"product_cat-comunicadores-y-transmisores","7":"product_tag-alarmas","8":"product_tag-alarmas-e-intrusion","9":"product_tag-seguridad","11":"first","12":"instock","13":"sale","14":"taxable","15":"shipping-taxable","16":"purchasable","17":"product-type-simple"},"aioseo_notices":[],"_links":{"self":[{"href":"https:\/\/tecsecmty.com\/index.php\/wp-json\/wp\/v2\/product\/3483","targetHints":{"allow":["GET"]}}],"collection":[{"href":"https:\/\/tecsecmty.com\/index.php\/wp-json\/wp\/v2\/product"}],"about":[{"href":"https:\/\/tecsecmty.com\/index.php\/wp-json\/wp\/v2\/types\/product"}],"replies":[{"embeddable":true,"href":"https:\/\/tecsecmty.com\/index.php\/wp-json\/wp\/v2\/comments?post=3483"}],"version-history":[{"count":0,"href":"https:\/\/tecsecmty.com\/index.php\/wp-json\/wp\/v2\/product\/3483\/revisions"}],"wp:featuredmedia":[{"embeddable":true,"href":"https:\/\/tecsecmty.com\/index.php\/wp-json\/wp\/v2\/media\/3482"}],"wp:attachment":[{"href":"https:\/\/tecsecmty.com\/index.php\/wp-json\/wp\/v2\/media?parent=3483"}],"wp:term":[{"taxonomy":"product_brand","embeddable":true,"href":"https:\/\/tecsecmty.com\/index.php\/wp-json\/wp\/v2\/product_brand?post=3483"},{"taxonomy":"product_cat","embeddable":true,"href":"https:\/\/tecsecmty.com\/index.php\/wp-json\/wp\/v2\/product_cat?post=3483"},{"taxonomy":"product_tag","embeddable":true,"href":"https:\/\/tecsecmty.com\/index.php\/wp-json\/wp\/v2\/product_tag?post=3483"}],"curies":[{"name":"wp","href":"https:\/\/api.w.org\/{rel}","templated":true}]}}