{"id":3485,"date":"2023-02-23T00:20:15","date_gmt":"2023-02-23T06:20:15","guid":{"rendered":"https:\/\/tecsecmty.com\/index.php\/producto\/dsc-tlinktl250-comunicador-ip-encriptado-para-maxsys\/"},"modified":"2023-03-22T23:23:26","modified_gmt":"2023-03-23T05:23:26","slug":"dsc-tlinktl250-comunicador-ip-encriptado-para-maxsys","status":"publish","type":"product","link":"https:\/\/tecsecmty.com\/index.php\/producto\/dsc-tlinktl250-comunicador-ip-encriptado-para-maxsys\/","title":{"rendered":"DSC TLINKTL250 &#8211; Comunicador IP Encriptado para MAXSYS"},"content":{"rendered":"<h5 class=\"card-title text-center\">Informaci\u00f3n General<\/h5>\n<h3><strong>Descripci\u00f3n<\/strong><\/h3>\n<p>Los modulos T-Link TL250 son comunicadores de red en la internet que envian informaci\u00f3n del sistema de alarma a un receptor en la estaci\u00f3n central. El m\u00f3dulo es previamente programado con las configuraciones utilizadas m\u00e1s com\u00fanmente para la instalaci\u00f3n r\u00e1pida. Las opciones est\u00e1ndar pueden programarse de forma personalizada utilizando el software T-Link Console, en su caso.<\/p>\n<h3><strong>Beneficios adicionales<\/strong><\/h3>\n<p>Para asegurarse una perfecta comunicaci\u00f3n en el tiempo adecuado, el m\u00f3dulo TL250 es capaz de enviar los eventos del sistema a dos direcciones IP distintas, de la misma manera el m\u00f3dulo TL250 puede ser programado para el envio de eventos a dos cuentas de E-mail distintos.<\/p>\n<p>Para que sirve<\/p>\n<p>El m\u00f3dulo TL250 ofrece de la misma manera una reducci\u00f3n de los gastos de comunicaci\u00f3n del cliente, ya que todos los eventos ser\u00e1n enviados a trav\u00e9s de internet por medio de la LAN\/WAN.<\/p>\n<h3><strong>Caracter\u00edsticas<\/strong><\/h3>\n<ul data-checked=\"false\">\n<li>Compatible con centrales Power864MF y centrales de gama MAXSYS\u00ae a trav\u00e9s del conector PC-LINK, de la misma manera tambi\u00e9n puede funcionar de manera aut\u00f3noma con todos los paneles de intrusi\u00f3n e incendio del mercado<\/li>\n<li>Supervisi\u00f3n contin\u00faa del modulo a trav\u00e9s de l\u00ednea IP<\/li>\n<li>Funcionamiento a trav\u00e9s de LAN\/WAN o a trav\u00e9s de Internet<\/li>\n<li>Encriptaci\u00f3n de datos con tecnolog\u00eda 128 bits AES<\/li>\n<li>Compatible con tecnolog\u00eda DHCP (IP din\u00e1micas)<\/li>\n<li>Envi\u00f3 de eventos a 2 direcciones IP diferentes<\/li>\n<li>Respaldo de eventos a trav\u00e9s de l\u00ednea telef\u00f3nica anal\u00f3gica o GSM<\/li>\n<li>Poco requerimiento de ancho de banda (90 bites)<\/li>\n<li>Compatible con redes base 10\/100<\/li>\n<li>4 Entradas en la placa principal (expandibles a 12 a trav\u00e9s del expansor de zona PC5108)<\/li>\n<li>2 salidas de bajo voltaje programables<\/li>\n<li>Programable a trav\u00e9s del teclado del sistema o a trav\u00e9s del T-LINK software<\/li>\n<li>Actualizaci\u00f3n del fimware remoto a trav\u00e9s de Internet<\/li>\n<li>Programaci\u00f3n completa del panel a trav\u00e9s del software DLS2002SA<\/li>\n<li>UL AA Linea-Alta de Securidad y Listado en ULC Nivel 3\/4\/5<\/li>\n<\/ul>\n<p><img decoding=\"async\" class=\"overview-center-img-web\" src=\"https:\/\/tvc.mx\/media\/29615\/principalcomer.jpg\" alt=\"\" \/><\/p>\n","protected":false},"excerpt":{"rendered":"<p>Informaci\u00f3n General Descripci\u00f3n Los modulos T-Link TL250 son comunicadores de red en la internet que envian informaci\u00f3n del sistema de alarma a un receptor en la estaci\u00f3n central. El m\u00f3dulo es previamente programado con las configuraciones utilizadas m\u00e1s com\u00fanmente para la instalaci\u00f3n r\u00e1pida. Las opciones&hellip;<\/p>\n","protected":false},"featured_media":3484,"comment_status":"open","ping_status":"closed","template":"","meta":{"om_disable_all_campaigns":false,"_monsterinsights_skip_tracking":false,"_monsterinsights_sitenote_active":false,"_monsterinsights_sitenote_note":"","_monsterinsights_sitenote_category":0},"product_brand":[],"product_cat":[260],"product_tag":[212,211,151],"class_list":{"0":"post-3485","1":"product","2":"type-product","3":"status-publish","4":"has-post-thumbnail","6":"product_cat-comunicadores-y-transmisores","7":"product_tag-alarmas","8":"product_tag-alarmas-e-intrusion","9":"product_tag-seguridad","11":"first","12":"instock","13":"sale","14":"taxable","15":"shipping-taxable","16":"purchasable","17":"product-type-simple"},"aioseo_notices":[],"_links":{"self":[{"href":"https:\/\/tecsecmty.com\/index.php\/wp-json\/wp\/v2\/product\/3485","targetHints":{"allow":["GET"]}}],"collection":[{"href":"https:\/\/tecsecmty.com\/index.php\/wp-json\/wp\/v2\/product"}],"about":[{"href":"https:\/\/tecsecmty.com\/index.php\/wp-json\/wp\/v2\/types\/product"}],"replies":[{"embeddable":true,"href":"https:\/\/tecsecmty.com\/index.php\/wp-json\/wp\/v2\/comments?post=3485"}],"version-history":[{"count":0,"href":"https:\/\/tecsecmty.com\/index.php\/wp-json\/wp\/v2\/product\/3485\/revisions"}],"wp:featuredmedia":[{"embeddable":true,"href":"https:\/\/tecsecmty.com\/index.php\/wp-json\/wp\/v2\/media\/3484"}],"wp:attachment":[{"href":"https:\/\/tecsecmty.com\/index.php\/wp-json\/wp\/v2\/media?parent=3485"}],"wp:term":[{"taxonomy":"product_brand","embeddable":true,"href":"https:\/\/tecsecmty.com\/index.php\/wp-json\/wp\/v2\/product_brand?post=3485"},{"taxonomy":"product_cat","embeddable":true,"href":"https:\/\/tecsecmty.com\/index.php\/wp-json\/wp\/v2\/product_cat?post=3485"},{"taxonomy":"product_tag","embeddable":true,"href":"https:\/\/tecsecmty.com\/index.php\/wp-json\/wp\/v2\/product_tag?post=3485"}],"curies":[{"name":"wp","href":"https:\/\/api.w.org\/{rel}","templated":true}]}}