{"id":3491,"date":"2023-02-23T00:20:21","date_gmt":"2023-02-23T06:20:21","guid":{"rendered":"https:\/\/tecsecmty.com\/index.php\/producto\/alarm-com-adcv723-camara-ip-fija-para-exterior-1080p-wdr-wifi-compatible-con-aplicacion-de-alarm-com\/"},"modified":"2023-03-22T23:20:51","modified_gmt":"2023-03-23T05:20:51","slug":"alarm-com-adcv723-camara-ip-fija-para-exterior-1080p-wdr-wifi-compatible-con-aplicacion-de-alarm-com","status":"publish","type":"product","link":"https:\/\/tecsecmty.com\/index.php\/producto\/alarm-com-adcv723-camara-ip-fija-para-exterior-1080p-wdr-wifi-compatible-con-aplicacion-de-alarm-com\/","title":{"rendered":"ALARM.COM ADCV723 &#8211; C\u00e1mara IP Fija Para Exterior 1080P WDR WiFi Compatible Con Aplicaci\u00f3n De Alarm.Com"},"content":{"rendered":"<div class=\"row aling-items-center padding-bottom-2x\">\n<div class=\"col-lg-12\">\n<h5 class=\"card-title text-center\">Informaci\u00f3n General<\/h5>\n<p class=\"ql-align-justify\">C\u00e1mara de v\u00eddeo WI-FI para exteriores de 1080p con HDR Obt\u00e9n alertas de v\u00eddeo m\u00e1s inteligentes y v\u00eddeos en directo y grabados de alta calidad con el ADC-V723. Potente an\u00e1lisis de video puede detectar y alertar a personas, veh\u00edculos y animales que ingresan a su propiedad. Con un amplio campo de visi\u00f3n, visi\u00f3n nocturna y alto rango din\u00e1mico (HDR), el ADC-V723 le permite ver lo que es importante, independientemente de la hora del d\u00eda o las condiciones de iluminaci\u00f3n. Grabadora de video en streaming para sistema de seguridad de grabaci\u00f3n local 24\/7 para alarmas basadas en la nube y grabaciones de clips activadas por sensor (se requiere hardware adicional). Caracter\u00edsticas: campo de visi\u00f3n de 117\u00b0 de alto rango din\u00e1mico (HDR) Wi-Fi (2.4 o 5 GHz) impermeable y resistente al polvo Accesorios incluidos Adaptador de corriente Hardware de montaje Gu\u00eda LED Estado LED estado problema estado estado de f\u00e1brica LED apagado intermitente rojo intermitente verde s\u00f3lido parpadeo azul parpadeante blanco s\u00f3lido rojo liso rojo alternado y verde Descripci\u00f3n: Apagado arranque de la c\u00e1mara Red local de arranque Conexi\u00f3n Modo WPS Modo de punto de acceso Wi-Fi Sin conexi\u00f3n local o a Internet C\u00e1mara restablecer al predeterminado de f\u00e1brica.<\/p>\n<p><img decoding=\"async\" class=\"overview-center-img-web\" src=\"https:\/\/tvc.mx\/media\/482228\/ADC-723-G.png\" alt=\"\" \/><\/div>\n<\/div>\n<div class=\"row align-items-center padding-bottom-2x\">\n<div class=\"col-md-5\"><img decoding=\"async\" class=\"d-block m-auto img-thumbnail\" src=\"https:\/\/tvc.mx\/media\/482276\/ADC-723-B.png\" alt=\" \" \/><\/div>\n<div class=\"col-md-7 text-md-left text-center\">\n<h2>Caracter\u00edsticas<\/h2>\n<p class=\"text-muted\">\n<ul>\n<li><strong>Compresi\u00f3n de grabaci\u00f3n:<\/strong>\u00a0H.264<\/li>\n<li><strong>Nivel de protecci\u00f3n:<\/strong>\u00a0IP66<\/li>\n<li><strong>M\u00e1xima resoluci\u00f3n:<\/strong>\u00a01920 X 1080<\/li>\n<li><strong>Sensor de imagen:<\/strong>\u00a01\/2.7&#8243; CMOS, 2.1 MP, 1920 X 1080<\/li>\n<li><strong>Lente\/\u00e1ngulo de visi\u00f3n:<\/strong>\u00a03.0 mm, F2.0, 117\u00b0<\/li>\n<li><strong>Sensibilidad a la luz baja:<\/strong>\u00a00 Lux con IR<\/li>\n<li><strong>Rango de IR:<\/strong>\u00a0Hasta 12 m<\/li>\n<li><strong>Ajustes de imagen:<\/strong>\u00a0Voltear, brillo, contraste, saturaci\u00f3n, nitidez, exposici\u00f3n<\/li>\n<li><strong>Conectividad inal\u00e1mbrica:<\/strong>\u00a0802.11 b\/g\/n, 2.4 &amp; 5 GHz<\/li>\n<li><strong>Temperatura de funcionamiento:<\/strong>\u00a0-25\u00b0C a 45\u00b0C<\/li>\n<li><strong>Humedad de funcionamiento:<\/strong>\u00a0&lt;95% sin condensaci\u00f3n<\/li>\n<li><strong>Dimensiones (L x W x H):<\/strong>\u00a02.5 x 2.5 x 4.5&#8243; (6.4 x 6.4 x 11.4 cm)<\/li>\n<li><strong>Energ\u00eda:<\/strong>\u00a012 V &#8211; 1A DC adaptador de corriente incluido<\/li>\n<\/ul>\n<p>&nbsp;<\/p>\n<\/div>\n<\/div>\n","protected":false},"excerpt":{"rendered":"<p>Informaci\u00f3n General C\u00e1mara de v\u00eddeo WI-FI para exteriores de 1080p con HDR Obt\u00e9n alertas de v\u00eddeo m\u00e1s inteligentes y v\u00eddeos en directo y grabados de alta calidad con el ADC-V723. Potente an\u00e1lisis de video puede detectar y alertar a personas, veh\u00edculos y animales que ingresan&hellip;<\/p>\n","protected":false},"featured_media":3490,"comment_status":"open","ping_status":"closed","template":"","meta":{"om_disable_all_campaigns":false,"_monsterinsights_skip_tracking":false,"_monsterinsights_sitenote_active":false,"_monsterinsights_sitenote_note":"","_monsterinsights_sitenote_category":0},"product_brand":[],"product_cat":[261],"product_tag":[212,211,151],"class_list":{"0":"post-3491","1":"product","2":"type-product","3":"status-publish","4":"has-post-thumbnail","6":"product_cat-camaras-videoverificacion","7":"product_tag-alarmas","8":"product_tag-alarmas-e-intrusion","9":"product_tag-seguridad","11":"first","12":"instock","13":"sale","14":"taxable","15":"shipping-taxable","16":"purchasable","17":"product-type-simple"},"aioseo_notices":[],"_links":{"self":[{"href":"https:\/\/tecsecmty.com\/index.php\/wp-json\/wp\/v2\/product\/3491","targetHints":{"allow":["GET"]}}],"collection":[{"href":"https:\/\/tecsecmty.com\/index.php\/wp-json\/wp\/v2\/product"}],"about":[{"href":"https:\/\/tecsecmty.com\/index.php\/wp-json\/wp\/v2\/types\/product"}],"replies":[{"embeddable":true,"href":"https:\/\/tecsecmty.com\/index.php\/wp-json\/wp\/v2\/comments?post=3491"}],"version-history":[{"count":0,"href":"https:\/\/tecsecmty.com\/index.php\/wp-json\/wp\/v2\/product\/3491\/revisions"}],"wp:featuredmedia":[{"embeddable":true,"href":"https:\/\/tecsecmty.com\/index.php\/wp-json\/wp\/v2\/media\/3490"}],"wp:attachment":[{"href":"https:\/\/tecsecmty.com\/index.php\/wp-json\/wp\/v2\/media?parent=3491"}],"wp:term":[{"taxonomy":"product_brand","embeddable":true,"href":"https:\/\/tecsecmty.com\/index.php\/wp-json\/wp\/v2\/product_brand?post=3491"},{"taxonomy":"product_cat","embeddable":true,"href":"https:\/\/tecsecmty.com\/index.php\/wp-json\/wp\/v2\/product_cat?post=3491"},{"taxonomy":"product_tag","embeddable":true,"href":"https:\/\/tecsecmty.com\/index.php\/wp-json\/wp\/v2\/product_tag?post=3491"}],"curies":[{"name":"wp","href":"https:\/\/api.w.org\/{rel}","templated":true}]}}