{"id":3493,"date":"2023-02-23T00:20:22","date_gmt":"2023-02-23T06:20:22","guid":{"rendered":"https:\/\/tecsecmty.com\/index.php\/producto\/risco-rvcm11w-cube-cam-camara-ip-720-p-audio-bidireccional-wi-fi-plug-play-color-hd-para-video-verificacion-risco-cloud\/"},"modified":"2023-03-22T23:23:48","modified_gmt":"2023-03-23T05:23:48","slug":"risco-rvcm11w-cube-cam-camara-ip-720-p-audio-bidireccional-wi-fi-plug-play-color-hd-para-video-verificacion-risco-cloud","status":"publish","type":"product","link":"https:\/\/tecsecmty.com\/index.php\/producto\/risco-rvcm11w-cube-cam-camara-ip-720-p-audio-bidireccional-wi-fi-plug-play-color-hd-para-video-verificacion-risco-cloud\/","title":{"rendered":"RISCO RVCM11W CUBE CAM &#8211; C\u00e1mara IP 720 P Audio Bidireccional WI-FI PLUG &amp; PLAY Color HD Para Video-Verificaci\u00f3n RISCO CLOUD"},"content":{"rendered":"<div class=\"row align-items-center padding-bottom-2x\">\n<div class=\"col-md-5\"><img decoding=\"async\" class=\"d-block m-auto img-thumbnail\" src=\"https:\/\/tvc.mx\/media\/356591\/RISCO-RVCM11W-CUBE-CAM-C%C3%A1mara-IP720-P-Audio-Bidireccional-WI-FI-PLUG-%26-PLAY-Color-HD-Para-Video-Verificaci%C3%B3n-RISCO-CLOUD-322-%282%29.png\" alt=\" \" \/><\/div>\n<div class=\"col-md-7 text-md-left text-center\">\n<h2>Caracter\u00edsticas<\/h2>\n<p class=\"text-muted\">\n<ul>\n<li>Instalaci\u00f3n sencilla Plug&amp;Play<\/li>\n<li>Resoluci\u00f3n 1.3 Megapixel<\/li>\n<li>Color en HD<\/li>\n<li>D\u00eda\/Noche DWDR (ICR), 3DNR, AWB, AGC, BLC<\/li>\n<li>Leds blancos con alcance de 10 metros<\/li>\n<li>WiFi integrado. Audio 2 v\u00edas<\/li>\n<\/ul>\n<p>&nbsp;<\/p>\n<\/div>\n<\/div>\n<hr class=\"padding-bottom-2x\" \/>\n<div class=\"row aling-items-center padding-bottom-2x\">\n<div class=\"col-lg-12\">\n<h5 class=\"card-title text-center\">Descripci\u00f3n<\/h5>\n<p class=\"ql-align-justify\">RISCO Group presenta VUpoint, una revolucionaria soluci\u00f3n de videoverificaci\u00f3n que integra f\u00e1cilmente c\u00e1maras IP con los sistemas de seguridad profesional de RISCO. Impulsado por RISCO Cloud (Servidor de la aplicaci\u00f3n RISCO), VUpoint proporciona un nivel de seguridad y videoverificaci\u00f3n en vivo sin precedentes para centrales receptoras y usuarios finales por igual. La c\u00e1mara IP Cube de interior de RISCO es una parte importante de esta soluci\u00f3n y se puede controlar f\u00e1cilmente a trav\u00e9s de aplicaciones web y dispositivos m\u00f3viles.<\/p>\n<\/div>\n<\/div>\n","protected":false},"excerpt":{"rendered":"<p>Caracter\u00edsticas Instalaci\u00f3n sencilla Plug&amp;Play Resoluci\u00f3n 1.3 Megapixel Color en HD D\u00eda\/Noche DWDR (ICR), 3DNR, AWB, AGC, BLC Leds blancos con alcance de 10 metros WiFi integrado. Audio 2 v\u00edas &nbsp; Descripci\u00f3n RISCO Group presenta VUpoint, una revolucionaria soluci\u00f3n de videoverificaci\u00f3n que integra f\u00e1cilmente c\u00e1maras IP&hellip;<\/p>\n","protected":false},"featured_media":3492,"comment_status":"open","ping_status":"closed","template":"","meta":{"om_disable_all_campaigns":false,"_monsterinsights_skip_tracking":false,"_monsterinsights_sitenote_active":false,"_monsterinsights_sitenote_note":"","_monsterinsights_sitenote_category":0},"product_brand":[],"product_cat":[262],"product_tag":[212,211,151],"class_list":{"0":"post-3493","1":"product","2":"type-product","3":"status-publish","4":"has-post-thumbnail","6":"product_cat-camaras-videoverificacion-alarmas-risco","7":"product_tag-alarmas","8":"product_tag-alarmas-e-intrusion","9":"product_tag-seguridad","11":"first","12":"instock","13":"sale","14":"taxable","15":"shipping-taxable","16":"purchasable","17":"product-type-simple"},"aioseo_notices":[],"_links":{"self":[{"href":"https:\/\/tecsecmty.com\/index.php\/wp-json\/wp\/v2\/product\/3493","targetHints":{"allow":["GET"]}}],"collection":[{"href":"https:\/\/tecsecmty.com\/index.php\/wp-json\/wp\/v2\/product"}],"about":[{"href":"https:\/\/tecsecmty.com\/index.php\/wp-json\/wp\/v2\/types\/product"}],"replies":[{"embeddable":true,"href":"https:\/\/tecsecmty.com\/index.php\/wp-json\/wp\/v2\/comments?post=3493"}],"version-history":[{"count":0,"href":"https:\/\/tecsecmty.com\/index.php\/wp-json\/wp\/v2\/product\/3493\/revisions"}],"wp:featuredmedia":[{"embeddable":true,"href":"https:\/\/tecsecmty.com\/index.php\/wp-json\/wp\/v2\/media\/3492"}],"wp:attachment":[{"href":"https:\/\/tecsecmty.com\/index.php\/wp-json\/wp\/v2\/media?parent=3493"}],"wp:term":[{"taxonomy":"product_brand","embeddable":true,"href":"https:\/\/tecsecmty.com\/index.php\/wp-json\/wp\/v2\/product_brand?post=3493"},{"taxonomy":"product_cat","embeddable":true,"href":"https:\/\/tecsecmty.com\/index.php\/wp-json\/wp\/v2\/product_cat?post=3493"},{"taxonomy":"product_tag","embeddable":true,"href":"https:\/\/tecsecmty.com\/index.php\/wp-json\/wp\/v2\/product_tag?post=3493"}],"curies":[{"name":"wp","href":"https:\/\/api.w.org\/{rel}","templated":true}]}}