{"id":3509,"date":"2023-02-23T00:20:40","date_gmt":"2023-02-23T06:20:40","guid":{"rendered":"https:\/\/tecsecmty.com\/index.php\/producto\/bosch-i_d192g-modulo-nac-para-series-bg\/"},"modified":"2023-03-22T23:21:20","modified_gmt":"2023-03-23T05:21:20","slug":"bosch-i_d192g-modulo-nac-para-series-bg","status":"publish","type":"product","link":"https:\/\/tecsecmty.com\/index.php\/producto\/bosch-i_d192g-modulo-nac-para-series-bg\/","title":{"rendered":"BOSCH I_D192G- MODULO NAC PARA SERIES BG"},"content":{"rendered":"<div class=\"row aling-items-center padding-bottom-2x\">\n<div class=\"col-lg-12\">\n<h5 class=\"card-title text-center\">Modulo de circuito de dispositivo de notificaci\u00f3n (NAC) D192G<\/h5>\n<p class=\"ql-align-justify\">\n<p><img decoding=\"async\" class=\"overview-center-img-web\" src=\"https:\/\/tvc.mx\/media\/75372\/Logoopaginas-oficial-1920x400.png\" alt=\"\" \/><\/div>\n<\/div>\n<div class=\"row align-items-center padding-bottom-2x\">\n<div class=\"col-md-5\"><img decoding=\"async\" class=\"d-block m-auto img-thumbnail\" src=\"https:\/\/tvc.mx\/media\/75351\/D192G.comfig5.png\" alt=\" \" \/><\/div>\n<div class=\"col-md-7 text-md-left text-center\">\n<h2>Resumen del sistema<\/h2>\n<p class=\"text-muted\">\n<p class=\"ql-align-justify\"><strong>Este m\u00f3dulo se utiliza para el cableado de conexiones a remoto.<\/strong><\/p>\n<p class=\"ql-align-justify\"><strong>Dispositivos de se\u00f1alizaci\u00f3n. Puedes conectar hasta doce D192G m\u00f3dulos para el mismo sistema en compatibles paneles de control.<\/strong>\u00a0El cableado es supervisado para abierto, corto o fallos de circuito a tierra.<\/p>\n<p class=\"ql-align-justify\">El m\u00f3dulo acciona los dispositivos de notificaci\u00f3n desde el fuente de alimentaci\u00f3n del panel de control o de un suscriptor laboratories, Inc. (UL 1481) Auxiliares listados\u00a0<strong>12 VDC<\/strong>\u00a0o fuente de alimentaci\u00f3n regulada \/ limitada en energ\u00eda de<strong>\u00a024 VDC<\/strong><strong>para unidades de se\u00f1alizaci\u00f3n protectoras y comerciales \/ residenciales unidades antirrobo.<\/strong>\u00a0Esta caracter\u00edstica permite que el sistema soporta m\u00e1s dispositivos de se\u00f1alizaci\u00f3n en cables m\u00e1s largos.\u00a0<strong>Eso tambi\u00e9n permite el uso de notificaciones de 12 V o 24 V aparatos que requieren la fuente de alimentaci\u00f3n adecuada.<\/strong><\/p>\n<\/div>\n<\/div>\n","protected":false},"excerpt":{"rendered":"<p>Modulo de circuito de dispositivo de notificaci\u00f3n (NAC) D192G Resumen del sistema Este m\u00f3dulo se utiliza para el cableado de conexiones a remoto. Dispositivos de se\u00f1alizaci\u00f3n. Puedes conectar hasta doce D192G m\u00f3dulos para el mismo sistema en compatibles paneles de control.\u00a0El cableado es supervisado para&hellip;<\/p>\n","protected":false},"featured_media":3508,"comment_status":"open","ping_status":"closed","template":"","meta":{"om_disable_all_campaigns":false,"_monsterinsights_skip_tracking":false,"_monsterinsights_sitenote_active":false,"_monsterinsights_sitenote_note":"","_monsterinsights_sitenote_category":0},"product_brand":[],"product_cat":[264],"product_tag":[212,211,151],"class_list":{"0":"post-3509","1":"product","2":"type-product","3":"status-publish","4":"has-post-thumbnail","6":"product_cat-modulos-alarmas-bosch","7":"product_tag-alarmas","8":"product_tag-alarmas-e-intrusion","9":"product_tag-seguridad","11":"first","12":"instock","13":"sale","14":"taxable","15":"shipping-taxable","16":"purchasable","17":"product-type-simple"},"aioseo_notices":[],"_links":{"self":[{"href":"https:\/\/tecsecmty.com\/index.php\/wp-json\/wp\/v2\/product\/3509","targetHints":{"allow":["GET"]}}],"collection":[{"href":"https:\/\/tecsecmty.com\/index.php\/wp-json\/wp\/v2\/product"}],"about":[{"href":"https:\/\/tecsecmty.com\/index.php\/wp-json\/wp\/v2\/types\/product"}],"replies":[{"embeddable":true,"href":"https:\/\/tecsecmty.com\/index.php\/wp-json\/wp\/v2\/comments?post=3509"}],"version-history":[{"count":0,"href":"https:\/\/tecsecmty.com\/index.php\/wp-json\/wp\/v2\/product\/3509\/revisions"}],"wp:featuredmedia":[{"embeddable":true,"href":"https:\/\/tecsecmty.com\/index.php\/wp-json\/wp\/v2\/media\/3508"}],"wp:attachment":[{"href":"https:\/\/tecsecmty.com\/index.php\/wp-json\/wp\/v2\/media?parent=3509"}],"wp:term":[{"taxonomy":"product_brand","embeddable":true,"href":"https:\/\/tecsecmty.com\/index.php\/wp-json\/wp\/v2\/product_brand?post=3509"},{"taxonomy":"product_cat","embeddable":true,"href":"https:\/\/tecsecmty.com\/index.php\/wp-json\/wp\/v2\/product_cat?post=3509"},{"taxonomy":"product_tag","embeddable":true,"href":"https:\/\/tecsecmty.com\/index.php\/wp-json\/wp\/v2\/product_tag?post=3509"}],"curies":[{"name":"wp","href":"https:\/\/api.w.org\/{rel}","templated":true}]}}