{"id":3511,"date":"2023-02-23T00:20:44","date_gmt":"2023-02-23T06:20:44","guid":{"rendered":"https:\/\/tecsecmty.com\/index.php\/producto\/bosch-i_b450-modulo-de-comunicacion-para-sdi-o-sdi2-b450-para-gsm\/"},"modified":"2023-03-22T23:21:18","modified_gmt":"2023-03-23T05:21:18","slug":"bosch-i_b450-modulo-de-comunicacion-para-sdi-o-sdi2-b450-para-gsm","status":"publish","type":"product","link":"https:\/\/tecsecmty.com\/index.php\/producto\/bosch-i_b450-modulo-de-comunicacion-para-sdi-o-sdi2-b450-para-gsm\/","title":{"rendered":"BOSCH I_B450- MODULO DE COMUNICACION PARA SDI O SDI2\/ B450 PARA GSM"},"content":{"rendered":"<h5 class=\"card-title text-center\">B450- MODULO DE COMUNICACION PARA SDI O SDI2\/ B450 PARA GSM<\/h5>\n<h1><\/h1>\n<h1>Interfaz comunicador m\u00f3vil conectable<\/h1>\n<ul>\n<li>Comunicaci\u00f3n IP bidireccional completa a trav\u00e9s de comunicadores para tel\u00e9fono m\u00f3vil conectables<\/li>\n<li>La instalaci\u00f3n de Plug and Play facilita los cambios tecnol\u00f3gicos futuros<\/li>\n<li>Compatible con los paneles de control Bosch nuevos y con los que m\u00e1s se implementan<\/li>\n<li>Admite la instalaci\u00f3n remota de los m\u00f3dulos para m\u00f3viles para conseguir una mejor se\u00f1al<\/li>\n<\/ul>\n<p>La interfaz del comunicador conectable Conettix es un dispositivo de bus SDI2, SDI u Option bus, alimentado a trav\u00e9s de cuatro cables que proporciona comunicaci\u00f3n bidireccional con paneles de control compatibles a trav\u00e9s de redes m\u00f3viles comerciales utilizando un comunicador conectable (disponible por separado).<\/p>\n<p><img decoding=\"async\" class=\"overview-center-img-web\" src=\"https:\/\/tvc.mx\/media\/202675\/BANNER-INTRUSION.png\" alt=\"\" \/><\/p>\n","protected":false},"excerpt":{"rendered":"<p>B450- MODULO DE COMUNICACION PARA SDI O SDI2\/ B450 PARA GSM Interfaz comunicador m\u00f3vil conectable Comunicaci\u00f3n IP bidireccional completa a trav\u00e9s de comunicadores para tel\u00e9fono m\u00f3vil conectables La instalaci\u00f3n de Plug and Play facilita los cambios tecnol\u00f3gicos futuros Compatible con los paneles de control Bosch&hellip;<\/p>\n","protected":false},"featured_media":3510,"comment_status":"open","ping_status":"closed","template":"","meta":{"om_disable_all_campaigns":false,"_monsterinsights_skip_tracking":false,"_monsterinsights_sitenote_active":false,"_monsterinsights_sitenote_note":"","_monsterinsights_sitenote_category":0},"product_brand":[],"product_cat":[264],"product_tag":[212,211,151],"class_list":{"0":"post-3511","1":"product","2":"type-product","3":"status-publish","4":"has-post-thumbnail","6":"product_cat-modulos-alarmas-bosch","7":"product_tag-alarmas","8":"product_tag-alarmas-e-intrusion","9":"product_tag-seguridad","11":"first","12":"instock","13":"sale","14":"taxable","15":"shipping-taxable","16":"purchasable","17":"product-type-simple"},"aioseo_notices":[],"_links":{"self":[{"href":"https:\/\/tecsecmty.com\/index.php\/wp-json\/wp\/v2\/product\/3511","targetHints":{"allow":["GET"]}}],"collection":[{"href":"https:\/\/tecsecmty.com\/index.php\/wp-json\/wp\/v2\/product"}],"about":[{"href":"https:\/\/tecsecmty.com\/index.php\/wp-json\/wp\/v2\/types\/product"}],"replies":[{"embeddable":true,"href":"https:\/\/tecsecmty.com\/index.php\/wp-json\/wp\/v2\/comments?post=3511"}],"version-history":[{"count":0,"href":"https:\/\/tecsecmty.com\/index.php\/wp-json\/wp\/v2\/product\/3511\/revisions"}],"wp:featuredmedia":[{"embeddable":true,"href":"https:\/\/tecsecmty.com\/index.php\/wp-json\/wp\/v2\/media\/3510"}],"wp:attachment":[{"href":"https:\/\/tecsecmty.com\/index.php\/wp-json\/wp\/v2\/media?parent=3511"}],"wp:term":[{"taxonomy":"product_brand","embeddable":true,"href":"https:\/\/tecsecmty.com\/index.php\/wp-json\/wp\/v2\/product_brand?post=3511"},{"taxonomy":"product_cat","embeddable":true,"href":"https:\/\/tecsecmty.com\/index.php\/wp-json\/wp\/v2\/product_cat?post=3511"},{"taxonomy":"product_tag","embeddable":true,"href":"https:\/\/tecsecmty.com\/index.php\/wp-json\/wp\/v2\/product_tag?post=3511"}],"curies":[{"name":"wp","href":"https:\/\/api.w.org\/{rel}","templated":true}]}}