{"id":3515,"date":"2023-02-23T00:20:49","date_gmt":"2023-02-23T06:20:49","guid":{"rendered":"https:\/\/tecsecmty.com\/index.php\/producto\/bosch-i_b520-modulo-auxiliar-de-alimentacion-auxiliar\/"},"modified":"2023-03-22T23:21:18","modified_gmt":"2023-03-23T05:21:18","slug":"bosch-i_b520-modulo-auxiliar-de-alimentacion-auxiliar","status":"publish","type":"product","link":"https:\/\/tecsecmty.com\/index.php\/producto\/bosch-i_b520-modulo-auxiliar-de-alimentacion-auxiliar\/","title":{"rendered":"BOSCH I_B520- MODULO AUXILIAR DE ALIMENTACION AUXILIAR"},"content":{"rendered":"<div class=\"row aling-items-center padding-bottom-2x\">\n<div class=\"col-lg-12\">\n<h5 class=\"card-title text-center\">B520 M\u00f3dulo fuente alimentaci\u00f3n aux., 2A 12V<\/h5>\n<p>&nbsp;<\/p>\n<p><img decoding=\"async\" class=\"overview-center-img-web\" src=\"https:\/\/tvc.mx\/media\/92021\/Logoopaginas-oficial-1920x400.png\" alt=\"\" \/><\/div>\n<\/div>\n<div class=\"row align-items-center padding-bottom-2x\">\n<div class=\"col-md-5\"><img decoding=\"async\" class=\"d-block m-auto img-thumbnail\" src=\"https:\/\/tvc.mx\/media\/92025\/B520config6.png\" alt=\" \" \/><\/div>\n<div class=\"col-md-7 text-md-left text-center\">\n<h2>Resumen del sistema<\/h2>\n<p class=\"text-muted\">\n<p class=\"ql-align-justify\">El M\u00f3dulo de fuente de alimentaci\u00f3n auxiliar B520 es un dispositivo de ampliaci\u00f3n de fuente de alimentaci\u00f3n auxiliar que se conecta a los paneles de control compatibles a trav\u00e9s del bus SDI2. Este m\u00f3dulo est\u00e1 supervisado y comunica todos los cambios de estado al panel de control. Instalaciones industriales, comerciales e institucionales son instalaciones t\u00edpicas del m\u00f3dulo B520. Los conmutadores de direcci\u00f3n de B520 permiten direccionar dispositivos f\u00e1cilmente. Los terminales de salida SDI2 proporcionan alimentaci\u00f3n auxiliar para dispositivos de ampliaci\u00f3n SDI2, como teclados. Los terminales AUX PWR proporcionan funciones de alimentaci\u00f3n auxiliar para dispositivos adicionales, como detectores de movimiento PIR.<\/p>\n<\/div>\n<\/div>\n","protected":false},"excerpt":{"rendered":"<p>B520 M\u00f3dulo fuente alimentaci\u00f3n aux., 2A 12V &nbsp; Resumen del sistema El M\u00f3dulo de fuente de alimentaci\u00f3n auxiliar B520 es un dispositivo de ampliaci\u00f3n de fuente de alimentaci\u00f3n auxiliar que se conecta a los paneles de control compatibles a trav\u00e9s del bus SDI2. Este m\u00f3dulo&hellip;<\/p>\n","protected":false},"featured_media":3514,"comment_status":"open","ping_status":"closed","template":"","meta":{"om_disable_all_campaigns":false,"_monsterinsights_skip_tracking":false,"_monsterinsights_sitenote_active":false,"_monsterinsights_sitenote_note":"","_monsterinsights_sitenote_category":0},"product_brand":[],"product_cat":[264],"product_tag":[212,211,151],"class_list":{"0":"post-3515","1":"product","2":"type-product","3":"status-publish","4":"has-post-thumbnail","6":"product_cat-modulos-alarmas-bosch","7":"product_tag-alarmas","8":"product_tag-alarmas-e-intrusion","9":"product_tag-seguridad","11":"first","12":"instock","13":"sale","14":"taxable","15":"shipping-taxable","16":"purchasable","17":"product-type-simple"},"aioseo_notices":[],"_links":{"self":[{"href":"https:\/\/tecsecmty.com\/index.php\/wp-json\/wp\/v2\/product\/3515","targetHints":{"allow":["GET"]}}],"collection":[{"href":"https:\/\/tecsecmty.com\/index.php\/wp-json\/wp\/v2\/product"}],"about":[{"href":"https:\/\/tecsecmty.com\/index.php\/wp-json\/wp\/v2\/types\/product"}],"replies":[{"embeddable":true,"href":"https:\/\/tecsecmty.com\/index.php\/wp-json\/wp\/v2\/comments?post=3515"}],"version-history":[{"count":0,"href":"https:\/\/tecsecmty.com\/index.php\/wp-json\/wp\/v2\/product\/3515\/revisions"}],"wp:featuredmedia":[{"embeddable":true,"href":"https:\/\/tecsecmty.com\/index.php\/wp-json\/wp\/v2\/media\/3514"}],"wp:attachment":[{"href":"https:\/\/tecsecmty.com\/index.php\/wp-json\/wp\/v2\/media?parent=3515"}],"wp:term":[{"taxonomy":"product_brand","embeddable":true,"href":"https:\/\/tecsecmty.com\/index.php\/wp-json\/wp\/v2\/product_brand?post=3515"},{"taxonomy":"product_cat","embeddable":true,"href":"https:\/\/tecsecmty.com\/index.php\/wp-json\/wp\/v2\/product_cat?post=3515"},{"taxonomy":"product_tag","embeddable":true,"href":"https:\/\/tecsecmty.com\/index.php\/wp-json\/wp\/v2\/product_tag?post=3515"}],"curies":[{"name":"wp","href":"https:\/\/api.w.org\/{rel}","templated":true}]}}