{"id":3529,"date":"2023-02-23T00:21:04","date_gmt":"2023-02-23T06:21:04","guid":{"rendered":"https:\/\/tecsecmty.com\/index.php\/producto\/dsc-hs65wpsna-fuente-de-alimentacion-18-vcd-3-6-amp-compatible-con-power-series-pro\/"},"modified":"2023-03-22T23:23:18","modified_gmt":"2023-03-23T05:23:18","slug":"dsc-hs65wpsna-fuente-de-alimentacion-18-vcd-3-6-amp-compatible-con-power-series-pro","status":"publish","type":"product","link":"https:\/\/tecsecmty.com\/index.php\/producto\/dsc-hs65wpsna-fuente-de-alimentacion-18-vcd-3-6-amp-compatible-con-power-series-pro\/","title":{"rendered":"DSC HS65WPSNA &#8211; Fuente de alimentaci\u00f3n 18 Vcd\/3.6 Amp compatible con Power Series Pro"},"content":{"rendered":"<h5 class=\"card-title text-center\">Descripci\u00f3n<\/h5>\n<p>La fuente de alimentaci\u00f3n modelo HS65WPSNA sirve para alimentar los paneles Power Pro de DSC y sus sistemas. Suministra 18VDC a 3.6A y se alimenta con 127 &#8211; 240V AC a 50\/60 Hz<\/p>\n<p>Esta fuente cumple con el requerimiento de GRADO 3, en instalaciones de intrusion<\/p>\n<p>Debe ir dentro del panel,<\/p>\n<p>No produce calor<\/p>\n<p>Alta eficienci de impedancia, y bajo consumo<\/p>\n<p>Solo para paneles Serie PRO de DSC<\/p>\n<p>Resumen de ficha tecnica:<\/p>\n<p>Especificaciones e informaci\u00f3n para pedidos: HS65WPSNA. . . . . . . . . . . . adaptador de fuente de alimentaci\u00f3n de 18\u00a0V\u00a0CC con conector IEEE Tipo B HS65WPS. . . . . . . . . . . . . . . Adaptador de fuente de alimentaci\u00f3n de 18\u00a0V\u00a0CC sin conector. Dimensiones . . . . . . . . . . . . 191\u00a0mm\u00a0x\u00a097\u00a0mm (7.5\u00a0in\u00a0x\u00a03.8\u00a0in) Voltaje de entrada. . . . . . . . 100\u00a0V\u00a0CA \u2013 240\u00a0V\u00a0CA 50\/60\u00a0Hz Voltaje de entrada. . . . . . . . 18 V\u00a0CC Entorno operativo . . . . . . . . -10\u02da\u00a0\u00b0C a + 55\u02da\u00a0\u00b0C (14\u02da\u00a0\u00b0F a 131\u02da\u00a0\u00b0F) Humedad relativa. . . . . . . . . 5% a 93% Corriente de salida auxiliar. . . . . . . . . . . . . . . . . 3\u00a0A Gabinetes: Gabinete met\u00e1lico est\u00e1ndar (Norteam\u00e9rica): HSC3010C Gabinete rojo (\u00fanicamente en Canad\u00e1): HSC3010CR Gabinete resistente a los ataques (Norteam\u00e9rica): HSC3030CAR<img decoding=\"async\" class=\"overview-center-img-web\" src=\"https:\/\/tvc.mx\/media\/65769\/fuente-para-panel-Fuente-para-panel-neo-procentral--Recuperado.jpg\" alt=\"\" \/><\/p>\n","protected":false},"excerpt":{"rendered":"<p>Descripci\u00f3n La fuente de alimentaci\u00f3n modelo HS65WPSNA sirve para alimentar los paneles Power Pro de DSC y sus sistemas. Suministra 18VDC a 3.6A y se alimenta con 127 &#8211; 240V AC a 50\/60 Hz Esta fuente cumple con el requerimiento de GRADO 3, en instalaciones&hellip;<\/p>\n","protected":false},"featured_media":3528,"comment_status":"open","ping_status":"closed","template":"","meta":{"om_disable_all_campaigns":false,"_monsterinsights_skip_tracking":false,"_monsterinsights_sitenote_active":false,"_monsterinsights_sitenote_note":"","_monsterinsights_sitenote_category":0},"product_brand":[],"product_cat":[266],"product_tag":[212,211,151],"class_list":{"0":"post-3529","1":"product","2":"type-product","3":"status-publish","4":"has-post-thumbnail","6":"product_cat-modulos-alarmas-dsc","7":"product_tag-alarmas","8":"product_tag-alarmas-e-intrusion","9":"product_tag-seguridad","11":"first","12":"instock","13":"sale","14":"taxable","15":"shipping-taxable","16":"purchasable","17":"product-type-simple"},"aioseo_notices":[],"_links":{"self":[{"href":"https:\/\/tecsecmty.com\/index.php\/wp-json\/wp\/v2\/product\/3529","targetHints":{"allow":["GET"]}}],"collection":[{"href":"https:\/\/tecsecmty.com\/index.php\/wp-json\/wp\/v2\/product"}],"about":[{"href":"https:\/\/tecsecmty.com\/index.php\/wp-json\/wp\/v2\/types\/product"}],"replies":[{"embeddable":true,"href":"https:\/\/tecsecmty.com\/index.php\/wp-json\/wp\/v2\/comments?post=3529"}],"version-history":[{"count":0,"href":"https:\/\/tecsecmty.com\/index.php\/wp-json\/wp\/v2\/product\/3529\/revisions"}],"wp:featuredmedia":[{"embeddable":true,"href":"https:\/\/tecsecmty.com\/index.php\/wp-json\/wp\/v2\/media\/3528"}],"wp:attachment":[{"href":"https:\/\/tecsecmty.com\/index.php\/wp-json\/wp\/v2\/media?parent=3529"}],"wp:term":[{"taxonomy":"product_brand","embeddable":true,"href":"https:\/\/tecsecmty.com\/index.php\/wp-json\/wp\/v2\/product_brand?post=3529"},{"taxonomy":"product_cat","embeddable":true,"href":"https:\/\/tecsecmty.com\/index.php\/wp-json\/wp\/v2\/product_cat?post=3529"},{"taxonomy":"product_tag","embeddable":true,"href":"https:\/\/tecsecmty.com\/index.php\/wp-json\/wp\/v2\/product_tag?post=3529"}],"curies":[{"name":"wp","href":"https:\/\/api.w.org\/{rel}","templated":true}]}}