{"id":3550,"date":"2023-02-23T00:21:16","date_gmt":"2023-02-23T06:21:16","guid":{"rendered":"https:\/\/tecsecmty.com\/index.php\/producto\/dsc-pc4204cx-maxsys-power-supply-4-relay-output-combus-extender-module\/"},"modified":"2023-03-22T23:23:20","modified_gmt":"2023-03-23T05:23:20","slug":"dsc-pc4204cx-maxsys-power-supply-4-relay-output-combus-extender-module","status":"publish","type":"product","link":"https:\/\/tecsecmty.com\/index.php\/producto\/dsc-pc4204cx-maxsys-power-supply-4-relay-output-combus-extender-module\/","title":{"rendered":"DSC PC4204CX &#8211; MAXSYS power supply\/4-relay output\/COMBUS extender module."},"content":{"rendered":"<h5 class=\"card-title text-center\">DSC1200030<\/h5>\n<p>El PC4204 es un m\u00f3dulo de salida con cuatro salidas de rel\u00e9 programables. El Rel\u00e9 1 puede ser usado para realimentar el Combus<\/p>\n<div class=\"row aling-items-center padding-bottom-2x\">\n<div class=\"col-lg-12\"><img decoding=\"async\" class=\"overview-center-img-web\" src=\"https:\/\/tvc.mx\/media\/33823\/DSC1200030.jpg\" alt=\"\" \/><\/div>\n<\/div>\n<div class=\"row align-items-center padding-bottom-2x\">\n<div class=\"col-md-5 order-md-2\"><img decoding=\"async\" class=\"d-block m-auto img-thumbnail\" src=\"https:\/\/tvc.mx\/media\/33825\/PC4204CX_1.jpg\" alt=\" \" \/><\/div>\n<div class=\"col-md-7 order-md-1 text-md-left text-center\">\n<h2>Especificaciones<\/h2>\n<p class=\"text-muted\">\n<ul>\n<li>Corriente Nominal: 30 mA (del combus)<\/li>\n<li>Transformador requerido m\u00ednimo 40VA 16-18V<\/li>\n<li>Bater\u00eda requerida 4 Ah m\u00ednimo<\/li>\n<li>Conecte el control v\u00eda un Combus 4-hilos<\/li>\n<li>Cuatro contactos de rel\u00e9 programables clasificados 2A, 30 VDC<\/li>\n<li>Corriente AUX: 1.0A m\u00e1x.<\/li>\n<li>Entrada de contacto de sabotaje Cajas Met\u00e1licas Compatibles<\/li>\n<li>PC4051C\/CR*<\/li>\n<li>PC4052C\/CR*<\/li>\n<\/ul>\n<\/div>\n<\/div>\n","protected":false},"excerpt":{"rendered":"<p>DSC1200030 El PC4204 es un m\u00f3dulo de salida con cuatro salidas de rel\u00e9 programables. El Rel\u00e9 1 puede ser usado para realimentar el Combus Especificaciones Corriente Nominal: 30 mA (del combus) Transformador requerido m\u00ednimo 40VA 16-18V Bater\u00eda requerida 4 Ah m\u00ednimo Conecte el control v\u00eda&hellip;<\/p>\n","protected":false},"featured_media":3549,"comment_status":"open","ping_status":"closed","template":"","meta":{"om_disable_all_campaigns":false,"_monsterinsights_skip_tracking":false,"_monsterinsights_sitenote_active":false,"_monsterinsights_sitenote_note":"","_monsterinsights_sitenote_category":0},"product_brand":[],"product_cat":[266],"product_tag":[212,211,151],"class_list":{"0":"post-3550","1":"product","2":"type-product","3":"status-publish","4":"has-post-thumbnail","6":"product_cat-modulos-alarmas-dsc","7":"product_tag-alarmas","8":"product_tag-alarmas-e-intrusion","9":"product_tag-seguridad","11":"first","12":"instock","13":"sale","14":"taxable","15":"shipping-taxable","16":"purchasable","17":"product-type-simple"},"aioseo_notices":[],"_links":{"self":[{"href":"https:\/\/tecsecmty.com\/index.php\/wp-json\/wp\/v2\/product\/3550","targetHints":{"allow":["GET"]}}],"collection":[{"href":"https:\/\/tecsecmty.com\/index.php\/wp-json\/wp\/v2\/product"}],"about":[{"href":"https:\/\/tecsecmty.com\/index.php\/wp-json\/wp\/v2\/types\/product"}],"replies":[{"embeddable":true,"href":"https:\/\/tecsecmty.com\/index.php\/wp-json\/wp\/v2\/comments?post=3550"}],"version-history":[{"count":0,"href":"https:\/\/tecsecmty.com\/index.php\/wp-json\/wp\/v2\/product\/3550\/revisions"}],"wp:featuredmedia":[{"embeddable":true,"href":"https:\/\/tecsecmty.com\/index.php\/wp-json\/wp\/v2\/media\/3549"}],"wp:attachment":[{"href":"https:\/\/tecsecmty.com\/index.php\/wp-json\/wp\/v2\/media?parent=3550"}],"wp:term":[{"taxonomy":"product_brand","embeddable":true,"href":"https:\/\/tecsecmty.com\/index.php\/wp-json\/wp\/v2\/product_brand?post=3550"},{"taxonomy":"product_cat","embeddable":true,"href":"https:\/\/tecsecmty.com\/index.php\/wp-json\/wp\/v2\/product_cat?post=3550"},{"taxonomy":"product_tag","embeddable":true,"href":"https:\/\/tecsecmty.com\/index.php\/wp-json\/wp\/v2\/product_tag?post=3550"}],"curies":[{"name":"wp","href":"https:\/\/api.w.org\/{rel}","templated":true}]}}