{"id":3566,"date":"2023-02-23T00:21:30","date_gmt":"2023-02-23T06:21:30","guid":{"rendered":"https:\/\/tecsecmty.com\/index.php\/producto\/dsc-rf5132433-modulo-receptor-1-via-soporta-32-zonas-inalambricas-compatible-con-panel-power-series\/"},"modified":"2023-03-22T23:23:24","modified_gmt":"2023-03-23T05:23:24","slug":"dsc-rf5132433-modulo-receptor-1-via-soporta-32-zonas-inalambricas-compatible-con-panel-power-series","status":"publish","type":"product","link":"https:\/\/tecsecmty.com\/index.php\/producto\/dsc-rf5132433-modulo-receptor-1-via-soporta-32-zonas-inalambricas-compatible-con-panel-power-series\/","title":{"rendered":"DSC RF5132433 &#8211; M\u00f3dulo Receptor 1 v\u00eda soporta 32 zonas inalambricas compatible con panel Power Series"},"content":{"rendered":"<h5 class=\"card-title text-center\">Descripci\u00f3n<\/h5>\n<p><strong>Descripci\u00f3n comercial<\/strong><\/p>\n<p>Capaz de convertir cualquier instalaci\u00f3n de power series cableada a inal\u00e1mbrica.<\/p>\n<p><strong>Descripci\u00f3n t\u00e9cnica<\/strong><\/p>\n<p>Alimentaci\u00f3n de 12vcd, de 50ma, dimensiones 146mm x 105mm x 25mm.<\/p>\n<p><strong>Beneficios adicionales<\/strong><\/p>\n<ul>\n<li>soporta 32 zonas inal\u00e1mbricas.<\/li>\n<li>soportas 16 llaves inal\u00e1mbricas.<\/li>\n<li>todos los detectores inal\u00e1mbricas est\u00e1n totalmente supervisados para la integridad de la comunicaci\u00f3n.<\/li>\n<\/ul>\n<p><strong>Para que sirve<\/strong><\/p>\n<p>El receptor cuenta con 32 zonas inal\u00e1mbricas y 16 controles inal\u00e1mbricos es capaz de convertir cualquier instalaci\u00f3n de power series cableada a inal\u00e1mbrica.integra leds indicadores para su f\u00e1cil manipulaci\u00f3n<\/p>\n<p><strong>Compatibilidad<\/strong><\/p>\n<p>Pc1864, pc1832, pc1616ws4904p, ws4945, ev-dw4927ss, ev-dw4975, ev-dw8975, ev-dw4917, wls922l-433ws4936, ws4933, ws4985ws4949, ws4959, wt4989, ws4938, ws4939<\/p>\n<p><strong>Notas adicionales<\/strong><\/p>\n<p>No se utilice en conjunto con teclados que integran receptor.<\/p>\n<p><img decoding=\"async\" class=\"overview-center-img-web\" src=\"https:\/\/tvc.mx\/media\/29112\/principalcomer.jpg\" alt=\"\" \/><\/p>\n","protected":false},"excerpt":{"rendered":"<p>Descripci\u00f3n Descripci\u00f3n comercial Capaz de convertir cualquier instalaci\u00f3n de power series cableada a inal\u00e1mbrica. Descripci\u00f3n t\u00e9cnica Alimentaci\u00f3n de 12vcd, de 50ma, dimensiones 146mm x 105mm x 25mm. Beneficios adicionales soporta 32 zonas inal\u00e1mbricas. soportas 16 llaves inal\u00e1mbricas. todos los detectores inal\u00e1mbricas est\u00e1n totalmente supervisados para&hellip;<\/p>\n","protected":false},"featured_media":3565,"comment_status":"open","ping_status":"closed","template":"","meta":{"om_disable_all_campaigns":false,"_monsterinsights_skip_tracking":false,"_monsterinsights_sitenote_active":false,"_monsterinsights_sitenote_note":"","_monsterinsights_sitenote_category":0},"product_brand":[],"product_cat":[266],"product_tag":[212,211,151],"class_list":{"0":"post-3566","1":"product","2":"type-product","3":"status-publish","4":"has-post-thumbnail","6":"product_cat-modulos-alarmas-dsc","7":"product_tag-alarmas","8":"product_tag-alarmas-e-intrusion","9":"product_tag-seguridad","11":"first","12":"instock","13":"sale","14":"taxable","15":"shipping-taxable","16":"purchasable","17":"product-type-simple"},"aioseo_notices":[],"_links":{"self":[{"href":"https:\/\/tecsecmty.com\/index.php\/wp-json\/wp\/v2\/product\/3566","targetHints":{"allow":["GET"]}}],"collection":[{"href":"https:\/\/tecsecmty.com\/index.php\/wp-json\/wp\/v2\/product"}],"about":[{"href":"https:\/\/tecsecmty.com\/index.php\/wp-json\/wp\/v2\/types\/product"}],"replies":[{"embeddable":true,"href":"https:\/\/tecsecmty.com\/index.php\/wp-json\/wp\/v2\/comments?post=3566"}],"version-history":[{"count":0,"href":"https:\/\/tecsecmty.com\/index.php\/wp-json\/wp\/v2\/product\/3566\/revisions"}],"wp:featuredmedia":[{"embeddable":true,"href":"https:\/\/tecsecmty.com\/index.php\/wp-json\/wp\/v2\/media\/3565"}],"wp:attachment":[{"href":"https:\/\/tecsecmty.com\/index.php\/wp-json\/wp\/v2\/media?parent=3566"}],"wp:term":[{"taxonomy":"product_brand","embeddable":true,"href":"https:\/\/tecsecmty.com\/index.php\/wp-json\/wp\/v2\/product_brand?post=3566"},{"taxonomy":"product_cat","embeddable":true,"href":"https:\/\/tecsecmty.com\/index.php\/wp-json\/wp\/v2\/product_cat?post=3566"},{"taxonomy":"product_tag","embeddable":true,"href":"https:\/\/tecsecmty.com\/index.php\/wp-json\/wp\/v2\/product_tag?post=3566"}],"curies":[{"name":"wp","href":"https:\/\/api.w.org\/{rel}","templated":true}]}}