{"id":3574,"date":"2023-02-23T00:21:37","date_gmt":"2023-02-23T06:21:37","guid":{"rendered":"https:\/\/tecsecmty.com\/index.php\/producto\/risco-rp128b50000a-caja-de-policarbonato-para-tarjetas-expansoras-y-fuentes-adicionales-ofertasaaa\/"},"modified":"2023-03-22T23:23:47","modified_gmt":"2023-03-23T05:23:47","slug":"risco-rp128b50000a-caja-de-policarbonato-para-tarjetas-expansoras-y-fuentes-adicionales-ofertasaaa","status":"publish","type":"product","link":"https:\/\/tecsecmty.com\/index.php\/producto\/risco-rp128b50000a-caja-de-policarbonato-para-tarjetas-expansoras-y-fuentes-adicionales-ofertasaaa\/","title":{"rendered":"RISCO RP128B50000A &#8211; Caja de Policarbonato Para tarjetas Expansoras y Fuentes Adicionales #OfertasAAA"},"content":{"rendered":"<div class=\"row aling-items-center padding-bottom-2x\">\n<div class=\"col-lg-12\">\n<h5 class=\"card-title text-center\">RISCO RP128B50000A &#8211; Caja de Policarbonato Para tarjetas Expansoras y Fuentes Adicionales<\/h5>\n<p>Caja de Pl\u00e1stico para accesorios\u00a0Caja de policarbonato dise\u00f1ada espec\u00edficamente para varios accesorios de hardware de RISCO, incluye tapa y tamper de pared<\/p>\n<p><img decoding=\"async\" class=\"overview-center-img-web\" src=\"https:\/\/tvc.mx\/media\/269139\/Panel-de-Alarma-Risco-Lightsys-Prosys---Gabinete-policarbonato-RP128B50000A-Caja-de-Policarbonato-Para-tarjetas-Expansoras-y-Fuentes-Adicionales.png\" alt=\"\" \/><\/p>\n<\/div>\n<\/div>\n<div class=\"row align-items-center padding-bottom-2x\">\n<div class=\"col-md-5\"><img decoding=\"async\" class=\"d-block m-auto img-thumbnail\" src=\"https:\/\/tvc.mx\/media\/269143\/Panel-de-Alarma-Risco-Lightsys-Prosys--Gabinete-policarbonato-RP128B50000A-Caja-de-Policarbonato-Para-tarjetas-Expansoras-y-Fuentes-Adicionales-1.png\" alt=\" \" \/><\/div>\n<div class=\"col-md-7 text-md-left text-center\">\n<h2>Mapa de agujeros de instalaci\u00f3n<\/h2>\n<p><strong>Especificaciones t\u00e9cnicas:<\/strong><\/p>\n<p>Dimensiones: 192 mm x 150 mm x 57 mm<\/p>\n<p>Certificaci\u00f3n:<\/p>\n<p>EN50131-3 Grado 3 Clase ambiental II<\/p>\n<p><strong>Nota:\u00a0<\/strong>esta caja solo es adecuada para dispositivos alimentados por voltajes por debajo de 60 VCC<\/p>\n<p>o 42,4 VCA<\/p>\n<\/div>\n<\/div>\n","protected":false},"excerpt":{"rendered":"<p>RISCO RP128B50000A &#8211; Caja de Policarbonato Para tarjetas Expansoras y Fuentes Adicionales Caja de Pl\u00e1stico para accesorios\u00a0Caja de policarbonato dise\u00f1ada espec\u00edficamente para varios accesorios de hardware de RISCO, incluye tapa y tamper de pared Mapa de agujeros de instalaci\u00f3n Especificaciones t\u00e9cnicas: Dimensiones: 192 mm x&hellip;<\/p>\n","protected":false},"featured_media":3573,"comment_status":"open","ping_status":"closed","template":"","meta":{"om_disable_all_campaigns":false,"_monsterinsights_skip_tracking":false,"_monsterinsights_sitenote_active":false,"_monsterinsights_sitenote_note":"","_monsterinsights_sitenote_category":0},"product_brand":[],"product_cat":[267],"product_tag":[212,211,151],"class_list":{"0":"post-3574","1":"product","2":"type-product","3":"status-publish","4":"has-post-thumbnail","6":"product_cat-modulos-alarmas-risco","7":"product_tag-alarmas","8":"product_tag-alarmas-e-intrusion","9":"product_tag-seguridad","11":"first","12":"instock","13":"sale","14":"taxable","15":"shipping-taxable","16":"purchasable","17":"product-type-simple"},"aioseo_notices":[],"_links":{"self":[{"href":"https:\/\/tecsecmty.com\/index.php\/wp-json\/wp\/v2\/product\/3574","targetHints":{"allow":["GET"]}}],"collection":[{"href":"https:\/\/tecsecmty.com\/index.php\/wp-json\/wp\/v2\/product"}],"about":[{"href":"https:\/\/tecsecmty.com\/index.php\/wp-json\/wp\/v2\/types\/product"}],"replies":[{"embeddable":true,"href":"https:\/\/tecsecmty.com\/index.php\/wp-json\/wp\/v2\/comments?post=3574"}],"version-history":[{"count":0,"href":"https:\/\/tecsecmty.com\/index.php\/wp-json\/wp\/v2\/product\/3574\/revisions"}],"wp:featuredmedia":[{"embeddable":true,"href":"https:\/\/tecsecmty.com\/index.php\/wp-json\/wp\/v2\/media\/3573"}],"wp:attachment":[{"href":"https:\/\/tecsecmty.com\/index.php\/wp-json\/wp\/v2\/media?parent=3574"}],"wp:term":[{"taxonomy":"product_brand","embeddable":true,"href":"https:\/\/tecsecmty.com\/index.php\/wp-json\/wp\/v2\/product_brand?post=3574"},{"taxonomy":"product_cat","embeddable":true,"href":"https:\/\/tecsecmty.com\/index.php\/wp-json\/wp\/v2\/product_cat?post=3574"},{"taxonomy":"product_tag","embeddable":true,"href":"https:\/\/tecsecmty.com\/index.php\/wp-json\/wp\/v2\/product_tag?post=3574"}],"curies":[{"name":"wp","href":"https:\/\/api.w.org\/{rel}","templated":true}]}}