{"id":3639,"date":"2023-02-23T00:22:59","date_gmt":"2023-02-23T06:22:59","guid":{"rendered":"https:\/\/tecsecmty.com\/index.php\/producto\/dahua-dhi-arc3000h-fw2-panel-de-alarma-inalambrico-comunicacion-ethernet-wifi-3g-4g-dual-sim-hasta-150-dispositivos-6-sirenas-y-64-controles-remotos-bateria-y-zumbador-integrado-led-indica\/"},"modified":"2023-03-22T23:22:30","modified_gmt":"2023-03-23T05:22:30","slug":"dahua-dhi-arc3000h-fw2-panel-de-alarma-inalambrico-comunicacion-ethernet-wifi-3g-4g-dual-sim-hasta-150-dispositivos-6-sirenas-y-64-controles-remotos-bateria-y-zumbador-integrado-led-indica","status":"publish","type":"product","link":"https:\/\/tecsecmty.com\/index.php\/producto\/dahua-dhi-arc3000h-fw2-panel-de-alarma-inalambrico-comunicacion-ethernet-wifi-3g-4g-dual-sim-hasta-150-dispositivos-6-sirenas-y-64-controles-remotos-bateria-y-zumbador-integrado-led-indica\/","title":{"rendered":"DAHUA DHI-ARC3000H-FW2 &#8211; Panel de Alarma Inal\u00e1mbrico\/ Comunicaci\u00f3n Ethernet, WiFi, 3G-4G (Dual SIM)\/ Hasta 150 Dispositivos (6 Sirenas y 64 Controles Remotos)\/ Bater\u00eda y Zumbador Integrado\/ LED Indicador de Estatus\/ Enlace por App\/ #LoNuevo #AlarmasDahua"},"content":{"rendered":"<h5 class=\"card-title text-center\">Informaci\u00f3n General<\/h5>\n<h2 class=\"ql-align-center\"><strong>Panel de Alarma de Intrusi\u00f3n Inal\u00e1mbrico (HUB)<\/strong><\/h2>\n<h2 class=\"ql-align-center\">Red por cable Ethernet o WiFi; 4G, 3G o GPRS<\/h2>\n<p class=\"ql-align-justify\">Un dise\u00f1o completamente actual y un sistema tecnol\u00f3gico avanzado hacen que la nueva generaci\u00f3n de productos de alarma de intrusi\u00f3n inal\u00e1mbrica sea mucho m\u00e1s f\u00e1cil de instalar, se vea mejor, se comunique de manera m\u00e1s confiable y funcione de manera estable. Desde la comodidad de las aplicaciones m\u00f3viles DMSS (iOS y Android) administre y controle sus dispositivos, reciba notificaciones en tiempo real, realice operaciones remotas y m\u00e1s.<\/p>\n<p class=\"ql-align-justify\">El concentrador de alarma (HUB) es un dispositivo fundamental en un sistema de seguridad, que controla el funcionamiento de todos los accesorios conectados. Si el sistema de seguridad detecta la presencia, entrada o intento de entrada de un intruso en el \u00e1rea armada y protegida, el concentrador recibir\u00e1 las se\u00f1ales de alarma de los detectores y luego alertar\u00e1 a los usuarios.<\/p>\n<p><img decoding=\"async\" class=\"overview-center-img-web\" src=\"https:\/\/tvc.mx\/media\/497800\/panel-de-alarma-inalambrico-comunicacion-3g-4g-ARC3000H-FW2-Dahua.png\" alt=\"\" \/><\/p>\n<h2>Principales Caracter\u00edsticas<\/h2>\n<p class=\"text-muted\">\n<ul>\n<li>Conexi\u00f3n del HUB por medio de red Ethernet por cable, o WiFi o 4G o 3G o GPRS<\/li>\n<li>Admite hasta 150 perif\u00e9ricos inal\u00e1mbricos (incluidos hasta 6 sirenas, hasta 64 llaveros inal\u00e1mbricos, hasta 4 repetidores y hasta 8 teclados)<\/li>\n<li>Indicador led para m\u00faltiples estados del HUB (alarma, armado, desarmado, red y mal funcionamiento)<\/li>\n<li>Visualizaci\u00f3n del estado de los perif\u00e9ricos conectados al HUB a trav\u00e9s de la App (intensidad de la se\u00f1al, nivel de bater\u00eda, temperatura ambiente, versi\u00f3n del firmware)<\/li>\n<li>Enlace de video en la aplicaci\u00f3n a trav\u00e9s de la App DMSS<\/li>\n<li>Funci\u00f3n ANR (Reposici\u00f3n Autom\u00e1tica de Red)<\/li>\n<li>Tamper anti sabotaje<\/li>\n<li>Vinculaci\u00f3n Alarma &#8211; Sirena, cuando se activa una alarma, el sensor informar\u00e1 los eventos de alarma al HUB y alertar\u00e1n con la(s) sirena(s) conectada(s)<\/li>\n<li>Vinculaci\u00f3n Alarma &#8211; Video, cuando se activa una alarma, el sensor informar\u00e1 los eventos de alarma al HUB y luego se vincular\u00e1n con videos<\/li>\n<\/ul>\n","protected":false},"excerpt":{"rendered":"<p>Informaci\u00f3n General Panel de Alarma de Intrusi\u00f3n Inal\u00e1mbrico (HUB) Red por cable Ethernet o WiFi; 4G, 3G o GPRS Un dise\u00f1o completamente actual y un sistema tecnol\u00f3gico avanzado hacen que la nueva generaci\u00f3n de productos de alarma de intrusi\u00f3n inal\u00e1mbrica sea mucho m\u00e1s f\u00e1cil de&hellip;<\/p>\n","protected":false},"featured_media":3638,"comment_status":"open","ping_status":"closed","template":"","meta":{"om_disable_all_campaigns":false,"_monsterinsights_skip_tracking":false,"_monsterinsights_sitenote_active":false,"_monsterinsights_sitenote_note":"","_monsterinsights_sitenote_category":0},"product_brand":[],"product_cat":[270],"product_tag":[212,211,151],"class_list":{"0":"post-3639","1":"product","2":"type-product","3":"status-publish","4":"has-post-thumbnail","6":"product_cat-paneles-alarmas-dahua-alarmas-intrusion","7":"product_tag-alarmas","8":"product_tag-alarmas-e-intrusion","9":"product_tag-seguridad","11":"first","12":"instock","13":"sale","14":"taxable","15":"shipping-taxable","16":"purchasable","17":"product-type-simple"},"aioseo_notices":[],"_links":{"self":[{"href":"https:\/\/tecsecmty.com\/index.php\/wp-json\/wp\/v2\/product\/3639","targetHints":{"allow":["GET"]}}],"collection":[{"href":"https:\/\/tecsecmty.com\/index.php\/wp-json\/wp\/v2\/product"}],"about":[{"href":"https:\/\/tecsecmty.com\/index.php\/wp-json\/wp\/v2\/types\/product"}],"replies":[{"embeddable":true,"href":"https:\/\/tecsecmty.com\/index.php\/wp-json\/wp\/v2\/comments?post=3639"}],"version-history":[{"count":0,"href":"https:\/\/tecsecmty.com\/index.php\/wp-json\/wp\/v2\/product\/3639\/revisions"}],"wp:featuredmedia":[{"embeddable":true,"href":"https:\/\/tecsecmty.com\/index.php\/wp-json\/wp\/v2\/media\/3638"}],"wp:attachment":[{"href":"https:\/\/tecsecmty.com\/index.php\/wp-json\/wp\/v2\/media?parent=3639"}],"wp:term":[{"taxonomy":"product_brand","embeddable":true,"href":"https:\/\/tecsecmty.com\/index.php\/wp-json\/wp\/v2\/product_brand?post=3639"},{"taxonomy":"product_cat","embeddable":true,"href":"https:\/\/tecsecmty.com\/index.php\/wp-json\/wp\/v2\/product_cat?post=3639"},{"taxonomy":"product_tag","embeddable":true,"href":"https:\/\/tecsecmty.com\/index.php\/wp-json\/wp\/v2\/product_tag?post=3639"}],"curies":[{"name":"wp","href":"https:\/\/api.w.org\/{rel}","templated":true}]}}