{"id":3643,"date":"2023-02-23T00:23:03","date_gmt":"2023-02-23T06:23:03","guid":{"rendered":"https:\/\/tecsecmty.com\/index.php\/producto\/dsc-hs2032pcbspa-serie-neo-panel-de-alarma-8-32-zonas-losprincipales\/"},"modified":"2023-03-22T23:23:16","modified_gmt":"2023-03-23T05:23:16","slug":"dsc-hs2032pcbspa-serie-neo-panel-de-alarma-8-32-zonas-losprincipales","status":"publish","type":"product","link":"https:\/\/tecsecmty.com\/index.php\/producto\/dsc-hs2032pcbspa-serie-neo-panel-de-alarma-8-32-zonas-losprincipales\/","title":{"rendered":"DSC HS2032PCBSPA &#8211; SERIE NEO Panel de Alarma 8 \/ 32 Zonas \/#LosPrincipales"},"content":{"rendered":"<h5 class=\"card-title text-center\">Informaci\u00f3n General<\/h5>\n<h2><strong>Descripci\u00f3n<\/strong><\/h2>\n<p>PowerSeries Neo es un sistema de alarma escalable, con numerosas funciones, dise\u00f1ado para uso residencial y comercial. El panel de alarma es compatible con dispositivos cableados e inal\u00e1mbricos.<\/p>\n<p>El panel DSC HS2032 es compatible con ocho zonas programables en placa, totalmente supervisadas. Tiene una fuente de alimentaci\u00f3n integrada y un comunicador de alarma digital supervisada e incluye la energ\u00eda auxiliar para accionar los dispositivos de detecci\u00f3n de seguridad. Una salida auxiliar de interruptor programable se utiliza para detectores de humo de 2 y 4 hilos. El controlador admite dos salidas programables, que pueden programarse como salidas de prop\u00f3sito general.<\/p>\n<div class=\"row aling-items-center padding-bottom-2x\">\n<div class=\"col-lg-12\"><img decoding=\"async\" class=\"overview-center-img-web\" src=\"https:\/\/tvc.mx\/media\/417827\/HS2032-G.png\" alt=\"\" \/><\/div>\n<\/div>\n<div class=\"row align-items-center padding-bottom-2x\">\n<div class=\"col-md-5 order-md-2\"><img decoding=\"async\" class=\"d-block m-auto img-thumbnail\" src=\"https:\/\/tvc.mx\/media\/28724\/DSC-HS2032.jpg\" alt=\" \" \/><\/div>\n<div class=\"col-md-7 order-md-1 text-md-left text-center\">\n<h2>Caracter\u00edsticas<\/h2>\n<p class=\"text-muted\">\n<ul data-checked=\"false\">\n<li>Compatible con 32 zonas inal\u00e1mbricas y 8 zonas cableadas disponibles en el controlador.<\/li>\n<li>Compatible con 8 teclados inal\u00e1mbricos o cableados.<\/li>\n<li>Compatible hasta 32 llaves inal\u00e1mbricas o controles colgantes de p\u00e1nico separados.<\/li>\n<li>Compatible hasta 71 tarjetas de proximidad separadas, ademas de un c\u00f3digo maestro.<\/li>\n<li>Memoria de hasta 500 eventos de seguridad personal.<\/li>\n<li>2 salidas de programaci\u00f3n (PGM)<\/li>\n<li>4 Particiones totalmente independientes, cada una de ellas con su propio c\u00f3digo de cuenta.<\/li>\n<li>Comunicaci\u00f3n en 2 v\u00edas<\/li>\n<li>Salida de sirena integrada<\/li>\n<li>Soporta bater\u00eda de\u00a0<strong>12VCD<\/strong>\u00a0de \u00e1cido de plomo a tipo Gel.<br \/>\n<hr class=\"padding-bottom-2x\" \/>\n<div class=\"row align-items-center padding-bottom-2x\">\n<div class=\"col-md-5\"><img decoding=\"async\" class=\"d-block m-auto img-thumbnail\" src=\"https:\/\/tvc.mx\/media\/417955\/Incluye.png\" alt=\" \" \/><\/div>\n<div class=\"col-md-7 text-md-left text-center\">\n<h2>Incluye:<\/h2>\n<p class=\"text-muted\">\n<p><strong>.\u00a015 Resistencias de 5.6 kilo Ohms.<\/strong><\/p>\n<p><strong>.\u00a01 Resistencia de 1\u00a0Kilo Ohm.<\/strong><\/p>\n<p><strong>.\u00a02 Resistencias de 2.2 Kilo Ohms.<\/strong><\/p>\n<p><strong>.\u00a04 Postes para sujetar la tarjeta HS2032 con el gabinete.<\/strong><\/p>\n<p><strong>.\u00a0Arn\u00e9s para conectar la bater\u00eda de respaldo.<\/strong><\/p>\n<\/div>\n<\/div>\n<\/li>\n<\/ul>\n<\/div>\n<\/div>\n","protected":false},"excerpt":{"rendered":"<p>Informaci\u00f3n General Descripci\u00f3n PowerSeries Neo es un sistema de alarma escalable, con numerosas funciones, dise\u00f1ado para uso residencial y comercial. El panel de alarma es compatible con dispositivos cableados e inal\u00e1mbricos. El panel DSC HS2032 es compatible con ocho zonas programables en placa, totalmente supervisadas.&hellip;<\/p>\n","protected":false},"featured_media":3642,"comment_status":"open","ping_status":"closed","template":"","meta":{"om_disable_all_campaigns":false,"_monsterinsights_skip_tracking":false,"_monsterinsights_sitenote_active":false,"_monsterinsights_sitenote_note":"","_monsterinsights_sitenote_category":0},"product_brand":[],"product_cat":[271],"product_tag":[212,211,151],"class_list":{"0":"post-3643","1":"product","2":"type-product","3":"status-publish","4":"has-post-thumbnail","6":"product_cat-paneles-alarmas-dsc","7":"product_tag-alarmas","8":"product_tag-alarmas-e-intrusion","9":"product_tag-seguridad","11":"first","12":"instock","13":"sale","14":"taxable","15":"shipping-taxable","16":"purchasable","17":"product-type-simple"},"aioseo_notices":[],"_links":{"self":[{"href":"https:\/\/tecsecmty.com\/index.php\/wp-json\/wp\/v2\/product\/3643","targetHints":{"allow":["GET"]}}],"collection":[{"href":"https:\/\/tecsecmty.com\/index.php\/wp-json\/wp\/v2\/product"}],"about":[{"href":"https:\/\/tecsecmty.com\/index.php\/wp-json\/wp\/v2\/types\/product"}],"replies":[{"embeddable":true,"href":"https:\/\/tecsecmty.com\/index.php\/wp-json\/wp\/v2\/comments?post=3643"}],"version-history":[{"count":0,"href":"https:\/\/tecsecmty.com\/index.php\/wp-json\/wp\/v2\/product\/3643\/revisions"}],"wp:featuredmedia":[{"embeddable":true,"href":"https:\/\/tecsecmty.com\/index.php\/wp-json\/wp\/v2\/media\/3642"}],"wp:attachment":[{"href":"https:\/\/tecsecmty.com\/index.php\/wp-json\/wp\/v2\/media?parent=3643"}],"wp:term":[{"taxonomy":"product_brand","embeddable":true,"href":"https:\/\/tecsecmty.com\/index.php\/wp-json\/wp\/v2\/product_brand?post=3643"},{"taxonomy":"product_cat","embeddable":true,"href":"https:\/\/tecsecmty.com\/index.php\/wp-json\/wp\/v2\/product_cat?post=3643"},{"taxonomy":"product_tag","embeddable":true,"href":"https:\/\/tecsecmty.com\/index.php\/wp-json\/wp\/v2\/product_tag?post=3643"}],"curies":[{"name":"wp","href":"https:\/\/api.w.org\/{rel}","templated":true}]}}