{"id":3651,"date":"2023-02-23T00:23:09","date_gmt":"2023-02-23T06:23:09","guid":{"rendered":"https:\/\/tecsecmty.com\/index.php\/producto\/dsc-hs3248pcb-panel-de-alarma-poweseries-pro-8-248-zonas-solo-panel-maximo-128-zonas-inalambricas\/"},"modified":"2023-03-22T23:23:18","modified_gmt":"2023-03-23T05:23:18","slug":"dsc-hs3248pcb-panel-de-alarma-poweseries-pro-8-248-zonas-solo-panel-maximo-128-zonas-inalambricas","status":"publish","type":"product","link":"https:\/\/tecsecmty.com\/index.php\/producto\/dsc-hs3248pcb-panel-de-alarma-poweseries-pro-8-248-zonas-solo-panel-maximo-128-zonas-inalambricas\/","title":{"rendered":"DSC HS3248PCB &#8211; Panel de Alarma PoweSeries Pro 8 \/ 248 Zonas ( Solo Panel ) M\u00e1ximo 128 zonas inal\u00e1mbricas"},"content":{"rendered":"<h5 class=\"card-title text-center\">Descripci\u00f3n<\/h5>\n<p>Panel de alarma modelo HS3248PCB de las series POWER SERIES PRO cuenta con capacidad de hasta 248 zonas, es grado 3 de seguridad, comunica con sensores bajo la red POWER G por lo que puede integrarse son sensores inal\u00e1mbricos y cableados.<\/p>\n<p>M\u00e1ximo de zonas inal\u00e1mbricas 128 zonas utilizando el teclado con transceptor terminaci\u00f3n Pro o el transceptor independiente HSM2HOST9<\/p>\n<p><img decoding=\"async\" class=\"overview-center-img-web\" src=\"https:\/\/tvc.mx\/media\/427215\/HS3248PCB-G.png\" alt=\"\" \/><\/p>\n<div class=\"col-md-5\"><img decoding=\"async\" class=\"d-block m-auto img-thumbnail\" src=\"https:\/\/tvc.mx\/media\/66930\/Power-series-pro-overview-lateral.jpg\" alt=\" \" \/><\/div>\n<div class=\"col-md-7 text-md-left text-center\">\n<h2>Especificaciones<\/h2>\n<p class=\"text-muted\">\n<ul>\n<li>Asegura cualquier instalaci\u00f3n comercial medianamente grande sin la necesidad de cables en sensores o teclados<\/li>\n<li>Ampliable hasta 248 zonas<\/li>\n<li class=\"ql-indent-1\">M\u00e1ximo 128 zonas inal\u00e1mbricas<\/li>\n<li class=\"ql-indent-1\">Al colocando 128 zonas inal\u00e1mbricas, posibilidad de tener 120 zonas cableadas<\/li>\n<li class=\"ql-indent-1\">M\u00e1ximo de 248 zonas cableadas<\/li>\n<li>La robusta tecnolog\u00eda PowerG proporciona comunicaciones cifradas inal\u00e1mbricas de largo alcance con tecnolog\u00eda de cifrado AES bidireccional de 128 bits<\/li>\n<li>La potencia a bordo superior, Ethernet a bordo y comunicadores modulares aseguran un valor duradero<\/li>\n<li>F\u00e1cil de instalar con diferentes interfaces para teclados cableados (pantalla t\u00e1ctil frente a LCD), aplicaci\u00f3n de instalaci\u00f3n local y regletas de terminales extra\u00edbles<\/li>\n<li>Para mayor confiabilidad y para evitar manipulaciones, PowerSeries Pro est\u00e1 equipado con capacidad de triple extremo de l\u00ednea para zonas cableadas y antienmascaramiento para zonas cableadas e inal\u00e1mbricas<\/li>\n<li>Ahorra tiempo durante las adquisiciones del sistema con la resistencia programable de zona cableada de fin de l\u00ednea<\/li>\n<li>Reducci\u00f3n dr\u00e1stica de los rodillos de los camiones gracias a las herramientas de diagn\u00f3stico, inspecci\u00f3n y mantenimiento remotos.<\/li>\n<li>Robo comercial inal\u00e1mbrico de ULC listado 1, 2 y 3<\/li>\n<li>Se integra f\u00e1cilmente con alarm.com y otros integradores de terceros, incluido el software de gesti\u00f3n de edificios (BMS) y las soluciones de acceso<\/li>\n<li>El panel PowerSeries Pro admite el\u00a0\u00a0\u00a0termostato de concentrador inteligente\u00a0<a href=\"https:\/\/www.luxproducts.com\/KONOzw\/\" target=\"_blank\" rel=\"noopener\">LUX KONOzw<\/a>\u00a0(requiere el comunicador Alarm.com).\u00a0Disponible en EE. UU. Y Canad\u00e1<\/li>\n<\/ul>\n<\/div>\n","protected":false},"excerpt":{"rendered":"<p>Descripci\u00f3n Panel de alarma modelo HS3248PCB de las series POWER SERIES PRO cuenta con capacidad de hasta 248 zonas, es grado 3 de seguridad, comunica con sensores bajo la red POWER G por lo que puede integrarse son sensores inal\u00e1mbricos y cableados. M\u00e1ximo de zonas&hellip;<\/p>\n","protected":false},"featured_media":3650,"comment_status":"open","ping_status":"closed","template":"","meta":{"om_disable_all_campaigns":false,"_monsterinsights_skip_tracking":false,"_monsterinsights_sitenote_active":false,"_monsterinsights_sitenote_note":"","_monsterinsights_sitenote_category":0},"product_brand":[],"product_cat":[271],"product_tag":[212,211,151],"class_list":{"0":"post-3651","1":"product","2":"type-product","3":"status-publish","4":"has-post-thumbnail","6":"product_cat-paneles-alarmas-dsc","7":"product_tag-alarmas","8":"product_tag-alarmas-e-intrusion","9":"product_tag-seguridad","11":"first","12":"instock","13":"sale","14":"taxable","15":"shipping-taxable","16":"purchasable","17":"product-type-simple"},"aioseo_notices":[],"_links":{"self":[{"href":"https:\/\/tecsecmty.com\/index.php\/wp-json\/wp\/v2\/product\/3651","targetHints":{"allow":["GET"]}}],"collection":[{"href":"https:\/\/tecsecmty.com\/index.php\/wp-json\/wp\/v2\/product"}],"about":[{"href":"https:\/\/tecsecmty.com\/index.php\/wp-json\/wp\/v2\/types\/product"}],"replies":[{"embeddable":true,"href":"https:\/\/tecsecmty.com\/index.php\/wp-json\/wp\/v2\/comments?post=3651"}],"version-history":[{"count":0,"href":"https:\/\/tecsecmty.com\/index.php\/wp-json\/wp\/v2\/product\/3651\/revisions"}],"wp:featuredmedia":[{"embeddable":true,"href":"https:\/\/tecsecmty.com\/index.php\/wp-json\/wp\/v2\/media\/3650"}],"wp:attachment":[{"href":"https:\/\/tecsecmty.com\/index.php\/wp-json\/wp\/v2\/media?parent=3651"}],"wp:term":[{"taxonomy":"product_brand","embeddable":true,"href":"https:\/\/tecsecmty.com\/index.php\/wp-json\/wp\/v2\/product_brand?post=3651"},{"taxonomy":"product_cat","embeddable":true,"href":"https:\/\/tecsecmty.com\/index.php\/wp-json\/wp\/v2\/product_cat?post=3651"},{"taxonomy":"product_tag","embeddable":true,"href":"https:\/\/tecsecmty.com\/index.php\/wp-json\/wp\/v2\/product_tag?post=3651"}],"curies":[{"name":"wp","href":"https:\/\/api.w.org\/{rel}","templated":true}]}}