{"id":3659,"date":"2023-02-23T00:23:17","date_gmt":"2023-02-23T06:23:17","guid":{"rendered":"https:\/\/tecsecmty.com\/index.php\/producto\/dsc-hs3128pcb-tarjeta-serie-pro-128-zonas-con-comunicador-ip-integrado\/"},"modified":"2023-03-22T23:23:28","modified_gmt":"2023-03-23T05:23:28","slug":"dsc-hs3128pcb-tarjeta-serie-pro-128-zonas-con-comunicador-ip-integrado","status":"publish","type":"product","link":"https:\/\/tecsecmty.com\/index.php\/producto\/dsc-hs3128pcb-tarjeta-serie-pro-128-zonas-con-comunicador-ip-integrado\/","title":{"rendered":"DSC-HS3128PCB- Tarjeta Serie Pro 128 Zonas Con Comunicador IP Integrado"},"content":{"rendered":"<div class=\"row aling-items-center padding-bottom-2x\">\n<div class=\"col-lg-12\">\n<h5 class=\"card-title text-center\">Descricpci\u00f3n<\/h5>\n<p>El panel de alarma<strong>\u00a0Power Series Pro\u00a0<\/strong>es un sistema de alarma escalable con un gran numero de funciones, dise\u00f1ado para uso comercial (Grado3). El panel de alarma es compatible con dispositivos cableados e inal\u00e1mbricos<\/p>\n<p><img decoding=\"async\" class=\"overview-center-img-web\" src=\"https:\/\/tvc.mx\/media\/64368\/HS3128-PRO.jpg\" alt=\"\" \/><\/p>\n<\/div>\n<\/div>\n<div class=\"row align-items-center padding-bottom-2x\">\n<div class=\"col-md-5\"><img decoding=\"async\" class=\"d-block m-auto img-thumbnail\" src=\"https:\/\/tvc.mx\/media\/64383\/powerseries-pro.jpg\" alt=\" \" \/><\/div>\n<div class=\"col-md-7 text-md-left text-center\">\n<h2>Especificaciones<\/h2>\n<ul>\n<li>Protege instalaciones comerciales grandes sin la necesidad de cables en sensores o teclados.<\/li>\n<li>Brinda un desempe\u00f1o confiable gracias a su innovadora tecnolog\u00eda de intrusi\u00f3n inal\u00e1mbrica PowerG.<\/li>\n<li>Ofrece protecci\u00f3n cibern\u00e9tica optimizada con tecnolog\u00eda de encripci\u00f3n AES de 128 bits incorporada.<\/li>\n<li>Es ideal para instalaciones comerciales medianas a grandes.<\/li>\n<li>Es sencillo de instalar y cuenta con diferentes interfaces para teclados cableados (pantalla t\u00e1ctil frente a LCD).<\/li>\n<li>Se integra f\u00e1cilmente con Alarm.com y otros productos de terceros, que incluyen software de administraci\u00f3n de edificios y soluciones de acceso de video.<\/li>\n<li>Garantiza oportunidades de crecimiento gracias a su compatibilidad con una lista de productos de seguridad en constante expansi\u00f3n.<\/li>\n<li>Previene las manipulaciones con tecnolog\u00eda de antienmascaramiento optimizada.<\/li>\n<\/ul>\n<\/div>\n<\/div>\n","protected":false},"excerpt":{"rendered":"<p>Descricpci\u00f3n El panel de alarma\u00a0Power Series Pro\u00a0es un sistema de alarma escalable con un gran numero de funciones, dise\u00f1ado para uso comercial (Grado3). El panel de alarma es compatible con dispositivos cableados e inal\u00e1mbricos Especificaciones Protege instalaciones comerciales grandes sin la necesidad de cables en&hellip;<\/p>\n","protected":false},"featured_media":3658,"comment_status":"open","ping_status":"closed","template":"","meta":{"om_disable_all_campaigns":false,"_monsterinsights_skip_tracking":false,"_monsterinsights_sitenote_active":false,"_monsterinsights_sitenote_note":"","_monsterinsights_sitenote_category":0},"product_brand":[],"product_cat":[271],"product_tag":[212,211,151],"class_list":{"0":"post-3659","1":"product","2":"type-product","3":"status-publish","4":"has-post-thumbnail","6":"product_cat-paneles-alarmas-dsc","7":"product_tag-alarmas","8":"product_tag-alarmas-e-intrusion","9":"product_tag-seguridad","11":"first","12":"instock","13":"sale","14":"taxable","15":"shipping-taxable","16":"purchasable","17":"product-type-simple"},"aioseo_notices":[],"_links":{"self":[{"href":"https:\/\/tecsecmty.com\/index.php\/wp-json\/wp\/v2\/product\/3659","targetHints":{"allow":["GET"]}}],"collection":[{"href":"https:\/\/tecsecmty.com\/index.php\/wp-json\/wp\/v2\/product"}],"about":[{"href":"https:\/\/tecsecmty.com\/index.php\/wp-json\/wp\/v2\/types\/product"}],"replies":[{"embeddable":true,"href":"https:\/\/tecsecmty.com\/index.php\/wp-json\/wp\/v2\/comments?post=3659"}],"version-history":[{"count":0,"href":"https:\/\/tecsecmty.com\/index.php\/wp-json\/wp\/v2\/product\/3659\/revisions"}],"wp:featuredmedia":[{"embeddable":true,"href":"https:\/\/tecsecmty.com\/index.php\/wp-json\/wp\/v2\/media\/3658"}],"wp:attachment":[{"href":"https:\/\/tecsecmty.com\/index.php\/wp-json\/wp\/v2\/media?parent=3659"}],"wp:term":[{"taxonomy":"product_brand","embeddable":true,"href":"https:\/\/tecsecmty.com\/index.php\/wp-json\/wp\/v2\/product_brand?post=3659"},{"taxonomy":"product_cat","embeddable":true,"href":"https:\/\/tecsecmty.com\/index.php\/wp-json\/wp\/v2\/product_cat?post=3659"},{"taxonomy":"product_tag","embeddable":true,"href":"https:\/\/tecsecmty.com\/index.php\/wp-json\/wp\/v2\/product_tag?post=3659"}],"curies":[{"name":"wp","href":"https:\/\/api.w.org\/{rel}","templated":true}]}}