{"id":3687,"date":"2023-02-23T00:23:50","date_gmt":"2023-02-23T06:23:50","guid":{"rendered":"https:\/\/tecsecmty.com\/index.php\/producto\/dahua-dhi-art-arc3000h-03-fw2-kit-alarma-inalambrico-con-conexion-4g-wifi-ethernet-monitoreo-por-app-incluye-panel-ethernet-wifi-3g-4g-dual-sim-1-sensor-de-movimiento-1-contacto-magnetico\/"},"modified":"2023-03-22T23:22:30","modified_gmt":"2023-03-23T05:22:30","slug":"dahua-dhi-art-arc3000h-03-fw2-kit-alarma-inalambrico-con-conexion-4g-wifi-ethernet-monitoreo-por-app-incluye-panel-ethernet-wifi-3g-4g-dual-sim-1-sensor-de-movimiento-1-contacto-magnetico","status":"publish","type":"product","link":"https:\/\/tecsecmty.com\/index.php\/producto\/dahua-dhi-art-arc3000h-03-fw2-kit-alarma-inalambrico-con-conexion-4g-wifi-ethernet-monitoreo-por-app-incluye-panel-ethernet-wifi-3g-4g-dual-sim-1-sensor-de-movimiento-1-contacto-magnetico\/","title":{"rendered":"DAHUA DHI-ART-ARC3000H-03-FW2 &#8211; Kit Alarma Inal\u00e1mbrico con Conexi\u00f3n 4G, Wifi, Ethernet\/ Monitoreo por APP\/ Incluye Panel Ethernet, WiFi, 3G, 4G (Dual SIM); 1 Sensor de Movimiento; 1 Contacto Magn\u00e9tico; Un Control Remoto #LoNuevo #AlarmasDahua"},"content":{"rendered":"<div class=\"row aling-items-center padding-bottom-2x\">\n<div class=\"col-lg-12\">\n<h5 class=\"card-title text-center\">Informaci\u00f3n General<\/h5>\n<h2 class=\"ql-align-center\"><strong>Kit de Panel de Alarma de Intrusi\u00f3n Inal\u00e1mbrico (HUB)<\/strong><\/h2>\n<h2 class=\"ql-align-center\">Red por cable Ethernet o WiFi; 4G, 3G o GPRS<\/h2>\n<p class=\"ql-align-justify\">Un dise\u00f1o completamente actual y un sistema tecnol\u00f3gico avanzado hacen que la nueva generaci\u00f3n de productos de alarma de intrusi\u00f3n inal\u00e1mbrica por medio de un HUB, sea mucho m\u00e1s f\u00e1cil de instalar, se vea mejor, se comunique de manera m\u00e1s confiable y funcione de manera estable. Desde la comodidad de las aplicaciones m\u00f3viles DMSS (iOS y Android), administre y controle sus dispositivos, reciba notificaciones en tiempo real, realice operaciones remotas y m\u00e1s.<\/p>\n<p>El kit contiene un concentrador de alarma de intrusi\u00f3n (HUB) modelo DHI-ARC3000H-FW2 para comunicaciones por cable Ethernet o WiFi; 4G, 3G o GPRS, un Sensor de Movimiento modelo DHI-ARD1233-W2, un Contacto Magn\u00e9tico modelo DHI-ARD323-W2 y un Control Remoto DHI-ARA24-W2<\/p>\n<h3>Principales Caracter\u00edsticas<\/h3>\n<ul>\n<li>Conexi\u00f3n del HUB por medio de red Ethernet por cable, o WiFi o 4G o 3G o GPRS<\/li>\n<li>Admite 150 perif\u00e9ricos inal\u00e1mbricos (6 sirenas, 64 llaveros inal\u00e1mbricos).<\/li>\n<li>Visualizaci\u00f3n del estado de los perif\u00e9ricos (intensidad de la se\u00f1al, nivel de bater\u00eda, temperatura, versi\u00f3n del firmware).<\/li>\n<li>Reposici\u00f3n autom\u00e1tica de red (ANR).<\/li>\n<li>Enlace de video en la aplicaci\u00f3n.<\/li>\n<li>Alarma de emergencia SOS.<\/li>\n<li>La funci\u00f3n de salto de frecuencia y la tecnolog\u00eda de comunicaci\u00f3n bidireccional garantizan la estabilidad de la comunicaci\u00f3n.<\/li>\n<li>Actualizaci\u00f3n en la nube y recuperaci\u00f3n autom\u00e1tica de fallas de actualizaci\u00f3n.<\/li>\n<\/ul>\n<p><img decoding=\"async\" class=\"overview-center-img-web\" src=\"https:\/\/tvc.mx\/media\/497810\/kit-de-alarma-inalambrico-comunicacion-3g-4g-ARC3000H-W2-Dahua.png\" alt=\"\" \/><\/div>\n<\/div>\n<div class=\"row align-items-center padding-bottom-2x\"><\/div>\n","protected":false},"excerpt":{"rendered":"<p>Informaci\u00f3n General Kit de Panel de Alarma de Intrusi\u00f3n Inal\u00e1mbrico (HUB) Red por cable Ethernet o WiFi; 4G, 3G o GPRS Un dise\u00f1o completamente actual y un sistema tecnol\u00f3gico avanzado hacen que la nueva generaci\u00f3n de productos de alarma de intrusi\u00f3n inal\u00e1mbrica por medio de&hellip;<\/p>\n","protected":false},"featured_media":3686,"comment_status":"open","ping_status":"closed","template":"","meta":{"om_disable_all_campaigns":false,"_monsterinsights_skip_tracking":false,"_monsterinsights_sitenote_active":false,"_monsterinsights_sitenote_note":"","_monsterinsights_sitenote_category":0},"product_brand":[],"product_cat":[276],"product_tag":[212,211,151],"class_list":{"0":"post-3687","1":"product","2":"type-product","3":"status-publish","4":"has-post-thumbnail","6":"product_cat-paquetes-de-alarma-alarmas-dahua-alarmas-intrusion","7":"product_tag-alarmas","8":"product_tag-alarmas-e-intrusion","9":"product_tag-seguridad","11":"first","12":"instock","13":"sale","14":"taxable","15":"shipping-taxable","16":"purchasable","17":"product-type-simple"},"aioseo_notices":[],"_links":{"self":[{"href":"https:\/\/tecsecmty.com\/index.php\/wp-json\/wp\/v2\/product\/3687","targetHints":{"allow":["GET"]}}],"collection":[{"href":"https:\/\/tecsecmty.com\/index.php\/wp-json\/wp\/v2\/product"}],"about":[{"href":"https:\/\/tecsecmty.com\/index.php\/wp-json\/wp\/v2\/types\/product"}],"replies":[{"embeddable":true,"href":"https:\/\/tecsecmty.com\/index.php\/wp-json\/wp\/v2\/comments?post=3687"}],"version-history":[{"count":0,"href":"https:\/\/tecsecmty.com\/index.php\/wp-json\/wp\/v2\/product\/3687\/revisions"}],"wp:featuredmedia":[{"embeddable":true,"href":"https:\/\/tecsecmty.com\/index.php\/wp-json\/wp\/v2\/media\/3686"}],"wp:attachment":[{"href":"https:\/\/tecsecmty.com\/index.php\/wp-json\/wp\/v2\/media?parent=3687"}],"wp:term":[{"taxonomy":"product_brand","embeddable":true,"href":"https:\/\/tecsecmty.com\/index.php\/wp-json\/wp\/v2\/product_brand?post=3687"},{"taxonomy":"product_cat","embeddable":true,"href":"https:\/\/tecsecmty.com\/index.php\/wp-json\/wp\/v2\/product_cat?post=3687"},{"taxonomy":"product_tag","embeddable":true,"href":"https:\/\/tecsecmty.com\/index.php\/wp-json\/wp\/v2\/product_tag?post=3687"}],"curies":[{"name":"wp","href":"https:\/\/api.w.org\/{rel}","templated":true}]}}