{"id":3699,"date":"2023-02-23T00:24:02","date_gmt":"2023-02-23T06:24:02","guid":{"rendered":"https:\/\/tecsecmty.com\/index.php\/producto\/dsc-hs2032clc2spa-kit-que-contiene-panel-de-alarma-powerseries-neo-hs2032-y-teclado-de-iconos-powerseries-neo-hs2icn\/"},"modified":"2023-03-22T23:23:16","modified_gmt":"2023-03-23T05:23:16","slug":"dsc-hs2032clc2spa-kit-que-contiene-panel-de-alarma-powerseries-neo-hs2032-y-teclado-de-iconos-powerseries-neo-hs2icn","status":"publish","type":"product","link":"https:\/\/tecsecmty.com\/index.php\/producto\/dsc-hs2032clc2spa-kit-que-contiene-panel-de-alarma-powerseries-neo-hs2032-y-teclado-de-iconos-powerseries-neo-hs2icn\/","title":{"rendered":"DSC HS2032CLC2SPA &#8211; Kit que contiene Panel de Alarma PowerSeries NEO HS2032 Y Teclado de Iconos PowerSeries NEO HS2ICN."},"content":{"rendered":"<div class=\"row aling-items-center padding-bottom-2x\">\n<div class=\"col-lg-12\">\n<h5 class=\"card-title text-center\">Informaci\u00f3n general<\/h5>\n<p>PowerSeries Neo de DSC redefine la seguridad contra intrusi\u00f3n combinando la flexibilidad de un sistema cableado modular con la simplicidad de una amplia gama de dispositivos y perif\u00e9ricos inal\u00e1mbricos, resultando ser el sistema h\u00edbrido m\u00e1s completo disponible en el mercado actual.<\/p>\n<p>Esta nueva plataforma excepcionalmente flexible utiliza las insuperables capacidades de PowerG la tecnolog\u00eda inal\u00e1mbrica para intrusi\u00f3n l\u00edder en la industria.<\/p>\n<p><img decoding=\"async\" class=\"overview-center-img-web\" src=\"https:\/\/tvc.mx\/media\/381887\/HS2032.png\" alt=\"\" \/><\/div>\n<\/div>\n<div class=\"row align-items-center padding-bottom-2x\">\n<div class=\"col-md-5\"><img decoding=\"async\" class=\"d-block m-auto img-thumbnail\" src=\"https:\/\/tvc.mx\/media\/381899\/HS2032PCB.png\" alt=\" \" \/><\/div>\n<div class=\"col-md-7 text-md-left text-center\">\n<h2>Caracter\u00edsticas<\/h2>\n<p class=\"text-muted\">\n<ul>\n<li>Compatible con 32 zonas inal\u00e1mbricas y 8 zonas cableadas disponibles en el controlador.<\/li>\n<li>Compatible con 8 teclados inal\u00e1mbricos o cableados.<\/li>\n<li>Compatible hasta 32 llaves inal\u00e1mbricas o controles colgantes de p\u00e1nico separados.<\/li>\n<li>Compatible hasta 71 tarjetas de proximidad separadas, ademas de un c\u00f3digo maestro.<\/li>\n<li>Memoria de hasta 500 eventos de seguridad personal.<\/li>\n<li>2 salidas de programaci\u00f3n (PGM)<\/li>\n<li>4 particiones totalmente independientes, cada una de ellas con su propio c\u00f3digo de cuenta.<\/li>\n<li>Comunicaci\u00f3n en 2 v\u00edas<\/li>\n<li>Salida de sirena integrada<\/li>\n<li>Soporta bater\u00eda de\u00a012VCD\u00a0de \u00e1cido de plomo a tipo Gel.<br \/>\n<h2>Especificaciones<\/h2>\n<p class=\"text-muted\">\n<p>Dimensiones<\/p>\n<p>(L x W x D): 168 mm x 122 mm x 20 mm<\/p>\n<p>(6 1\/16 \u00abx 4 7\/16\u00bb x 13\/16 \u00ab)<\/p>\n<p>\u00c1rea visible del LCD<\/p>\n<p>99 mm x 24 mm (3 9\/10 \u00abx 15\/16\u00bb)<\/p>\n<p>Consumo de corriente<\/p>\n<p>125 mA (M\u00e1x.)<\/p>\n<p>HS2ICN<\/p>\n<p>60 mA<\/p>\n<p>Voltaje<\/p>\n<p>12 VDC nominal<\/p>\n<p>Entorno operativo<\/p>\n<p>-10 \u00b0 C a 55 \u00b0 C (14 \u00b0 F a 131 \u00b0 F)<img decoding=\"async\" class=\"aligncenter\" src=\"https:\/\/tvc.mx\/media\/381935\/esquema-teclado-.png\" alt=\" \" \/><\/li>\n<\/ul>\n<\/div>\n<\/div>\n","protected":false},"excerpt":{"rendered":"<p>Informaci\u00f3n general PowerSeries Neo de DSC redefine la seguridad contra intrusi\u00f3n combinando la flexibilidad de un sistema cableado modular con la simplicidad de una amplia gama de dispositivos y perif\u00e9ricos inal\u00e1mbricos, resultando ser el sistema h\u00edbrido m\u00e1s completo disponible en el mercado actual. Esta nueva&hellip;<\/p>\n","protected":false},"featured_media":3698,"comment_status":"open","ping_status":"closed","template":"","meta":{"om_disable_all_campaigns":false,"_monsterinsights_skip_tracking":false,"_monsterinsights_sitenote_active":false,"_monsterinsights_sitenote_note":"","_monsterinsights_sitenote_category":0},"product_brand":[],"product_cat":[277],"product_tag":[212,211,151],"class_list":{"0":"post-3699","1":"product","2":"type-product","3":"status-publish","4":"has-post-thumbnail","6":"product_cat-paquetes-de-alarma-alarmas-dsc","7":"product_tag-alarmas","8":"product_tag-alarmas-e-intrusion","9":"product_tag-seguridad","11":"first","12":"instock","13":"sale","14":"taxable","15":"shipping-taxable","16":"purchasable","17":"product-type-simple"},"aioseo_notices":[],"_links":{"self":[{"href":"https:\/\/tecsecmty.com\/index.php\/wp-json\/wp\/v2\/product\/3699","targetHints":{"allow":["GET"]}}],"collection":[{"href":"https:\/\/tecsecmty.com\/index.php\/wp-json\/wp\/v2\/product"}],"about":[{"href":"https:\/\/tecsecmty.com\/index.php\/wp-json\/wp\/v2\/types\/product"}],"replies":[{"embeddable":true,"href":"https:\/\/tecsecmty.com\/index.php\/wp-json\/wp\/v2\/comments?post=3699"}],"version-history":[{"count":0,"href":"https:\/\/tecsecmty.com\/index.php\/wp-json\/wp\/v2\/product\/3699\/revisions"}],"wp:featuredmedia":[{"embeddable":true,"href":"https:\/\/tecsecmty.com\/index.php\/wp-json\/wp\/v2\/media\/3698"}],"wp:attachment":[{"href":"https:\/\/tecsecmty.com\/index.php\/wp-json\/wp\/v2\/media?parent=3699"}],"wp:term":[{"taxonomy":"product_brand","embeddable":true,"href":"https:\/\/tecsecmty.com\/index.php\/wp-json\/wp\/v2\/product_brand?post=3699"},{"taxonomy":"product_cat","embeddable":true,"href":"https:\/\/tecsecmty.com\/index.php\/wp-json\/wp\/v2\/product_cat?post=3699"},{"taxonomy":"product_tag","embeddable":true,"href":"https:\/\/tecsecmty.com\/index.php\/wp-json\/wp\/v2\/product_tag?post=3699"}],"curies":[{"name":"wp","href":"https:\/\/api.w.org\/{rel}","templated":true}]}}