{"id":3721,"date":"2023-02-23T00:24:25","date_gmt":"2023-02-23T06:24:25","guid":{"rendered":"https:\/\/tecsecmty.com\/index.php\/producto\/dsc-power-icon-sb-paquete-power-con-panel-pc1832pcbspa-8-zonas-cableadas-expandible-a-32-teclado-icon-pk5501-gabinete-metalico-gtvcmx003-fuente-de-poder-ptc1640u-sin-bateria-losprincipales\/"},"modified":"2023-03-22T23:23:23","modified_gmt":"2023-03-23T05:23:23","slug":"dsc-power-icon-sb-paquete-power-con-panel-pc1832pcbspa-8-zonas-cableadas-expandible-a-32-teclado-icon-pk5501-gabinete-metalico-gtvcmx003-fuente-de-poder-ptc1640u-sin-bateria-losprincipales","status":"publish","type":"product","link":"https:\/\/tecsecmty.com\/index.php\/producto\/dsc-power-icon-sb-paquete-power-con-panel-pc1832pcbspa-8-zonas-cableadas-expandible-a-32-teclado-icon-pk5501-gabinete-metalico-gtvcmx003-fuente-de-poder-ptc1640u-sin-bateria-losprincipales\/","title":{"rendered":"DSC POWER-ICON-SB- Paquete Power con panel PC1832PCBSPA 8 Zonas cableadas expandible a 32\/ Teclado ICON PK5501\/Gabinete Met\u00e1lico GTVCMX003\/ Fuente de Poder PTC1640U\/ Sin Bateria \/ #LosPrincipales"},"content":{"rendered":"<h5 class=\"card-title text-center\">DSC2480029<\/h5>\n<h4>PAQUETE DE ALARMA POWER SERIES<\/h4>\n<p>Los paneles de control power series tienen una acreditada reputaci\u00f3n de proporcionar la calidad y fiabilidad que demandan los profesionales de la seguridad. El dise\u00f1o modular de los paneles de control power series proporciona m\u00e1s funciones de valor a\u00f1adido como soporte para detectores de co, una funci\u00f3n de sincronizaci\u00f3n autom\u00e1tica para reducir el tiempo de instalaci\u00f3n y la flexibilidad de diferentes rutas de informes de alarma.<\/p>\n<h5>COMPONENTES:<\/h5>\n<ul>\n<li>1 Tarjeta power 32 zonas\u00a0PC1832PCBSPA<\/li>\n<li>1\u00a0Teclado power iconos b\u00e1sico\u00a0PK5501<\/li>\n<li>1 Transformador 16VCA\u00a0PTC1640U<\/li>\n<li>1 Gabinete Met\u00e1lico\u00a0GTVCMX003<\/li>\n<li>No incluye bater\u00eda<\/li>\n<\/ul>\n<h4>POWER Tarjeta de alarma 8 \/ 32 Zonas<\/h4>\n<p>Los paneles de control power series tienen una acreditada reputaci\u00f3n de proporcionar la calidad y fiabilidad que demandan los profesionales de la seguridad. El dise\u00f1o modular de los paneles de control power series proporciona m\u00e1s funciones de valor a\u00f1adido como soporte para detectores de contacto, una funci\u00f3n de sincronizaci\u00f3n autom\u00e1tica para reducir el tiempo de instalaci\u00f3n y la flexibilidad de diferentes rutas de informes de alarma.<\/p>\n<h5>DESCRIPCI\u00d3N<\/h5>\n<p>Alimentaci\u00f3n de 16.5 V CA \/40VA, consumo de corriente 700 ma, temperatura de operaci\u00f3n 0 a 49\u00b0c, zonas en placa 8 zonas y 1 b\u00fafer de eventos de 500.<\/p>\n<h5>BENEFICIOS<\/h5>\n<ul>\n<li class=\"ql-align-justify\">Programaci\u00f3n de plantillas<\/li>\n<li class=\"ql-align-justify\">Descarga local y remota<\/li>\n<li class=\"ql-align-justify\">Horario de verano programable<\/li>\n<li class=\"ql-align-justify\">Cid autom\u00e1tica<\/li>\n<li class=\"ql-align-justify\">Audio de 2 v\u00edas<\/li>\n<li class=\"ql-align-justify\">C\u00f3digo de 1 uso<\/li>\n<li class=\"ql-align-justify\">Bloqueo de teclado<\/li>\n<\/ul>\n<p><img decoding=\"async\" src=\"https:\/\/tvc.mx\/media\/30501\/DSC1170001.jpg\" alt=\"POWER Tarjeta de alarma 8 \/ 32 Zonas Cableadas PowerSeries PC1832PCBSPA\" \/><\/p>\n<h5>TECALDO DE ICONOS PK5501<\/h5>\n<p>Los teclados Power Series son de alta calidad y de perfil delgado presentando un agradable y discreto formato para los propietarios y que los instaladores sabr\u00e1n apreciar por su facilidad de programaci\u00f3n e instalaci\u00f3n.<\/p>\n<h5>CARACTERISTICAS:<\/h5>\n<ul>\n<li>Teclado con moderno dise\u00f1o de bajo perfil<\/li>\n<li>Botones grandes e iluminados<\/li>\n<li>5 teclas de funci\u00f3n programables<\/li>\n<li>Terminal de entrada\/salida programable<\/li>\n<li>Teclas FAP individuales<\/li>\n<li>M\u00faltiples timbres de puerta por zona<\/li>\n<li>Iluminaci\u00f3n de fondo de teclado y zumbador audible graduables<\/li>\n<li>Canal para cableado<\/li>\n<li>Interruptor anti-sabotaje dual, en base de pared y tapa frontal<\/li>\n<li>Bisagra de montaje f\u00e1cil de instalar<\/li>\n<li>Montaje de superficie o en caja el\u00e9ctrica rectangular<\/li>\n<\/ul>\n<h5>ESPECIFICACIONES<\/h5>\n<ul>\n<li>Dimensiones&#8230;&#8230;&#8230;&#8230;&#8230;&#8230;&#8230;&#8230;&#8230;&#8230;&#8230;&#8230;&#8230;&#8230;&#8230;&#8230; 6 1\/16\u201d x 4 7\/16\u201d x 13\/16\u201d (154 mm x 113 mm x 20,5 mm)<\/li>\n<li>\u00c1rea visible del LCD&#8230;&#8230;&#8230;&#8230;&#8230;&#8230;&#8230;&#8230;&#8230;&#8230;&#8230;.3 9\/10\u201d x 15\/16\u201d (99 mm x 24 mm)<\/li>\n<li>Consumo de corriente&#8230;&#8230;&#8230;&#8230;&#8230;&#8230;&#8230;&#8230;&#8230;&#8230;.125 mA (M\u00e1x.)<\/li>\n<li>Tensi\u00f3n&#8230;&#8230;&#8230;&#8230;&#8230;&#8230;&#8230;&#8230;&#8230;&#8230;&#8230;&#8230;&#8230;&#8230;&#8230;&#8230;&#8230;&#8230;&#8230;&#8230;12 VDC Nominal<\/li>\n<li>Temperatura de operaci\u00f3n&#8230;&#8230;&#8230;&#8230;&#8230;&#8230;&#8230;&#8230;32\u00b0 a 120\u00b0 F (0\u00b0 a 49\u00b0 C)<\/li>\n<li>Humedad relativa &#8230;&#8230;&#8230;&#8230;&#8230;&#8230;&#8230;&#8230;&#8230;&#8230;&#8230;&#8230;&#8230;. 5 a 93%<\/li>\n<\/ul>\n<p><img decoding=\"async\" src=\"https:\/\/tvc.mx\/media\/30502\/TECLADO-DE-ICONOS.jpg\" alt=\"POWER Teclado con Iconos de 64 Zonas PowerSeries PK5501\" \/><\/p>\n<h4>GABINETE MET\u00c1LICO<\/h4>\n<p>Gabinete grande con perforaciones para instalar en superficie, ideal para los paneles de alarma de la serie power y neo, capacidad para alojar panel y hasta tres m\u00f3dulos m\u00e1s.<\/p>\n<ul>\n<li>Material de metal<\/li>\n<li>Dimensiones 28.4 x 29.4 x 7.7 (Largo x Altura x Ancho)<\/li>\n<li>Barrenos de varias medidas para montaje de tarjetas o m\u00f3dulos<\/li>\n<li>Barrenos traseros para montaje en pared<\/li>\n<li>Gabinete de puerta removible<\/li>\n<\/ul>\n<p>COMPATIBILIDAD<\/p>\n<ul>\n<li>Panel de alarma PowerSeries (PC1616, PC1832, PC1864)<\/li>\n<li>Paneles de alarma PowerSeries Neo (HS2032, HS2064, HS2128)<\/li>\n<\/ul>\n<h5>TRANSFORMADOR DE PANEL DE ALARMA<\/h5>\n<p>El transformador encapsulado PTC1640U permite alimentar sistemas de alarma para toda aplicaci\u00f3n. Cuenta con protecci\u00f3n PTC para evitar que variaciones y descargas de voltaje lleguen al sistema al que est\u00e1 conectado.<\/p>\n<p>DESCRIPCI\u00d3N<\/p>\n<p>Transformador reductor de 120V CA entrada y salida de 16.5 V CA 40VA.<\/p>\n<p>ESPECIFICACIONES<\/p>\n<ul>\n<li>Voltaje de alimentaci\u00f3n: 120VCA, 60Hz.<\/li>\n<li>Voltaje de salida: 16.5VCA, 40VA.<\/li>\n<li>Tipo de conexi\u00f3n: Tornillos<\/li>\n<li>Con LED indicador<\/li>\n<\/ul>\n<p><img decoding=\"async\" src=\"https:\/\/tvc.mx\/media\/30504\/GABINETE.jpg\" alt=\"Gabinete Metalico Grande Beige GTVCMX003\" \/><img decoding=\"async\" src=\"https:\/\/tvc.mx\/media\/30503\/FUENTE-AC-AC.png\" alt=\"Transformador 16VCA \/ 40VA PTC1640U\" \/><img decoding=\"async\" src=\"https:\/\/tvc.mx\/media\/174820\/1920x400.jpg\" \/><\/p>\n","protected":false},"excerpt":{"rendered":"<p>DSC2480029 PAQUETE DE ALARMA POWER SERIES Los paneles de control power series tienen una acreditada reputaci\u00f3n de proporcionar la calidad y fiabilidad que demandan los profesionales de la seguridad. El dise\u00f1o modular de los paneles de control power series proporciona m\u00e1s funciones de valor a\u00f1adido&hellip;<\/p>\n","protected":false},"featured_media":3720,"comment_status":"open","ping_status":"closed","template":"","meta":{"om_disable_all_campaigns":false,"_monsterinsights_skip_tracking":false,"_monsterinsights_sitenote_active":false,"_monsterinsights_sitenote_note":"","_monsterinsights_sitenote_category":0},"product_brand":[],"product_cat":[277],"product_tag":[212,211,151],"class_list":{"0":"post-3721","1":"product","2":"type-product","3":"status-publish","4":"has-post-thumbnail","6":"product_cat-paquetes-de-alarma-alarmas-dsc","7":"product_tag-alarmas","8":"product_tag-alarmas-e-intrusion","9":"product_tag-seguridad","11":"first","12":"instock","13":"sale","14":"taxable","15":"shipping-taxable","16":"purchasable","17":"product-type-simple"},"aioseo_notices":[],"_links":{"self":[{"href":"https:\/\/tecsecmty.com\/index.php\/wp-json\/wp\/v2\/product\/3721","targetHints":{"allow":["GET"]}}],"collection":[{"href":"https:\/\/tecsecmty.com\/index.php\/wp-json\/wp\/v2\/product"}],"about":[{"href":"https:\/\/tecsecmty.com\/index.php\/wp-json\/wp\/v2\/types\/product"}],"replies":[{"embeddable":true,"href":"https:\/\/tecsecmty.com\/index.php\/wp-json\/wp\/v2\/comments?post=3721"}],"version-history":[{"count":0,"href":"https:\/\/tecsecmty.com\/index.php\/wp-json\/wp\/v2\/product\/3721\/revisions"}],"wp:featuredmedia":[{"embeddable":true,"href":"https:\/\/tecsecmty.com\/index.php\/wp-json\/wp\/v2\/media\/3720"}],"wp:attachment":[{"href":"https:\/\/tecsecmty.com\/index.php\/wp-json\/wp\/v2\/media?parent=3721"}],"wp:term":[{"taxonomy":"product_brand","embeddable":true,"href":"https:\/\/tecsecmty.com\/index.php\/wp-json\/wp\/v2\/product_brand?post=3721"},{"taxonomy":"product_cat","embeddable":true,"href":"https:\/\/tecsecmty.com\/index.php\/wp-json\/wp\/v2\/product_cat?post=3721"},{"taxonomy":"product_tag","embeddable":true,"href":"https:\/\/tecsecmty.com\/index.php\/wp-json\/wp\/v2\/product_tag?post=3721"}],"curies":[{"name":"wp","href":"https:\/\/api.w.org\/{rel}","templated":true}]}}