{"id":3737,"date":"2023-02-23T00:24:42","date_gmt":"2023-02-23T06:24:42","guid":{"rendered":"https:\/\/tecsecmty.com\/index.php\/producto\/imou-alarmkit2-paquete-de-alarma-inalamrica-con-panel-de-alarma-incluye-sirena-inalambrica-pir-inalambrico-contacto-magnetico-inalambrico-y-control-remoto-inalambrico\/"},"modified":"2023-03-22T23:23:30","modified_gmt":"2023-03-23T05:23:30","slug":"imou-alarmkit2-paquete-de-alarma-inalamrica-con-panel-de-alarma-incluye-sirena-inalambrica-pir-inalambrico-contacto-magnetico-inalambrico-y-control-remoto-inalambrico","status":"publish","type":"product","link":"https:\/\/tecsecmty.com\/index.php\/producto\/imou-alarmkit2-paquete-de-alarma-inalamrica-con-panel-de-alarma-incluye-sirena-inalambrica-pir-inalambrico-contacto-magnetico-inalambrico-y-control-remoto-inalambrico\/","title":{"rendered":"IMOU ALARMKIT2 &#8211; Paquete de Alarma Inalamrica con Panel de Alarma\/ Incluye Sirena Inalambrica\/ PIR Inalambrico\/ Contacto Magnetico Inalambrico y Control Remoto Inalambrico\/"},"content":{"rendered":"<div class=\"row aling-items-center padding-bottom-2x\">\n<div class=\"col-lg-12\">\n<h5 class=\"card-title text-center\">Informaci\u00f3n General<\/h5>\n<p>Paquete de alarma inal\u00e1mbrica IMOU con todo lo necesario para proteger tu hogar y mantenerla segura.<\/p>\n<p><img decoding=\"async\" class=\"overview-center-img-web\" src=\"https:\/\/tvc.mx\/media\/415791\/paquete-de-alarma-inalambrica-conpanel-de-alarma-sirena-pir-contacto-magnetico-control-remoto-IMOU-PAKALARMPNL-principal.png\" alt=\"\" \/><\/p>\n<\/div>\n<\/div>\n<div class=\"row align-items-center padding-bottom-2x\">\n<div class=\"col-md-5\"><img decoding=\"async\" class=\"d-block m-auto img-thumbnail aligncenter\" src=\"https:\/\/tvc.mx\/media\/415807\/imou-alarm-station-panel-de-alarma-inalambrico-sirena-wifi-o-ethernet.png\" alt=\" \" \/><\/div>\n<div class=\"col-md-7 text-md-left text-center\">\n<h2>IMOU ALARM STATION<\/h2>\n<p>El\u00a0<strong>Alarm Station<\/strong>\u00a0de\u00a0imou, es un panel de alarma inteligente para protecci\u00f3n de hogares\u00a024\/7, con su sistema de alarma en l\u00ednea admite\u00a0hasta 32 detectores Imou(no incluidos). Cuenta con opci\u00f3n de conexi\u00f3n a la red v\u00eda\u00a0Wi-Fi 2.4GHz\u00a0o, a trav\u00e9s de su puerto ethernet para recibir\u00a0notificaciones de alarma\u00a0en cualquier momento que se dispare cualquier evento.<\/p>\n<hr class=\"padding-bottom-2x\" \/>\n<div class=\"row align-items-center padding-bottom-2x\">\n<div class=\"col-md-5 order-md-2\"><img decoding=\"async\" class=\"d-block m-auto img-thumbnail\" src=\"https:\/\/tvc.mx\/media\/415811\/imou-siren-inalambrica-con-estrobo-integrado-caracteristicas.png\" alt=\" \" \/><\/div>\n<div class=\"col-md-7 order-md-1 text-md-left text-center\">\n<h2>IMOU SIREN<\/h2>\n<p>La<strong>\u00a0IMOU SIREN<\/strong>\u00a0se puede usar como un sistema de seguridad para el hogar con los detectores Imou. Tambi\u00e9n se puede vincular a la c\u00e1mara Wi-Fi habilitada con Airfly para protecci\u00f3n de seguridad. Cuando el sensor Imou detecta una intrusi\u00f3n, la sirena sonar\u00e1 y el volumen puede alcanzar hasta 85dB.<\/p>\n<div class=\"row align-items-center padding-bottom-2x\">\n<div class=\"col-md-5\"><img decoding=\"async\" class=\"d-block m-auto img-thumbnail\" src=\"https:\/\/tvc.mx\/media\/415815\/imou-motion-detetctor-sensor-de-movimiento-inalambrico-caracterisricas.png\" alt=\" \" \/><\/div>\n<div class=\"col-md-7 text-md-left text-center\">\n<h2>IMOU MOTION DETECTOR<\/h2>\n<p>El\u00a0Imou\u00a0<strong>Motion Detector<\/strong>, es un sensor de movimiento para interior que permite mantener seguro su hogar con los beneficios de una instalaci\u00f3n totalmente inal\u00e1mbrica\u00a0(requiere enrolarse con el\u00a0Alarm Station\u00a0de Imou). La detecci\u00f3n PIR detecta con precisi\u00f3n la intrusi\u00f3n humana y\u00a0evita falsas alarmas\u00a0de mascotas de menos de 18 kg. Cuenta con un \u00e1ngulo de cobertura de\u00a090\u00b0\u00a0y un rango de hasta\u00a012m.<\/p>\n<p>&nbsp;<\/p>\n<\/div>\n<\/div>\n<hr class=\"padding-bottom-2x\" \/>\n<div class=\"row align-items-center padding-bottom-2x\">\n<div class=\"col-md-5 order-md-2\"><img decoding=\"async\" class=\"d-block m-auto img-thumbnail\" src=\"https:\/\/tvc.mx\/media\/415819\/imou-door-contact-contacto-magnetico-inalambrico.png\" alt=\" \" \/><\/div>\n<div class=\"col-md-7 order-md-1 text-md-left text-center\">\n<h2>IMOU DOOR CONTACT<\/h2>\n<p>Al colocar\u00a0<strong>Imou Door Contact<\/strong>\u00a0en su puerta o ventana para protecci\u00f3n contra la entrada no autorizada. Recibir\u00e1 un mensaje de alerta en la aplicaci\u00f3n Imou cuando alguien abra su puerta o ventana. Funciona con pilas y puedes instalarlo f\u00e1cilmente con adhesivo de doble cara.<\/p>\n<div class=\"col-md-5\"><\/div>\n<div class=\"col-md-7 text-md-left text-center\">\n<h2><\/h2>\n<p>&nbsp;<\/p>\n<\/div>\n<\/div>\n<\/div>\n<\/div>\n<\/div>\n<\/div>\n<\/div>\n","protected":false},"excerpt":{"rendered":"<p>Informaci\u00f3n General Paquete de alarma inal\u00e1mbrica IMOU con todo lo necesario para proteger tu hogar y mantenerla segura. IMOU ALARM STATION El\u00a0Alarm Station\u00a0de\u00a0imou, es un panel de alarma inteligente para protecci\u00f3n de hogares\u00a024\/7, con su sistema de alarma en l\u00ednea admite\u00a0hasta 32 detectores Imou(no incluidos).&hellip;<\/p>\n","protected":false},"featured_media":3736,"comment_status":"open","ping_status":"closed","template":"","meta":{"om_disable_all_campaigns":false,"_monsterinsights_skip_tracking":false,"_monsterinsights_sitenote_active":false,"_monsterinsights_sitenote_note":"","_monsterinsights_sitenote_category":0},"product_brand":[],"product_cat":[276],"product_tag":[212,211,151],"class_list":{"0":"post-3737","1":"product","2":"type-product","3":"status-publish","4":"has-post-thumbnail","6":"product_cat-paquetes-de-alarma-alarmas-dahua-alarmas-intrusion","7":"product_tag-alarmas","8":"product_tag-alarmas-e-intrusion","9":"product_tag-seguridad","11":"first","12":"instock","13":"sale","14":"taxable","15":"shipping-taxable","16":"purchasable","17":"product-type-simple"},"aioseo_notices":[],"_links":{"self":[{"href":"https:\/\/tecsecmty.com\/index.php\/wp-json\/wp\/v2\/product\/3737","targetHints":{"allow":["GET"]}}],"collection":[{"href":"https:\/\/tecsecmty.com\/index.php\/wp-json\/wp\/v2\/product"}],"about":[{"href":"https:\/\/tecsecmty.com\/index.php\/wp-json\/wp\/v2\/types\/product"}],"replies":[{"embeddable":true,"href":"https:\/\/tecsecmty.com\/index.php\/wp-json\/wp\/v2\/comments?post=3737"}],"version-history":[{"count":0,"href":"https:\/\/tecsecmty.com\/index.php\/wp-json\/wp\/v2\/product\/3737\/revisions"}],"wp:featuredmedia":[{"embeddable":true,"href":"https:\/\/tecsecmty.com\/index.php\/wp-json\/wp\/v2\/media\/3736"}],"wp:attachment":[{"href":"https:\/\/tecsecmty.com\/index.php\/wp-json\/wp\/v2\/media?parent=3737"}],"wp:term":[{"taxonomy":"product_brand","embeddable":true,"href":"https:\/\/tecsecmty.com\/index.php\/wp-json\/wp\/v2\/product_brand?post=3737"},{"taxonomy":"product_cat","embeddable":true,"href":"https:\/\/tecsecmty.com\/index.php\/wp-json\/wp\/v2\/product_cat?post=3737"},{"taxonomy":"product_tag","embeddable":true,"href":"https:\/\/tecsecmty.com\/index.php\/wp-json\/wp\/v2\/product_tag?post=3737"}],"curies":[{"name":"wp","href":"https:\/\/api.w.org\/{rel}","templated":true}]}}