{"id":3743,"date":"2023-02-23T00:24:48","date_gmt":"2023-02-23T06:24:48","guid":{"rendered":"https:\/\/tecsecmty.com\/index.php\/producto\/risco-lightsys-plus-wireless-paquete-de-alarma-hasta-512-zonas-con-ethernet-y-wifi-integrado-incluye-tarjeta-lightsys-plus-gabinete-de-policarbonato-teclado-lcd-fuente-receptor-inalambrico-pir\/"},"modified":"2023-03-22T23:23:46","modified_gmt":"2023-03-23T05:23:46","slug":"risco-lightsys-plus-wireless-paquete-de-alarma-hasta-512-zonas-con-ethernet-y-wifi-integrado-incluye-tarjeta-lightsys-plus-gabinete-de-policarbonato-teclado-lcd-fuente-receptor-inalambrico-pir","status":"publish","type":"product","link":"https:\/\/tecsecmty.com\/index.php\/producto\/risco-lightsys-plus-wireless-paquete-de-alarma-hasta-512-zonas-con-ethernet-y-wifi-integrado-incluye-tarjeta-lightsys-plus-gabinete-de-policarbonato-teclado-lcd-fuente-receptor-inalambrico-pir\/","title":{"rendered":"RISCO LIGHTSYS PLUS WIRELESS &#8211; Paquete de Alarma-Hasta 512 Zonas con Ethernet y Wifi Integrado. Incluye Tarjeta Lightsys Plus, Gabinete de Policarbonato, Teclado LCD, Fuente, Receptor Inal\u00e1mbrico, PIR Inal\u00e1mbrico y Sensor Magn\u00e9tico Inal\u00e1mbrico"},"content":{"rendered":"","protected":false},"excerpt":{"rendered":"","protected":false},"featured_media":3742,"comment_status":"open","ping_status":"closed","template":"","meta":{"om_disable_all_campaigns":false,"_monsterinsights_skip_tracking":false,"_monsterinsights_sitenote_active":false,"_monsterinsights_sitenote_note":"","_monsterinsights_sitenote_category":0},"product_brand":[],"product_cat":[279],"product_tag":[212,211,151],"class_list":{"0":"post-3743","1":"product","2":"type-product","3":"status-publish","4":"has-post-thumbnail","6":"product_cat-paquetes-de-alarma-alarmas-risco","7":"product_tag-alarmas","8":"product_tag-alarmas-e-intrusion","9":"product_tag-seguridad","11":"first","12":"instock","13":"sale","14":"taxable","15":"shipping-taxable","16":"purchasable","17":"product-type-simple"},"aioseo_notices":[],"_links":{"self":[{"href":"https:\/\/tecsecmty.com\/index.php\/wp-json\/wp\/v2\/product\/3743","targetHints":{"allow":["GET"]}}],"collection":[{"href":"https:\/\/tecsecmty.com\/index.php\/wp-json\/wp\/v2\/product"}],"about":[{"href":"https:\/\/tecsecmty.com\/index.php\/wp-json\/wp\/v2\/types\/product"}],"replies":[{"embeddable":true,"href":"https:\/\/tecsecmty.com\/index.php\/wp-json\/wp\/v2\/comments?post=3743"}],"version-history":[{"count":0,"href":"https:\/\/tecsecmty.com\/index.php\/wp-json\/wp\/v2\/product\/3743\/revisions"}],"wp:featuredmedia":[{"embeddable":true,"href":"https:\/\/tecsecmty.com\/index.php\/wp-json\/wp\/v2\/media\/3742"}],"wp:attachment":[{"href":"https:\/\/tecsecmty.com\/index.php\/wp-json\/wp\/v2\/media?parent=3743"}],"wp:term":[{"taxonomy":"product_brand","embeddable":true,"href":"https:\/\/tecsecmty.com\/index.php\/wp-json\/wp\/v2\/product_brand?post=3743"},{"taxonomy":"product_cat","embeddable":true,"href":"https:\/\/tecsecmty.com\/index.php\/wp-json\/wp\/v2\/product_cat?post=3743"},{"taxonomy":"product_tag","embeddable":true,"href":"https:\/\/tecsecmty.com\/index.php\/wp-json\/wp\/v2\/product_tag?post=3743"}],"curies":[{"name":"wp","href":"https:\/\/api.w.org\/{rel}","templated":true}]}}