{"id":3795,"date":"2023-02-23T00:25:43","date_gmt":"2023-02-23T06:25:43","guid":{"rendered":"https:\/\/tecsecmty.com\/index.php\/producto\/bosch-i_ds1101i-detector-de-ruptura-de-cristal-tecnologia-de-analisis-de-sonido-sat-basada-en-microprocesador-7-5m\/"},"modified":"2023-03-22T23:21:21","modified_gmt":"2023-03-23T05:21:21","slug":"bosch-i_ds1101i-detector-de-ruptura-de-cristal-tecnologia-de-analisis-de-sonido-sat-basada-en-microprocesador-7-5m","status":"publish","type":"product","link":"https:\/\/tecsecmty.com\/index.php\/producto\/bosch-i_ds1101i-detector-de-ruptura-de-cristal-tecnologia-de-analisis-de-sonido-sat-basada-en-microprocesador-7-5m\/","title":{"rendered":"BOSCH I_DS1101i &#8211; Detector de ruptura de cristal \/ Tecnologia de analisis de sonido (SAT) basada en MICROPROCESADOR \/ 7.5M"},"content":{"rendered":"<div class=\"row aling-items-center padding-bottom-2x\">\n<div class=\"col-lg-12\">\n<h5 class=\"card-title text-center\">DS1101i Series Detectores de roturas de cristal<\/h5>\n<p>&nbsp;<\/p>\n<p><img decoding=\"async\" class=\"overview-center-img-web\" src=\"https:\/\/tvc.mx\/media\/94201\/Logoopaginas-oficial-1920x400.png\" alt=\"\" \/><\/div>\n<\/div>\n<div class=\"row align-items-center padding-bottom-2x\">\n<div class=\"col-md-5\"><img decoding=\"async\" class=\"d-block m-auto img-thumbnail\" src=\"https:\/\/tvc.mx\/media\/94205\/DS1101iconfig5.png\" alt=\" \" \/><\/div>\n<div class=\"col-md-7 text-md-left text-center\">\n<h2>Resumen del sistema<\/h2>\n<p class=\"text-muted\">\n<p class=\"ql-align-justify\">El detector serie DS1100i utiliza tecnolog\u00eda de an\u00e1lisis de sonidos (SAT) basada en microprocesador para escuchar las frecuencias espec\u00edficas asociadas a la rotura de cristales. Los modelos DS1101i, DS1101i- -BEL, DS1101i-CHI y DS1101i-FRA se pueden utilizar para detectar la rotura de lunas, vidrio templado, cristal laminado y vidrio armado. Una funci\u00f3n de prueba ambiental integrada alerta al instalador sobre el riesgo de falsas alarmas en entornos complicados. Detectores redondos de montaje en techo o pared.<\/p>\n<hr class=\"padding-bottom-2x\" \/>\n<div class=\"row align-items-center padding-bottom-2x\">\n<div class=\"col-md-5 order-md-2\"><img decoding=\"async\" class=\"d-block m-auto img-thumbnail\" src=\"https:\/\/tvc.mx\/media\/94213\/DS1101iconfig7.png\" alt=\" \" \/><\/div>\n<div class=\"col-md-7 order-md-1 text-md-left text-center\">\n<h2>Notas de instalaci\u00f3n \/ configuraci\u00f3n<\/h2>\n<p class=\"text-muted\">\n<p class=\"ql-align-justify\">Nota: El componente de un sistema de protecci\u00f3n de per\u00edmetro. Se deben utilizar siempre junto con sensores de movimiento.<\/p>\n<p class=\"ql-align-justify\"><strong>Montaje<\/strong><\/p>\n<p class=\"ql-align-justify\">Monte el detector serie DS1101i en el techo o en la pared opuesta, o bien junto a la ventana. La cobertura depende de la ac\u00fastica de la habitaci\u00f3n y del tama\u00f1o de la ventana.<\/p>\n<p class=\"ql-align-justify\"><strong>Cobertura est\u00e1ndar<\/strong><\/p>\n<p class=\"ql-align-justify\">Es de 7,6 m (25 pies) para cristales mayores de 30,5 cm x 30,5 cm (12 pulg. x 12 pulg.).<\/p>\n<\/div>\n<\/div>\n<\/div>\n<\/div>\n","protected":false},"excerpt":{"rendered":"<p>DS1101i Series Detectores de roturas de cristal &nbsp; Resumen del sistema El detector serie DS1100i utiliza tecnolog\u00eda de an\u00e1lisis de sonidos (SAT) basada en microprocesador para escuchar las frecuencias espec\u00edficas asociadas a la rotura de cristales. Los modelos DS1101i, DS1101i- -BEL, DS1101i-CHI y DS1101i-FRA se&hellip;<\/p>\n","protected":false},"featured_media":3794,"comment_status":"open","ping_status":"closed","template":"","meta":{"om_disable_all_campaigns":false,"_monsterinsights_skip_tracking":false,"_monsterinsights_sitenote_active":false,"_monsterinsights_sitenote_note":"","_monsterinsights_sitenote_category":0},"product_brand":[],"product_cat":[281],"product_tag":[212,211,151],"class_list":{"0":"post-3795","1":"product","2":"type-product","3":"status-publish","4":"has-post-thumbnail","6":"product_cat-sensores-de-alarma-alarmas-bosch","7":"product_tag-alarmas","8":"product_tag-alarmas-e-intrusion","9":"product_tag-seguridad","11":"first","12":"instock","13":"sale","14":"taxable","15":"shipping-taxable","16":"purchasable","17":"product-type-simple"},"aioseo_notices":[],"_links":{"self":[{"href":"https:\/\/tecsecmty.com\/index.php\/wp-json\/wp\/v2\/product\/3795","targetHints":{"allow":["GET"]}}],"collection":[{"href":"https:\/\/tecsecmty.com\/index.php\/wp-json\/wp\/v2\/product"}],"about":[{"href":"https:\/\/tecsecmty.com\/index.php\/wp-json\/wp\/v2\/types\/product"}],"replies":[{"embeddable":true,"href":"https:\/\/tecsecmty.com\/index.php\/wp-json\/wp\/v2\/comments?post=3795"}],"version-history":[{"count":0,"href":"https:\/\/tecsecmty.com\/index.php\/wp-json\/wp\/v2\/product\/3795\/revisions"}],"wp:featuredmedia":[{"embeddable":true,"href":"https:\/\/tecsecmty.com\/index.php\/wp-json\/wp\/v2\/media\/3794"}],"wp:attachment":[{"href":"https:\/\/tecsecmty.com\/index.php\/wp-json\/wp\/v2\/media?parent=3795"}],"wp:term":[{"taxonomy":"product_brand","embeddable":true,"href":"https:\/\/tecsecmty.com\/index.php\/wp-json\/wp\/v2\/product_brand?post=3795"},{"taxonomy":"product_cat","embeddable":true,"href":"https:\/\/tecsecmty.com\/index.php\/wp-json\/wp\/v2\/product_cat?post=3795"},{"taxonomy":"product_tag","embeddable":true,"href":"https:\/\/tecsecmty.com\/index.php\/wp-json\/wp\/v2\/product_tag?post=3795"}],"curies":[{"name":"wp","href":"https:\/\/api.w.org\/{rel}","templated":true}]}}