{"id":3803,"date":"2023-02-23T00:25:52","date_gmt":"2023-02-23T06:25:52","guid":{"rendered":"https:\/\/tecsecmty.com\/index.php\/producto\/bosch-i_ds939-sensor-pir-panoramico-360-grados-21-m-procesamiento-fsp\/"},"modified":"2023-03-22T23:21:22","modified_gmt":"2023-03-23T05:21:22","slug":"bosch-i_ds939-sensor-pir-panoramico-360-grados-21-m-procesamiento-fsp","status":"publish","type":"product","link":"https:\/\/tecsecmty.com\/index.php\/producto\/bosch-i_ds939-sensor-pir-panoramico-360-grados-21-m-procesamiento-fsp\/","title":{"rendered":"BOSCH I_DS939 &#8211; Sensor PIR panoramico 360 grados \/ 21 M \/ PROCESAMIENTO FSP"},"content":{"rendered":"<h5 class=\"card-title text-center\">Detectores PIR panor\u00e1micos serie DS939<\/h5>\n<p>Descripci\u00f3n inicial<\/p>\n<p>Altura de montaje de hasta 6,1 m (20 pies)<\/p>\n<p>\u00d3ptica totalmente regulable para la integridad de la cobertura e instalaci\u00f3n personalizada<\/p>\n<p>Armaz\u00f3n y placa base articulados para una f\u00e1cil instalaci\u00f3n<\/p>\n<p>LED y sistema de tubos luminosos de alta eficacia para pruebas de paseo f\u00e1ciles<\/p>\n<p>Procesamiento First Step (FSP)<\/p>\n<p><img decoding=\"async\" class=\"overview-center-img-web\" src=\"https:\/\/tvc.mx\/media\/187711\/BANNER-INTRUSION.png\" alt=\"\" \/><img decoding=\"async\" src=\"https:\/\/tvc.mx\/media\/185563\/Sin-t%C3%ADtulo-4aaaa.png\" alt=\" \" \/><\/p>\n<h2>Caracter\u00edsticas y Especificaciones<\/h2>\n<p class=\"text-muted\">\n<p>Los detectores PIR DS939 de montaje en techo proporcionan un patr\u00f3n de cobertura panor\u00e1mica de hasta 16,4 m (54 pies) y se pueden montar en techos de hasta 6,1 m (20 pies) de alto. Con tres secciones de PIR diferentes que son totalmente regulables, los detectores DS939 ofrecen una integridad de cobertura en cualquier altura de montaje, m\u00e1s la capacidad de personalizar la cobertura en zonas espec\u00edficas. Los detectores DS939 utilizan varias t\u00e9cnicas de procesamiento patentadas para proporcionar un excelente nivel de detecci\u00f3n sin falsas alarmas.<\/p>\n<p><strong>Procesamiento de se\u00f1ales<\/strong><\/p>\n<p>Los detectores DS939 utilizan tecnolog\u00edas por infrarrojos pasivos para emitir alarmas si se activa el campo de protecci\u00f3n. Las se\u00f1ales de alarma deben cumplir con los requisitos de se\u00f1alizaci\u00f3n para activar una alarma.<\/p>\n<p><strong>Procesamiento First Step<\/strong><\/p>\n<p>El procesamiento First Step (FSP) ofrece una respuesta casi instant\u00e1nea ante blancos humanos sin sacrificar la inmunidad contra falsas alarmas de otras fuentes. Su sensibilidad est\u00e1 basada en el ajuste de la amplitud, polaridad, pendiente y periodo de la se\u00f1al, por lo que el FSP le elimina al instalador la necesidad de ajustar un nivel de sensibilidad en cada aplicaci\u00f3n. Cada sensor se procesa individualmente y ambos tienen que estar de acuerdo antes de que se active el rel\u00e9 de la alarma.<\/p>\n<p>Caracter\u00edsticas de prueba<\/p>\n<p>\u2022 Un LED y un sistema de tubos luminosos de alta eficacia proporcionan una se\u00f1alizaci\u00f3n durante la prueba de paseo que se ve f\u00e1cilmente desde cualquier \u00e1ngulo y altura de montaje.<\/p>\n<p>\u2022 La funci\u00f3n de memoria de alarma hace que el LED de alarma quede encendido, permitiendo una mejor respuesta.<\/p>\n<p>\u2022 El LED de alarma de la prueba de paseo puede ser activado y desactivado de forma remota a trav\u00e9s de una entrada de conmutaci\u00f3n, sin necesidad de acceder al detector<\/p>\n<p>La proyecci\u00f3n consiste en 69 zonas distribuidas en 21 barreras. Las barreras est\u00e1n agrupadas en tres grupos de siete barreras cada uno. Cada uno de estos grupos posee ajustes verticales para personalizar la cobertura de detecci\u00f3n.<\/p>\n<div class=\"col-md-5\"><img decoding=\"async\" class=\"d-block m-auto img-thumbnail\" src=\"https:\/\/tvc.mx\/media\/185571\/Sin-t%C3%ADtulo-5.png\" alt=\" \" \/><\/div>\n<div class=\"col-md-7 text-md-left text-center\">\n<h2>Consideraciones para el montaje<\/h2>\n<p class=\"text-muted\">\n<p>El rango de altura de montaje es de 2,4 m a 6,1 m (de 8 pies a 20 pies). Estos detectores se pueden montar directamente en el techo o sobre una caja el\u00e9ctrica rectangular est\u00e1ndar de 9 cm (3,5 pulg.). El alcance m\u00e1ximo del detector depende de la altura de montaje y del ajuste vertical del patr\u00f3n de cobertura PIR. Si hay zonas con partes en las que se necesita una cobertura espec\u00edfica, se pueden ajustar los m\u00f3dulos \u00f3pticos para que proporcionen esa cobertura. Se incluye un kit de enmascaramiento con dos m\u00e1scaras de 120\u00b0 y otras dos de 90\u00b0 para enmascarar zonas no deseadas. Aplicaci\u00f3n de las m\u00e1scaras al exterior del detector. Con las m\u00e1scaras suministradas puede enmascarar \u00e1ngulos de 90\u00b0, 120\u00b0, 180\u00b0, 210\u00b0, 240\u00b0 o 330\u00b0.<\/p>\n<\/div>\n","protected":false},"excerpt":{"rendered":"<p>Detectores PIR panor\u00e1micos serie DS939 Descripci\u00f3n inicial Altura de montaje de hasta 6,1 m (20 pies) \u00d3ptica totalmente regulable para la integridad de la cobertura e instalaci\u00f3n personalizada Armaz\u00f3n y placa base articulados para una f\u00e1cil instalaci\u00f3n LED y sistema de tubos luminosos de alta&hellip;<\/p>\n","protected":false},"featured_media":3802,"comment_status":"open","ping_status":"closed","template":"","meta":{"om_disable_all_campaigns":false,"_monsterinsights_skip_tracking":false,"_monsterinsights_sitenote_active":false,"_monsterinsights_sitenote_note":"","_monsterinsights_sitenote_category":0},"product_brand":[],"product_cat":[281],"product_tag":[212,211,151],"class_list":{"0":"post-3803","1":"product","2":"type-product","3":"status-publish","4":"has-post-thumbnail","6":"product_cat-sensores-de-alarma-alarmas-bosch","7":"product_tag-alarmas","8":"product_tag-alarmas-e-intrusion","9":"product_tag-seguridad","11":"first","12":"instock","13":"sale","14":"taxable","15":"shipping-taxable","16":"purchasable","17":"product-type-simple"},"aioseo_notices":[],"_links":{"self":[{"href":"https:\/\/tecsecmty.com\/index.php\/wp-json\/wp\/v2\/product\/3803","targetHints":{"allow":["GET"]}}],"collection":[{"href":"https:\/\/tecsecmty.com\/index.php\/wp-json\/wp\/v2\/product"}],"about":[{"href":"https:\/\/tecsecmty.com\/index.php\/wp-json\/wp\/v2\/types\/product"}],"replies":[{"embeddable":true,"href":"https:\/\/tecsecmty.com\/index.php\/wp-json\/wp\/v2\/comments?post=3803"}],"version-history":[{"count":0,"href":"https:\/\/tecsecmty.com\/index.php\/wp-json\/wp\/v2\/product\/3803\/revisions"}],"wp:featuredmedia":[{"embeddable":true,"href":"https:\/\/tecsecmty.com\/index.php\/wp-json\/wp\/v2\/media\/3802"}],"wp:attachment":[{"href":"https:\/\/tecsecmty.com\/index.php\/wp-json\/wp\/v2\/media?parent=3803"}],"wp:term":[{"taxonomy":"product_brand","embeddable":true,"href":"https:\/\/tecsecmty.com\/index.php\/wp-json\/wp\/v2\/product_brand?post=3803"},{"taxonomy":"product_cat","embeddable":true,"href":"https:\/\/tecsecmty.com\/index.php\/wp-json\/wp\/v2\/product_cat?post=3803"},{"taxonomy":"product_tag","embeddable":true,"href":"https:\/\/tecsecmty.com\/index.php\/wp-json\/wp\/v2\/product_tag?post=3803"}],"curies":[{"name":"wp","href":"https:\/\/api.w.org\/{rel}","templated":true}]}}