{"id":3807,"date":"2023-02-23T00:25:58","date_gmt":"2023-02-23T06:25:58","guid":{"rendered":"https:\/\/tecsecmty.com\/index.php\/producto\/bosch-i_iscbdl2w12g-detector-de-movimiento-tritech-10-525ghz12m-compatible-con-bosch-risco-dsc-ihorn\/"},"modified":"2023-03-22T23:21:22","modified_gmt":"2023-03-23T05:21:22","slug":"bosch-i_iscbdl2w12g-detector-de-movimiento-tritech-10-525ghz12m-compatible-con-bosch-risco-dsc-ihorn","status":"publish","type":"product","link":"https:\/\/tecsecmty.com\/index.php\/producto\/bosch-i_iscbdl2w12g-detector-de-movimiento-tritech-10-525ghz12m-compatible-con-bosch-risco-dsc-ihorn\/","title":{"rendered":"BOSCH I_ISCBDL2W12G &#8211; Detector de movimiento TRITECH \/ 10.525GHZ12M \/ Compatible con BOSCH \/ RISCO \/ DSC \/ IHORN"},"content":{"rendered":"<h5 class=\"card-title text-center\">Detectores de Movimiento TriTech Blue Line Gen2<\/h5>\n<p>Modelo disponible con identificaci\u00f3n de mascotas seleccionable: optimiza la instalaci\u00f3n para aplicaciones con mascotas (45 kg [100 lb]) y sin mascotas u Compensaci\u00f3n din\u00e1mica de temperatura: nivel de detecci\u00f3n superior en cualquier entorno u Procesamiento adaptable del ruido de microondas: reduce las falsas alarmas de fuentes repetitivas u Cobertura de pared a pared: nivel de detecci\u00f3n superior u Altura de montaje flexible, sin necesidad de realizar ajustes: reduce el tiempo de instalaci\u00f3n y las falsas alarmas, y mejora el nivel de detecci\u00f3n<\/p>\n<p><img decoding=\"async\" class=\"overview-center-img-web\" src=\"https:\/\/tvc.mx\/media\/188674\/BANNER-INTRUSION.png\" alt=\"\" \/><\/p>\n<h2>Descripci\u00f3n inicial<\/h2>\n<p class=\"text-muted\">\n<p>Los detectores de movimiento TriTech Blue Line Gen2 (ISC-BDL2) utilizan una combinaci\u00f3n de detecci\u00f3n por infrarrojos pasivos (PIR) y radar Doppler de microondas con procesamiento avanzado de se\u00f1ales. Los modelos con identificaci\u00f3n de mascotas (\u2011WP) generan alarmas para intrusos humanos sin originar falsas alarmas por mascotas. Estos peque\u00f1os y discretos detectores se instalan f\u00e1cilmente y no necesitan ajustes in situ.<\/p>\n<h2>Caracter\u00edsticas y Especificaciones<\/h2>\n<p class=\"text-muted\">\n<p class=\"ql-align-justify\">Procesamiento First Step (FSP)<\/p>\n<p class=\"ql-align-justify\">El procesamiento First Step (FSP) responde de forma casi instant\u00e1nea ante objetivos humanos sin emitir falsas alarmas desde otras fuentes. El procesamiento FSP ajusta la sensibilidad del detector en funci\u00f3n de la amplitud, polaridad, pendiente y frecuencia de la se\u00f1al. De esta forma, el instalador no necesita ajustar el nivel de sensibilidad, lo que aumenta la facilidad de instalaci\u00f3n y la fiabilidad.<\/p>\n<p class=\"ql-align-justify\">Selecci\u00f3n de inmunidad de mascotas (s\u00f3lo modelos \u2011WP)<\/p>\n<p class=\"ql-align-justify\">El instalador puede activar o desactivar la inmunidad frente a mascotas seg\u00fan las necesidades de la aplicaci\u00f3n. Cuando la inmunidad frente a mascotas est\u00e1 desactivada, el detector ofrece el mismo nivel de detecci\u00f3n superior que los modelos que no incluyen la identificaci\u00f3n de mascotas. Cuando la inmunidad frente a mascotas est\u00e1 activada, el detector distingue las se\u00f1ales causadas por los humanos de las causadas por mascotas, ignorando las provocadas por una o dos mascotas de hasta 45 kg (100 libras) o por varios roedores. Procesamiento adaptable de ruido por microondas El procesamiento adaptable de ruido por microondas se ajusta a los valores del fondo, lo que disminuye el n\u00famero de falsas alarmas sin sacrificar el nivel de detecci\u00f3n de intrusos.<\/p>\n","protected":false},"excerpt":{"rendered":"<p>Detectores de Movimiento TriTech Blue Line Gen2 Modelo disponible con identificaci\u00f3n de mascotas seleccionable: optimiza la instalaci\u00f3n para aplicaciones con mascotas (45 kg [100 lb]) y sin mascotas u Compensaci\u00f3n din\u00e1mica de temperatura: nivel de detecci\u00f3n superior en cualquier entorno u Procesamiento adaptable del ruido&hellip;<\/p>\n","protected":false},"featured_media":3806,"comment_status":"open","ping_status":"closed","template":"","meta":{"om_disable_all_campaigns":false,"_monsterinsights_skip_tracking":false,"_monsterinsights_sitenote_active":false,"_monsterinsights_sitenote_note":"","_monsterinsights_sitenote_category":0},"product_brand":[],"product_cat":[281],"product_tag":[212,211,151],"class_list":{"0":"post-3807","1":"product","2":"type-product","3":"status-publish","4":"has-post-thumbnail","6":"product_cat-sensores-de-alarma-alarmas-bosch","7":"product_tag-alarmas","8":"product_tag-alarmas-e-intrusion","9":"product_tag-seguridad","11":"first","12":"instock","13":"sale","14":"taxable","15":"shipping-taxable","16":"purchasable","17":"product-type-simple"},"aioseo_notices":[],"_links":{"self":[{"href":"https:\/\/tecsecmty.com\/index.php\/wp-json\/wp\/v2\/product\/3807","targetHints":{"allow":["GET"]}}],"collection":[{"href":"https:\/\/tecsecmty.com\/index.php\/wp-json\/wp\/v2\/product"}],"about":[{"href":"https:\/\/tecsecmty.com\/index.php\/wp-json\/wp\/v2\/types\/product"}],"replies":[{"embeddable":true,"href":"https:\/\/tecsecmty.com\/index.php\/wp-json\/wp\/v2\/comments?post=3807"}],"version-history":[{"count":0,"href":"https:\/\/tecsecmty.com\/index.php\/wp-json\/wp\/v2\/product\/3807\/revisions"}],"wp:featuredmedia":[{"embeddable":true,"href":"https:\/\/tecsecmty.com\/index.php\/wp-json\/wp\/v2\/media\/3806"}],"wp:attachment":[{"href":"https:\/\/tecsecmty.com\/index.php\/wp-json\/wp\/v2\/media?parent=3807"}],"wp:term":[{"taxonomy":"product_brand","embeddable":true,"href":"https:\/\/tecsecmty.com\/index.php\/wp-json\/wp\/v2\/product_brand?post=3807"},{"taxonomy":"product_cat","embeddable":true,"href":"https:\/\/tecsecmty.com\/index.php\/wp-json\/wp\/v2\/product_cat?post=3807"},{"taxonomy":"product_tag","embeddable":true,"href":"https:\/\/tecsecmty.com\/index.php\/wp-json\/wp\/v2\/product_tag?post=3807"}],"curies":[{"name":"wp","href":"https:\/\/api.w.org\/{rel}","templated":true}]}}