{"id":3833,"date":"2023-02-23T00:26:21","date_gmt":"2023-02-23T06:26:21","guid":{"rendered":"https:\/\/tecsecmty.com\/index.php\/producto\/bosch-i_isncmet4418-contacto-de-puerta-basculante-lazo-cerrado-compatible-con-paneles-bosch-risco-dsc-ihorn\/"},"modified":"2023-03-22T23:21:24","modified_gmt":"2023-03-23T05:21:24","slug":"bosch-i_isncmet4418-contacto-de-puerta-basculante-lazo-cerrado-compatible-con-paneles-bosch-risco-dsc-ihorn","status":"publish","type":"product","link":"https:\/\/tecsecmty.com\/index.php\/producto\/bosch-i_isncmet4418-contacto-de-puerta-basculante-lazo-cerrado-compatible-con-paneles-bosch-risco-dsc-ihorn\/","title":{"rendered":"BOSCH I_ISNCMET4418 &#8211; Contacto de puerta BASCULANTE \/ Lazo cerrado \/ Compatible con paneles BOSCH \/ RISCO \/ DSC \/ IHORN ."},"content":{"rendered":"<h5 class=\"card-title text-center\">Contacto de puerta basculante ISN-CMET-4418<\/h5>\n<p class=\"ql-align-justify\"><strong>El Contacto de puerta basculante ISN-CMET-4418 es ideal para este tipo de puertas , es una opci\u00f3n muy a tener en cuenta,<\/strong>\u00a0desde luego que existen otros muchos tipos de\u00a0 puertas autom\u00e1ticas las de correderas, las seccionales, las r\u00e1pidas de cristal, todas ellas\u00a0 pueden ser supervisadas por sensores.<\/p>\n<p class=\"ql-align-justify\">El contacto ISN-CMET-4418 est\u00e1 disponible en acabado met\u00e1lico.\u00a0Utiliza epoxi y un pasador especial para\u00a0sujetar el cable blindado firmemente en su lugar.<\/p>\n<p class=\"ql-align-justify\"><strong>Notas de instalaci\u00f3n \/ configuraci\u00f3n<\/strong><\/p>\n<p class=\"ql-align-justify\"><strong>Informaci\u00f3n de compatibilidad<\/strong><\/p>\n<p class=\"ql-align-justify\">Todos los modelos de contacto son compatibles con el panel de control. modelos que aceptan entradas de contacto.<\/p>\n<p class=\"ql-align-justify\"><strong>Certificaciones y aprobaciones<\/strong><\/p>\n<p class=\"ql-align-justify\"><strong>UL y CE\u00a0<\/strong><\/p>\n<p class=\"ql-align-justify\"><strong>Certificaci\u00f3n de regi\u00f3n<\/strong><\/p>\n<p class=\"ql-align-justify\"><strong>Europa CE\u00a0<\/strong><\/p>\n<ul>\n<li class=\"ql-align-justify\">73\/23 \/ CEE y 93\/68 \/ CEE, EN50131: 1997, EN50131-6: 1997, EN60950: 2000, EN60335-1: 1994 + A1: 1996 Anexo B<\/li>\n<\/ul>\n<p class=\"ql-align-justify\"><strong>USA UL\u00a0<\/strong><\/p>\n<ul>\n<li class=\"ql-align-justify\">cULus: AMQV: Conectores e interruptores (UL 634), AMQV7: conectores y Interruptores certificados para Canad\u00e1 (ULC\/ORD-C634).<\/li>\n<\/ul>\n<p class=\"ql-align-justify\"><strong>Partes incluidas<\/strong><\/p>\n<p class=\"ql-align-justify\"><strong>Cantidad por componente de paquete<\/strong><\/p>\n<ul>\n<li class=\"ql-align-justify\">1 conjunto (contacto, epoxi, pasador y soporte).<\/li>\n<li class=\"ql-align-justify\">1 im\u00e1n.<\/li>\n<\/ul>\n<p class=\"ql-align-justify\"><strong>Nota: Contacto de puerta basculante ISN-CMET-4418<\/strong><\/p>\n<p class=\"ql-align-justify\"><strong>El paquete contiene un conjunto con contacto, epoxi, alfiler, soporte y un im\u00e1n.<\/strong><\/p>\n<p class=\"ql-align-justify\"><strong>N\u00famero de pedido: ISN-CMET-4418.<\/strong><\/p>\n<p class=\"ql-align-justify\"><strong>Principales Caracter\u00edsticas:<\/strong><\/p>\n<ul>\n<li class=\"ql-align-justify\">Lazo cerrado.<\/li>\n<li class=\"ql-align-justify\">Las clavijas sujetan firmemente el cable reforzado en su sitio.<\/li>\n<li class=\"ql-align-justify\">Incluye un soporte de ensamblaje magn\u00e9tico ajustable.<\/li>\n<li class=\"ql-align-justify\">Diez opciones de instalaci\u00f3n para el im\u00e1n.<\/li>\n<\/ul>\n<p class=\"ql-align-justify\">\u00a0<strong>Especificaciones<\/strong><\/p>\n<ul>\n<li class=\"ql-align-justify\">Tensi\u00f3n de servicio m\u00e1xima en VDC 100.<\/li>\n<li class=\"ql-align-justify\">Corriente conductora m\u00e1xima en A 1.<\/li>\n<li class=\"ql-align-justify\">Clasificaci\u00f3n m\u00e1xima de contacto en W 10.<\/li>\n<li class=\"ql-align-justify\">M\u00e1xima resistencia de contacto inicial en m\u03a9 100.<\/li>\n<li class=\"ql-align-justify\">Tipo de configuraci\u00f3n de conmutador Un solo polo de un solo tiro (SPST).<\/li>\n<li class=\"ql-align-justify\">Tensi\u00f3n de conmutaci\u00f3n m\u00e1xima en VAC \/ VDC 110\/100.<\/li>\n<li class=\"ql-align-justify\">Corriente m\u00e1xima de conmutaci\u00f3n en A 0.5.<\/li>\n<li class=\"ql-align-justify\">Ancho de separaci\u00f3n en cm 5.0.<\/li>\n<li class=\"ql-align-justify\">Ancho de espacio en pulgadas 2,0.<\/li>\n<li class=\"ql-align-justify\">Dimensi\u00f3n en cm (H x W x D) (contacto) 10,72 x 4,4 x 1,2.<\/li>\n<li class=\"ql-align-justify\">Dimensi\u00f3n en pulgadas (H x W x D) (contacto) 4,22 x 1,73 x 0,47.<\/li>\n<li class=\"ql-align-justify\">Dimensi\u00f3n en cm (H x W x D) (im\u00e1n) 10,5 x 6,17 x 3,8.<\/li>\n<li class=\"ql-align-justify\">Dimensi\u00f3n en pulgadas (H x W x D) (im\u00e1n) 4,13 x 2,42 x 1,5<\/li>\n<li class=\"ql-align-justify\">Dimensi\u00f3n en pulgadas (H x W x D) (im\u00e1n) 2 x 0,74 x 0,37.<\/li>\n<\/ul>\n<p><img decoding=\"async\" class=\"overview-center-img-web\" src=\"https:\/\/tvc.mx\/media\/45126\/Logoopaginas-oficial-1920x400.png\" alt=\"\" \/><\/p>\n","protected":false},"excerpt":{"rendered":"<p>Contacto de puerta basculante ISN-CMET-4418 El Contacto de puerta basculante ISN-CMET-4418 es ideal para este tipo de puertas , es una opci\u00f3n muy a tener en cuenta,\u00a0desde luego que existen otros muchos tipos de\u00a0 puertas autom\u00e1ticas las de correderas, las seccionales, las r\u00e1pidas de cristal,&hellip;<\/p>\n","protected":false},"featured_media":3832,"comment_status":"open","ping_status":"closed","template":"","meta":{"om_disable_all_campaigns":false,"_monsterinsights_skip_tracking":false,"_monsterinsights_sitenote_active":false,"_monsterinsights_sitenote_note":"","_monsterinsights_sitenote_category":0},"product_brand":[],"product_cat":[281],"product_tag":[212,211,151],"class_list":{"0":"post-3833","1":"product","2":"type-product","3":"status-publish","4":"has-post-thumbnail","6":"product_cat-sensores-de-alarma-alarmas-bosch","7":"product_tag-alarmas","8":"product_tag-alarmas-e-intrusion","9":"product_tag-seguridad","11":"first","12":"instock","13":"sale","14":"taxable","15":"shipping-taxable","16":"purchasable","17":"product-type-simple"},"aioseo_notices":[],"_links":{"self":[{"href":"https:\/\/tecsecmty.com\/index.php\/wp-json\/wp\/v2\/product\/3833","targetHints":{"allow":["GET"]}}],"collection":[{"href":"https:\/\/tecsecmty.com\/index.php\/wp-json\/wp\/v2\/product"}],"about":[{"href":"https:\/\/tecsecmty.com\/index.php\/wp-json\/wp\/v2\/types\/product"}],"replies":[{"embeddable":true,"href":"https:\/\/tecsecmty.com\/index.php\/wp-json\/wp\/v2\/comments?post=3833"}],"version-history":[{"count":0,"href":"https:\/\/tecsecmty.com\/index.php\/wp-json\/wp\/v2\/product\/3833\/revisions"}],"wp:featuredmedia":[{"embeddable":true,"href":"https:\/\/tecsecmty.com\/index.php\/wp-json\/wp\/v2\/media\/3832"}],"wp:attachment":[{"href":"https:\/\/tecsecmty.com\/index.php\/wp-json\/wp\/v2\/media?parent=3833"}],"wp:term":[{"taxonomy":"product_brand","embeddable":true,"href":"https:\/\/tecsecmty.com\/index.php\/wp-json\/wp\/v2\/product_brand?post=3833"},{"taxonomy":"product_cat","embeddable":true,"href":"https:\/\/tecsecmty.com\/index.php\/wp-json\/wp\/v2\/product_cat?post=3833"},{"taxonomy":"product_tag","embeddable":true,"href":"https:\/\/tecsecmty.com\/index.php\/wp-json\/wp\/v2\/product_tag?post=3833"}],"curies":[{"name":"wp","href":"https:\/\/api.w.org\/{rel}","templated":true}]}}