{"id":3847,"date":"2023-02-23T00:26:38","date_gmt":"2023-02-23T06:26:38","guid":{"rendered":"https:\/\/tecsecmty.com\/index.php\/producto\/bosch-i_od850f1-sensor-de-movimiento-exterior-salida-de-rele-temporizado-alambrico\/"},"modified":"2023-03-22T23:21:24","modified_gmt":"2023-03-23T05:21:24","slug":"bosch-i_od850f1-sensor-de-movimiento-exterior-salida-de-rele-temporizado-alambrico","status":"publish","type":"product","link":"https:\/\/tecsecmty.com\/index.php\/producto\/bosch-i_od850f1-sensor-de-movimiento-exterior-salida-de-rele-temporizado-alambrico\/","title":{"rendered":"BOSCH I_OD850F1 &#8211; Sensor de movimiento exterior \/ Salida de rele temporizado \/ Alambrico"},"content":{"rendered":"<div class=\"row aling-items-center padding-bottom-2x\">\n<div class=\"col-lg-12\">\n<h5 class=\"card-title text-center\">OD850F1 &#8211; Sensor de movimiento exterior<\/h5>\n<ul>\n<li>Procesamiento de se\u00f1ales PIR, Motion Analyzer II PIR<\/li>\n<li>Procesamiento de se\u00f1ales de microondas Linear Travel Distance (LTD)<\/li>\n<li>Dos niveles de sensibilidad<\/li>\n<li>Salida de rel\u00e9 temporizado ajustable desde 2 seg. hasta 10 min.<\/li>\n<li>Modo Y\/O<\/li>\n<\/ul>\n<p><img decoding=\"async\" class=\"overview-center-img-web\" src=\"https:\/\/tvc.mx\/media\/193090\/BANNER-INTRUSION.png\" alt=\"\" \/><\/div>\n<\/div>\n<div class=\"row align-items-center padding-bottom-2x\">\n<div class=\"col-md-5 order-md-2\"><img decoding=\"async\" class=\"d-block m-auto img-thumbnail\" src=\"https:\/\/tvc.mx\/media\/193098\/Sin-t%C3%ADtulo-1500.png\" alt=\" \" \/><\/div>\n<div class=\"col-md-7 order-md-1 text-md-left text-center\">\n<h2>Descripci\u00f3n inicial<\/h2>\n<p class=\"text-muted\">\n<p class=\"ql-align-justify\">Los detectores TriTech serie OD850 est\u00e1n destinados a su uso en exteriores o en otros entornos complicados. Utilizan una combinaci\u00f3n de detecci\u00f3n de infrarrojos (PIR) pasiva y microondas con procesamiento de se\u00f1ales avanzado.Los detectores procesan las se\u00f1ales PIR con el m\u00e9todo Motion Analyzer II y las se\u00f1ales de microondas con el m\u00e9todo Linear Travel Distance (LTD). Los detectores distinguen entre movimientos peque\u00f1os y repetitivos, como el de las ramas de los \u00e1rboles con el viento, y movimientos intencionados de intrusos. Estas t\u00e9cnicas de procesamiento avanzadas y el dise\u00f1o mec\u00e1nico de los detectores se complementan para ofrecer un gran rendimiento en muy distintas condiciones climatol\u00f3gicas.<\/p>\n<p>&nbsp;<\/p>\n<\/div>\n<\/div>\n<hr class=\"padding-bottom-2x\" \/>\n<div class=\"row align-items-center padding-bottom-2x\">\n<div class=\"col-md-5\"><img decoding=\"async\" class=\"d-block m-auto img-thumbnail\" src=\"https:\/\/tvc.mx\/media\/193102\/Sin-t%C3%ADtulo-1600.png\" alt=\" \" \/><\/div>\n<div class=\"col-md-7 text-md-left text-center\">\n<h2>Caracter\u00edsticas y Especificaciones<\/h2>\n<p class=\"text-muted\">\n<p class=\"ql-align-justify\">Procesamiento Motion Analyzer II Este procesador de se\u00f1ales PIR utiliza m\u00faltiples umbrales y ventanas de tiempo para analizar la frecuencia, la amplitud, la duraci\u00f3n y la polaridad de las se\u00f1ales para decidir si se activa la alarma. Los incidentes con niveles t\u00e9rmicos extremos y de iluminaci\u00f3n provocados por corrientes de aire caliente y fr\u00edo, luz solar o rayos no activan la alarma. Procesamiento de se\u00f1ales de microondas LTD Este procesador de se\u00f1ales de microondas mide la distancia del recorrido lineal de un objetivo para decidir si se activa la alarma. Elimina las alarmas provocadas por objetos que se mueven pero no se desplazan, como las ramas de un \u00e1rbol o los carteles colgados. Dos niveles de sensibilidad El detector dispone de dos ajustes de sensibilidad de PIR seleccionables por el usuario: La sensibilidad est\u00e1ndar es el ajuste recomendado para que las falsas alarmas se reduzcan al m\u00ednimo. El detector admite ambientes extremos en este ajuste. La sensibilidad intermedia es la recomendada en los lugares donde se espera que un intruso solo cubra una peque\u00f1a parte de la zona protegida. El detector tolera ambientes normales en este ajuste. Este ajuste identifica a los intrusos con mayor rapidez, pero puede producir m\u00e1s falsas alarmas.<\/p>\n<p class=\"ql-align-justify\">Salida de rel\u00e9 temporizado ajustable Adem\u00e1s del rel\u00e9 de alarma, hay un contacto de rel\u00e9 temporizado de tipo C, no supervisado, que alterna el estado 1 seg. despu\u00e9s de la activaci\u00f3n de una alarma y se rige por un temporizador seleccionable por el usuario. El tiempo expira en el momento establecido tras la \u00faltima alarma (se restablece en cada nueva alarma). Modo Y\/O Este ajuste del conmutador DIP especifica si el detector informa de las situaciones de alarma en el modo Y (si ambas tecnolog\u00edas detectan de forma simult\u00e1nea una condici\u00f3n de alarma) o en el modo O (si la tecnolog\u00eda PIR o la de microondas detectan un estado de alarma). El modo O proporciona una detecci\u00f3n m\u00e1s r\u00e1pida en determinadas condiciones, ya que el detector activa el rel\u00e9 de alarma en funci\u00f3n de una sola entrada de tecnolog\u00eda. Adem\u00e1s de seleccionar el interruptor DIP para especificar el modo O, es necesario cortar el puente, lo que evita el uso accidental o involuntario del modo O. LED Los LED de alta eficacia (uno rojo y uno verde) emplean la misma tecnolog\u00eda que los sem\u00e1foros para que resulten visibles en la luz solar. Un ajuste del conmutador DIP permite al usuario desactivarlos durante el funcionamiento est\u00e1ndar para ahorrar energ\u00eda. Inmunidad contra corrientes e insectos La c\u00e1mara \u00f3ptica sellada evita que el detector se vea afectado por corrientes e insectos.<\/p>\n<\/div>\n<\/div>\n","protected":false},"excerpt":{"rendered":"<p>OD850F1 &#8211; Sensor de movimiento exterior Procesamiento de se\u00f1ales PIR, Motion Analyzer II PIR Procesamiento de se\u00f1ales de microondas Linear Travel Distance (LTD) Dos niveles de sensibilidad Salida de rel\u00e9 temporizado ajustable desde 2 seg. hasta 10 min. Modo Y\/O Descripci\u00f3n inicial Los detectores TriTech&hellip;<\/p>\n","protected":false},"featured_media":3846,"comment_status":"open","ping_status":"closed","template":"","meta":{"om_disable_all_campaigns":false,"_monsterinsights_skip_tracking":false,"_monsterinsights_sitenote_active":false,"_monsterinsights_sitenote_note":"","_monsterinsights_sitenote_category":0},"product_brand":[],"product_cat":[281],"product_tag":[212,211,151],"class_list":{"0":"post-3847","1":"product","2":"type-product","3":"status-publish","4":"has-post-thumbnail","6":"product_cat-sensores-de-alarma-alarmas-bosch","7":"product_tag-alarmas","8":"product_tag-alarmas-e-intrusion","9":"product_tag-seguridad","11":"first","12":"instock","13":"sale","14":"taxable","15":"shipping-taxable","16":"purchasable","17":"product-type-simple"},"aioseo_notices":[],"_links":{"self":[{"href":"https:\/\/tecsecmty.com\/index.php\/wp-json\/wp\/v2\/product\/3847","targetHints":{"allow":["GET"]}}],"collection":[{"href":"https:\/\/tecsecmty.com\/index.php\/wp-json\/wp\/v2\/product"}],"about":[{"href":"https:\/\/tecsecmty.com\/index.php\/wp-json\/wp\/v2\/types\/product"}],"replies":[{"embeddable":true,"href":"https:\/\/tecsecmty.com\/index.php\/wp-json\/wp\/v2\/comments?post=3847"}],"version-history":[{"count":0,"href":"https:\/\/tecsecmty.com\/index.php\/wp-json\/wp\/v2\/product\/3847\/revisions"}],"wp:featuredmedia":[{"embeddable":true,"href":"https:\/\/tecsecmty.com\/index.php\/wp-json\/wp\/v2\/media\/3846"}],"wp:attachment":[{"href":"https:\/\/tecsecmty.com\/index.php\/wp-json\/wp\/v2\/media?parent=3847"}],"wp:term":[{"taxonomy":"product_brand","embeddable":true,"href":"https:\/\/tecsecmty.com\/index.php\/wp-json\/wp\/v2\/product_brand?post=3847"},{"taxonomy":"product_cat","embeddable":true,"href":"https:\/\/tecsecmty.com\/index.php\/wp-json\/wp\/v2\/product_cat?post=3847"},{"taxonomy":"product_tag","embeddable":true,"href":"https:\/\/tecsecmty.com\/index.php\/wp-json\/wp\/v2\/product_tag?post=3847"}],"curies":[{"name":"wp","href":"https:\/\/api.w.org\/{rel}","templated":true}]}}