{"id":3851,"date":"2023-02-23T00:26:42","date_gmt":"2023-02-23T06:26:42","guid":{"rendered":"https:\/\/tecsecmty.com\/index.php\/producto\/bosch-i_rfdwrm-contacto-rm-inalambrico-transmisor-autonomo-con-contacto-de-interruptor-de-lamina-magnetica\/"},"modified":"2023-03-22T23:21:24","modified_gmt":"2023-03-23T05:21:24","slug":"bosch-i_rfdwrm-contacto-rm-inalambrico-transmisor-autonomo-con-contacto-de-interruptor-de-lamina-magnetica","status":"publish","type":"product","link":"https:\/\/tecsecmty.com\/index.php\/producto\/bosch-i_rfdwrm-contacto-rm-inalambrico-transmisor-autonomo-con-contacto-de-interruptor-de-lamina-magnetica\/","title":{"rendered":"BOSCH I_RFDWRM &#8211; Contacto RM inalambrico \/ Transmisor autonomo con contacto de interruptor de lamina magnetica"},"content":{"rendered":"<p><img fetchpriority=\"high\" decoding=\"async\" src=\"http:\/\/soporte.tvc.mx\/Ingenieria\/BOSCH\/BANNER\/ALLTECH.jpg\" alt=\"\" width=\"734\" height=\"187\" \/><\/p>\n<p>&nbsp;<\/p>\n<p>&nbsp;<\/p>\n<p>El dispositivo RADION inal\u00e1mbrico de Bosch proporciona una bater\u00eda de duraci\u00f3n excepcional as\u00ed como la escalabilidad y el alcance necesarios para garantizar un rendimiento fiable y una calidad superior. El diagn\u00f3stico avanzado y las opciones de registro de varios dispositivos hacen que la instalaci\u00f3n y el mantenimiento sean sencillos y econ\u00f3micos. Con una completa gama de perif\u00e9ricos, RADION ofrece la flexibilidad para adaptarse a pr\u00e1cticamente todas las aplicaciones.<\/p>\n<p>&nbsp;<\/p>\n<p><strong>Resumen del sistema<\/strong><\/p>\n<p>RADION contact RM es un contacto de interruptor de l\u00e1minas magn\u00e9tico de montaje empotrado inal\u00e1mbrico por radiofrecuencia (RF) que ofrece detecci\u00f3n oculta en puertas o ventanas. Una carcasa cil\u00edndrica dise\u00f1ada para su durabilidad, protege el transmisor y ofrece protecci\u00f3n antisabotaje. Puede realizar un montaje en superficie o retirar los soportes troquelados para realizar un montaje empotrado del transmisor y el conjunto magn\u00e9tico.<\/p>\n<p>&nbsp;<\/p>\n<p><strong>Funciones b\u00e1sicas<\/strong><\/p>\n<p>Contactos de l\u00e1minas Hay un contacto de l\u00e1minas situado cerca del extremo del dispositivo que detecta cuando el im\u00e1n suministrado est\u00e1 a menos de 14 mm (0,55 pulg.) del transmisor. Cuando la distancia entre el conjunto magn\u00e9tico y el interruptor de l\u00e1minas interno del contacto es superior a 14 mm (0,55 pulg.), se env\u00eda una se\u00f1al de alarma al receptor y, de ah\u00ed, al panel de control compatible.<\/p>\n<p>&nbsp;<\/p>\n<p>&nbsp;<\/p>\n<p>&nbsp;<\/p>\n<p>&nbsp;<\/p>\n<p><strong>Principales caracter\u00edsticas:<\/strong><\/p>\n<ul>\n<li>Transmisor independiente con contacto de interruptor de l\u00e1minas magn\u00e9tico.<\/li>\n<li>Montaje empotrado oculto en puertas o ventanas para una seguridad discreta.<\/li>\n<li>Autonom\u00eda de hasta 5 a\u00f1os con una bater\u00eda de litio AAA que puede cambiar el propio usuario.<\/li>\n<li>Supervisado para evitar condiciones de bater\u00eda baja y antisabotaje de cubierta.<\/li>\n<\/ul>\n<p>&nbsp;<\/p>\n<p><strong>Especificaciones<\/strong>:<\/p>\n<ul>\n<li>Dimensiones del transmisor 15.4 mm x 104.7 mm (0.60 in x 4.2 in)<\/li>\n<li>Dimensiones del im\u00e1n 22 mm x 28 mm x 15 mm (0.87 en x 1.10 en x 0.59 in)<\/li>\n<li>Potencia \/ voltaje 1.5 VCC<\/li>\n<li>Tipo de bater\u00eda AAA litio<\/li>\n<li>Duraci\u00f3n de la bater\u00eda Hasta 5 a\u00f1os<\/li>\n<li>Rango de temperatura de funcionamiento: -10 \u00b0 C a +49 \u00b0 F (+14 \u00b0 F a +120 \u00b0 F) Solo UL: 0 \u00b0 C a +49 \u00b0 C (+32 \u00b0 F a + 120 \u00b0 F)<\/li>\n<li>Humedad relativa Hasta el 93% sin condensaci\u00f3n<\/li>\n<li>Detecci\u00f3n de sabotaje de tapa Transmite una se\u00f1al de sabotaje cuando se quita la tapa del detector.<\/li>\n<li>Frecuencia 433.42 MHz<\/li>\n<li>Uso previsto para uso en interiores.<\/li>\n<\/ul>\n","protected":false},"excerpt":{"rendered":"<p>&nbsp; &nbsp; El dispositivo RADION inal\u00e1mbrico de Bosch proporciona una bater\u00eda de duraci\u00f3n excepcional as\u00ed como la escalabilidad y el alcance necesarios para garantizar un rendimiento fiable y una calidad superior. El diagn\u00f3stico avanzado y las opciones de registro de varios dispositivos hacen que la&hellip;<\/p>\n","protected":false},"featured_media":3850,"comment_status":"open","ping_status":"closed","template":"","meta":{"om_disable_all_campaigns":false,"_monsterinsights_skip_tracking":false,"_monsterinsights_sitenote_active":false,"_monsterinsights_sitenote_note":"","_monsterinsights_sitenote_category":0},"product_brand":[],"product_cat":[281],"product_tag":[212,211,151],"class_list":{"0":"post-3851","1":"product","2":"type-product","3":"status-publish","4":"has-post-thumbnail","6":"product_cat-sensores-de-alarma-alarmas-bosch","7":"product_tag-alarmas","8":"product_tag-alarmas-e-intrusion","9":"product_tag-seguridad","11":"first","12":"instock","13":"sale","14":"taxable","15":"shipping-taxable","16":"purchasable","17":"product-type-simple"},"aioseo_notices":[],"_links":{"self":[{"href":"https:\/\/tecsecmty.com\/index.php\/wp-json\/wp\/v2\/product\/3851","targetHints":{"allow":["GET"]}}],"collection":[{"href":"https:\/\/tecsecmty.com\/index.php\/wp-json\/wp\/v2\/product"}],"about":[{"href":"https:\/\/tecsecmty.com\/index.php\/wp-json\/wp\/v2\/types\/product"}],"replies":[{"embeddable":true,"href":"https:\/\/tecsecmty.com\/index.php\/wp-json\/wp\/v2\/comments?post=3851"}],"version-history":[{"count":0,"href":"https:\/\/tecsecmty.com\/index.php\/wp-json\/wp\/v2\/product\/3851\/revisions"}],"wp:featuredmedia":[{"embeddable":true,"href":"https:\/\/tecsecmty.com\/index.php\/wp-json\/wp\/v2\/media\/3850"}],"wp:attachment":[{"href":"https:\/\/tecsecmty.com\/index.php\/wp-json\/wp\/v2\/media?parent=3851"}],"wp:term":[{"taxonomy":"product_brand","embeddable":true,"href":"https:\/\/tecsecmty.com\/index.php\/wp-json\/wp\/v2\/product_brand?post=3851"},{"taxonomy":"product_cat","embeddable":true,"href":"https:\/\/tecsecmty.com\/index.php\/wp-json\/wp\/v2\/product_cat?post=3851"},{"taxonomy":"product_tag","embeddable":true,"href":"https:\/\/tecsecmty.com\/index.php\/wp-json\/wp\/v2\/product_tag?post=3851"}],"curies":[{"name":"wp","href":"https:\/\/api.w.org\/{rel}","templated":true}]}}