{"id":3853,"date":"2023-02-23T00:26:45","date_gmt":"2023-02-23T06:26:45","guid":{"rendered":"https:\/\/tecsecmty.com\/index.php\/producto\/bosch-i_rfdwsma-contacto-magnetico-inalambrico-radion-control-de-condiciones-de-bateria-baja-sabotaje-de-tapa\/"},"modified":"2023-03-22T23:21:24","modified_gmt":"2023-03-23T05:21:24","slug":"bosch-i_rfdwsma-contacto-magnetico-inalambrico-radion-control-de-condiciones-de-bateria-baja-sabotaje-de-tapa","status":"publish","type":"product","link":"https:\/\/tecsecmty.com\/index.php\/producto\/bosch-i_rfdwsma-contacto-magnetico-inalambrico-radion-control-de-condiciones-de-bateria-baja-sabotaje-de-tapa\/","title":{"rendered":"BOSCH I_RFDWSMA &#8211; Contacto magnetico inalambrico RADION \/ Control de condiciones de bateria baja \/ Sabotaje de tapa"},"content":{"rendered":"<p><img fetchpriority=\"high\" decoding=\"async\" src=\"http:\/\/soporte.tvc.mx\/Ingenieria\/BOSCH\/BANNER\/ALLTECH.jpg\" alt=\"\" width=\"734\" height=\"187\" \/><\/p>\n<p>&nbsp;<\/p>\n<p>&nbsp;<\/p>\n<p>El dispositivo RADION inal\u00e1mbrico de Bosch proporciona una bater\u00eda de duraci\u00f3n excepcional as\u00ed como la escalabilidad y el alcance necesarios para garantizar un rendimiento fiable y una calidad superior. El diagn\u00f3stico avanzado y las opciones de registro de varios dispositivos hacen que la instalaci\u00f3n y el mantenimiento sean sencillos y econ\u00f3micos. Con una completa gama de perif\u00e9ricos, RADION ofrece la flexibilidad para adaptarse a pr\u00e1cticamente todas las aplicaciones.<\/p>\n<p>&nbsp;<\/p>\n<p><strong>Resumen del sistema<\/strong><\/p>\n<p>RADION contact SM ofrece un contacto de interruptor de l\u00e1minas magn\u00e9tico para controlar puertas y ventanas. El contacto interno de l\u00e1minas se activa mediante un conjunto magn\u00e9tico externo que puede colocarse a ambos lados del transmisor indistintamente. Tambi\u00e9n dispone de un interruptor de bucle antisabotaje de pared y de tapa integrado que transmite una se\u00f1al de sabotaje cuando se retira el detector de la base o de la pared.<\/p>\n<p>&nbsp;<\/p>\n<p><strong>Funciones b\u00e1sicas<\/strong><\/p>\n<p>Contactos de l\u00e1minas El dispositivo tiene un contacto de l\u00e1minas a cada lado, de manera que el conjunto magn\u00e9tico puede montarse a una distancia de 20 mm (0,78 pulg.) en\u00a0cualquiera de los lados del dispositivo. Cuando la distancia entre el conjunto magn\u00e9tico y el interruptor de l\u00e1minas interno del contacto es superior a 20 mm (0,78 pulg.), se env\u00eda una se\u00f1al de alarma a la estaci\u00f3n de recepci\u00f3n central y, de ah\u00ed, al panel de control compatible<\/p>\n<p>&nbsp;<\/p>\n<p>&nbsp;<\/p>\n<p>&nbsp;<\/p>\n<p><strong>Principales Caracteristicas:<\/strong><\/p>\n<ul>\n<li>Contacto de interruptor de l\u00e1minas magn\u00e9tico interno.<\/li>\n<li>Control de condiciones de bater\u00eda baja, sabotaje de tapa y arranque de la superficie de montaje.<\/li>\n<li>Autonom\u00eda de hasta 5 a\u00f1os con una sola pila AAA de litio que puede cambiar el propio usuario.<\/li>\n<\/ul>\n<p>&nbsp;<\/p>\n<p><strong>Especificaciones:<\/strong><\/p>\n<p><strong>Propiedades<\/strong><\/p>\n<ul>\n<li>Dimensiones: Transmisor 19,5 mm x 82,55 mm x 12,8 mm (0,76 pulg. x 3,25 pulg. x 0,50 pulg.)<\/li>\n<li>Dimensiones: Im\u00e1n 18,5 mm x 24,5 mm x 12,5 mm (0,72 pulg. x 0,97 pulg. x 0,49 pulg.)<\/li>\n<\/ul>\n<p><strong>Alimentaci\u00f3n<\/strong><\/p>\n<ul>\n<li>Potencia\/voltaje: 1,5 VCC<\/li>\n<li>Tipo de bater\u00eda: AAA de litio<\/li>\n<li>Duraci\u00f3n de la bater\u00eda: Hasta 5 a\u00f1os<\/li>\n<li>Temperatura: Rango de funcionamiento: -10\u00baC &#8211; +49\u00baC(+14\u00baF &#8211; +120\u00baF) Solo para instalaciones UL: 0\u00baC &#8211; +49\u00baC (+32\u00baF -+120\u00baF)<\/li>\n<li>Uso: Dise\u00f1ado para uso en interiores.<\/li>\n<\/ul>\n<p>&nbsp;<\/p>\n","protected":false},"excerpt":{"rendered":"<p>&nbsp; &nbsp; El dispositivo RADION inal\u00e1mbrico de Bosch proporciona una bater\u00eda de duraci\u00f3n excepcional as\u00ed como la escalabilidad y el alcance necesarios para garantizar un rendimiento fiable y una calidad superior. El diagn\u00f3stico avanzado y las opciones de registro de varios dispositivos hacen que la&hellip;<\/p>\n","protected":false},"featured_media":3852,"comment_status":"open","ping_status":"closed","template":"","meta":{"om_disable_all_campaigns":false,"_monsterinsights_skip_tracking":false,"_monsterinsights_sitenote_active":false,"_monsterinsights_sitenote_note":"","_monsterinsights_sitenote_category":0},"product_brand":[],"product_cat":[281],"product_tag":[212,211,151],"class_list":{"0":"post-3853","1":"product","2":"type-product","3":"status-publish","4":"has-post-thumbnail","6":"product_cat-sensores-de-alarma-alarmas-bosch","7":"product_tag-alarmas","8":"product_tag-alarmas-e-intrusion","9":"product_tag-seguridad","11":"first","12":"instock","13":"sale","14":"taxable","15":"shipping-taxable","16":"purchasable","17":"product-type-simple"},"aioseo_notices":[],"_links":{"self":[{"href":"https:\/\/tecsecmty.com\/index.php\/wp-json\/wp\/v2\/product\/3853","targetHints":{"allow":["GET"]}}],"collection":[{"href":"https:\/\/tecsecmty.com\/index.php\/wp-json\/wp\/v2\/product"}],"about":[{"href":"https:\/\/tecsecmty.com\/index.php\/wp-json\/wp\/v2\/types\/product"}],"replies":[{"embeddable":true,"href":"https:\/\/tecsecmty.com\/index.php\/wp-json\/wp\/v2\/comments?post=3853"}],"version-history":[{"count":0,"href":"https:\/\/tecsecmty.com\/index.php\/wp-json\/wp\/v2\/product\/3853\/revisions"}],"wp:featuredmedia":[{"embeddable":true,"href":"https:\/\/tecsecmty.com\/index.php\/wp-json\/wp\/v2\/media\/3852"}],"wp:attachment":[{"href":"https:\/\/tecsecmty.com\/index.php\/wp-json\/wp\/v2\/media?parent=3853"}],"wp:term":[{"taxonomy":"product_brand","embeddable":true,"href":"https:\/\/tecsecmty.com\/index.php\/wp-json\/wp\/v2\/product_brand?post=3853"},{"taxonomy":"product_cat","embeddable":true,"href":"https:\/\/tecsecmty.com\/index.php\/wp-json\/wp\/v2\/product_cat?post=3853"},{"taxonomy":"product_tag","embeddable":true,"href":"https:\/\/tecsecmty.com\/index.php\/wp-json\/wp\/v2\/product_tag?post=3853"}],"curies":[{"name":"wp","href":"https:\/\/api.w.org\/{rel}","templated":true}]}}