{"id":3891,"date":"2023-02-23T00:27:33","date_gmt":"2023-02-23T06:27:33","guid":{"rendered":"https:\/\/tecsecmty.com\/index.php\/producto\/dsc-amb-300-detector-de-movimiento-infrarrojo-pasivo-direccionable-con-tamper\/"},"modified":"2023-03-22T23:23:15","modified_gmt":"2023-03-23T05:23:15","slug":"dsc-amb-300-detector-de-movimiento-infrarrojo-pasivo-direccionable-con-tamper","status":"publish","type":"product","link":"https:\/\/tecsecmty.com\/index.php\/producto\/dsc-amb-300-detector-de-movimiento-infrarrojo-pasivo-direccionable-con-tamper\/","title":{"rendered":"DSC AMB-300 &#8211; Detector de Movimiento Infrarrojo Pasivo Direccionable Con Tamper"},"content":{"rendered":"<div class=\"row align-items-center padding-bottom-2x\">\n<div class=\"col-md-5\"><img decoding=\"async\" class=\"d-block m-auto img-thumbnail\" src=\"https:\/\/tvc.mx\/media\/599019\/DSC-DIRECCIONABLE-Paquete-M%C3%B3dulo-Expansor-Direccionable-compatible-con-Power-Series-PC5100-sensores-AMP701-contacto-puerta-ventana-y-1-AMB300-det-movimiento-10.png\" alt=\" \" \/><\/div>\n<div class=\"col-md-7 text-md-left text-center\">\n<h2>SENSOR DE MOVIMIENTO DIRECIONABLE AMB300<\/h2>\n<p class=\"text-muted\">\n<p>El detector infrarrojo pasivo y dirigible (AMB-300) utiliza un dise\u00f1o de lentes grandes, de rayos m\u00faltiples, el procesamiento de se\u00f1ales multiniveles patentado. El detector usa una conexi\u00f3n de dos hilos con el panel de control, lo que contribuye a disminuir los costos y el tiempo de instalaci\u00f3n. La baja llamada de corriente del detector contribuye a incrementar al m\u00e1ximo la cantidad de dispositivos que se pueden conectar a un lazo direccionable.<\/p>\n<p>&nbsp;<\/p>\n<\/div>\n<\/div>\n<hr class=\"padding-bottom-2x\" \/>\n<div class=\"row align-items-center padding-bottom-2x\">\n<div class=\"col-md-5 order-md-2\"><img decoding=\"async\" class=\"d-block m-auto img-thumbnail\" src=\"https:\/\/tvc.mx\/media\/599023\/DSC-DIRECCIONABLE-Paquete-M%C3%B3dulo-Expansor-Direccionable-compatible-con-Power-Series-PC5100-sensores-AMP701-contacto-puerta-ventana-y-1-AMB300-det-movimiento-12.png\" alt=\" \" \/><\/div>\n<div class=\"col-md-7 order-md-1 text-md-left text-center\">\n<h2>CARACTERISTICAS<\/h2>\n<p class=\"text-muted\">\n<ul>\n<li>Sensor de ruidos de baja frecuencia, de dos elementos Protecci\u00f3n contra las corrientes est\u00e1ticas elevadas y las corrientes transitorias<\/li>\n<li>Inmunidad excepcional a la luz blanca<\/li>\n<li>Excelente inmunidad a la radiofrecuencia<\/li>\n<li>Sensibilidad excepcional a temperaturas elevadas<\/li>\n<li>LED indicador encendido\/apagado<\/li>\n<li>4 lentes intercambiables<\/li>\n<li>Soportes opcionales para montura en la pared o en el techo<\/li>\n<li>Dise\u00f1o moderno y atractivo<\/li>\n<\/ul>\n<p>&nbsp;<\/p>\n<\/div>\n<\/div>\n<hr class=\"padding-bottom-2x\" \/>\n<div class=\"row align-items-center padding-bottom-2x\">\n<div class=\"col-md-5\"><img decoding=\"async\" class=\"d-block m-auto img-thumbnail\" src=\"https:\/\/tvc.mx\/media\/599027\/DSC-DIRECCIONABLE-Paquete-M%C3%B3dulo-Expansor-Direccionable-compatible-con-Power-Series-PC5100-sensores-AMP701-contacto-puerta-ventana-y-1-AMB300-det-movimiento-13.png\" alt=\" \" \/><\/div>\n<div class=\"col-md-7 text-md-left text-center\">\n<h2>ESPECIFICACIONES<\/h2>\n<p class=\"text-muted\">\n<ul>\n<li>Dimensiones . . . . . . . . . . . . . . . . . . . . . . . 3.5\u201d (L) x 2.5\u201d (A) x 1.87\u201d (P) 89 mm x 64 mm x 48 mm)<\/li>\n<li>Tensi\u00f3n de servicio . . . . . . . . . . . . . . . . . . 9 V \u2013 14 V MQ*<\/li>\n<li>Corriente de reserva . . . . . . . . . . . . . . . . . 2.5 mA Corriente durante la alarma . . . . . . . . . . 2.5 mA<\/li>\n<li>Corriente de prueba . . . . . . . . . . . . . . . . . . 5.0 mA<\/li>\n<li>Potencia de contacto . . . . . . . . . . . . . . . . 100 mA a 24 V c. c<\/li>\n<\/ul>\n<\/div>\n<\/div>\n","protected":false},"excerpt":{"rendered":"<p>SENSOR DE MOVIMIENTO DIRECIONABLE AMB300 El detector infrarrojo pasivo y dirigible (AMB-300) utiliza un dise\u00f1o de lentes grandes, de rayos m\u00faltiples, el procesamiento de se\u00f1ales multiniveles patentado. El detector usa una conexi\u00f3n de dos hilos con el panel de control, lo que contribuye a disminuir&hellip;<\/p>\n","protected":false},"featured_media":3890,"comment_status":"open","ping_status":"closed","template":"","meta":{"om_disable_all_campaigns":false,"_monsterinsights_skip_tracking":false,"_monsterinsights_sitenote_active":false,"_monsterinsights_sitenote_note":"","_monsterinsights_sitenote_category":0},"product_brand":[],"product_cat":[283],"product_tag":[212,211,151],"class_list":{"0":"post-3891","1":"product","2":"type-product","3":"status-publish","4":"has-post-thumbnail","6":"product_cat-sensores-de-alarma-alarmas-dsc","7":"product_tag-alarmas","8":"product_tag-alarmas-e-intrusion","9":"product_tag-seguridad","11":"first","12":"instock","13":"sale","14":"taxable","15":"shipping-taxable","16":"purchasable","17":"product-type-simple"},"aioseo_notices":[],"_links":{"self":[{"href":"https:\/\/tecsecmty.com\/index.php\/wp-json\/wp\/v2\/product\/3891","targetHints":{"allow":["GET"]}}],"collection":[{"href":"https:\/\/tecsecmty.com\/index.php\/wp-json\/wp\/v2\/product"}],"about":[{"href":"https:\/\/tecsecmty.com\/index.php\/wp-json\/wp\/v2\/types\/product"}],"replies":[{"embeddable":true,"href":"https:\/\/tecsecmty.com\/index.php\/wp-json\/wp\/v2\/comments?post=3891"}],"version-history":[{"count":0,"href":"https:\/\/tecsecmty.com\/index.php\/wp-json\/wp\/v2\/product\/3891\/revisions"}],"wp:featuredmedia":[{"embeddable":true,"href":"https:\/\/tecsecmty.com\/index.php\/wp-json\/wp\/v2\/media\/3890"}],"wp:attachment":[{"href":"https:\/\/tecsecmty.com\/index.php\/wp-json\/wp\/v2\/media?parent=3891"}],"wp:term":[{"taxonomy":"product_brand","embeddable":true,"href":"https:\/\/tecsecmty.com\/index.php\/wp-json\/wp\/v2\/product_brand?post=3891"},{"taxonomy":"product_cat","embeddable":true,"href":"https:\/\/tecsecmty.com\/index.php\/wp-json\/wp\/v2\/product_cat?post=3891"},{"taxonomy":"product_tag","embeddable":true,"href":"https:\/\/tecsecmty.com\/index.php\/wp-json\/wp\/v2\/product_tag?post=3891"}],"curies":[{"name":"wp","href":"https:\/\/api.w.org\/{rel}","templated":true}]}}