{"id":3905,"date":"2023-02-23T00:27:42","date_gmt":"2023-02-23T06:27:42","guid":{"rendered":"https:\/\/tecsecmty.com\/index.php\/producto\/dsc-bv501gb-detector-de-movimiento-pir-360-con-detector-de-ruptura-de-vidrio-cableado-con-tamper-para-montaje-en-techo\/"},"modified":"2023-03-22T23:23:16","modified_gmt":"2023-03-23T05:23:16","slug":"dsc-bv501gb-detector-de-movimiento-pir-360-con-detector-de-ruptura-de-vidrio-cableado-con-tamper-para-montaje-en-techo","status":"publish","type":"product","link":"https:\/\/tecsecmty.com\/index.php\/producto\/dsc-bv501gb-detector-de-movimiento-pir-360-con-detector-de-ruptura-de-vidrio-cableado-con-tamper-para-montaje-en-techo\/","title":{"rendered":"DSC BV501GB &#8211; Detector de movimiento PIR 360\u00b0 con detector de ruptura de vidrio cableado con tamper para montaje en techo"},"content":{"rendered":"<div class=\"row aling-items-center padding-bottom-2x\">\n<div class=\"col-lg-12\">\n<h5 class=\"card-title text-center\">BV501GB<\/h5>\n<h4 class=\"ql-align-center\"><strong>DETECTOR PIR 360\u00b0 Y RUPTURA DE CRISTAL BV501GB<\/strong><\/h4>\n<p>Caracter\u00edsticas:<\/p>\n<ul>\n<li>Interruptor y contacto de alarma forma \u201cA\u201d (movimiento), contacto de alarma forma \u201cC\u201d (rotura de vidrio)<\/li>\n<li>An\u00e1lisis digital de se\u00f1al para asegurar una detecci\u00f3n consistente en todo el patr\u00f3n de cobertura<\/li>\n<li>Compensaci\u00f3n de temperatura para una mayor sensibilidad en temperaturas cr\u00edticas<\/li>\n<li>Procesamiento de Se\u00f1ales Multi-nivel<\/li>\n<li>Patentado (MLSP) para detecci\u00f3n precisa de energ\u00eda infrarroja humana en un amplio rango de temperaturas<\/li>\n<li>Ajuste de sensibilidad para configurar el detector para ambientes normales u hostiles<\/li>\n<li>Alto nivel de protecci\u00f3n en el caso de est\u00e1tica y oscilaci\u00f3n<\/li>\n<li>Excepcional inmunidad a la luz blanca<\/li>\n<li>Excelente inmunidad contra radiofrecuencia<\/li>\n<\/ul>\n<p>Especificaciones:<\/p>\n<ul>\n<li>Voltaje de entrada: 9 &#8211; 14.5 VDC<\/li>\n<li>Corriente (t\u00edpica): 38\/35 mA (alarma activada \/ desactivada) @ 12VDC<\/li>\n<\/ul>\n<p>Puntuaci\u00f3n de contactos<\/p>\n<ul>\n<li>Rel\u00e9 de alarma (PIR): 0.1A @ 24VDC<\/li>\n<li>Rel\u00e9 de alarma (Glassbreak): 1.0A @ 24VDC<\/li>\n<li>Interruptor antisabotaje: 0.1A @ 24VDC<\/li>\n<\/ul>\n<p>Tama\u00f1o (di\u00e1metro x altura)<\/p>\n<ul>\n<li>117 mm x 36 mm<\/li>\n<\/ul>\n<p>&nbsp;<\/p>\n<\/div>\n<\/div>\n<div class=\"row align-items-center padding-bottom-2x\">\n<div class=\"col-md-5\"><img decoding=\"async\" class=\"d-block m-auto img-thumbnail\" src=\"https:\/\/tvc.mx\/media\/407639\/Diagrama.png\" alt=\" \" \/><\/div>\n<div class=\"col-md-7 text-md-left text-center\">\n<h2>BV501GB<\/h2>\n<h4 class=\"ql-align-center\"><strong>CONSEJOS DE INSTALACI\u00d3N<\/strong><\/h4>\n<p>Montaje<\/p>\n<p>Para abrir la caja, retire el tornillo de fijaci\u00f3n de la unidad y luego suavemente gire la cubierta superior en sentido antihorario y lev\u00e1ntela desde la parte inferior cubrir.<\/p>\n<p>Usando un destornillador peque\u00f1o para quitar las perforaciones apropiadas para el cableado, monte la placa posterior utilizando el montaje apropiado tornillos (no incluidos).<\/p>\n<p>Para cerrar la caja, use la l\u00ednea de localizaci\u00f3n en la cubierta inferior para alinear la pesta\u00f1a en la tapa superior. Una vez que la cubierta superior est\u00e9 enganchada, gire el tapa superior en sentido horario para bloquearla en su lugar.<\/p>\n<p>NOTA: Reemplace el tornillo de fijaci\u00f3n para aplicaciones con certificaci\u00f3n UL.<\/p>\n<p>NOTA: Dado que no es necesario ajustar la placa de circuito, no se<\/p>\n<p>recomienda que el instalador retire la placa de circuito de la caja.<\/p>\n<p>No toques el micr\u00f3fono.<\/p>\n<\/div>\n<\/div>\n","protected":false},"excerpt":{"rendered":"<p>BV501GB DETECTOR PIR 360\u00b0 Y RUPTURA DE CRISTAL BV501GB Caracter\u00edsticas: Interruptor y contacto de alarma forma \u201cA\u201d (movimiento), contacto de alarma forma \u201cC\u201d (rotura de vidrio) An\u00e1lisis digital de se\u00f1al para asegurar una detecci\u00f3n consistente en todo el patr\u00f3n de cobertura Compensaci\u00f3n de temperatura para&hellip;<\/p>\n","protected":false},"featured_media":3904,"comment_status":"open","ping_status":"closed","template":"","meta":{"om_disable_all_campaigns":false,"_monsterinsights_skip_tracking":false,"_monsterinsights_sitenote_active":false,"_monsterinsights_sitenote_note":"","_monsterinsights_sitenote_category":0},"product_brand":[],"product_cat":[283],"product_tag":[212,211,151],"class_list":{"0":"post-3905","1":"product","2":"type-product","3":"status-publish","4":"has-post-thumbnail","6":"product_cat-sensores-de-alarma-alarmas-dsc","7":"product_tag-alarmas","8":"product_tag-alarmas-e-intrusion","9":"product_tag-seguridad","11":"first","12":"instock","13":"sale","14":"taxable","15":"shipping-taxable","16":"purchasable","17":"product-type-simple"},"aioseo_notices":[],"_links":{"self":[{"href":"https:\/\/tecsecmty.com\/index.php\/wp-json\/wp\/v2\/product\/3905","targetHints":{"allow":["GET"]}}],"collection":[{"href":"https:\/\/tecsecmty.com\/index.php\/wp-json\/wp\/v2\/product"}],"about":[{"href":"https:\/\/tecsecmty.com\/index.php\/wp-json\/wp\/v2\/types\/product"}],"replies":[{"embeddable":true,"href":"https:\/\/tecsecmty.com\/index.php\/wp-json\/wp\/v2\/comments?post=3905"}],"version-history":[{"count":0,"href":"https:\/\/tecsecmty.com\/index.php\/wp-json\/wp\/v2\/product\/3905\/revisions"}],"wp:featuredmedia":[{"embeddable":true,"href":"https:\/\/tecsecmty.com\/index.php\/wp-json\/wp\/v2\/media\/3904"}],"wp:attachment":[{"href":"https:\/\/tecsecmty.com\/index.php\/wp-json\/wp\/v2\/media?parent=3905"}],"wp:term":[{"taxonomy":"product_brand","embeddable":true,"href":"https:\/\/tecsecmty.com\/index.php\/wp-json\/wp\/v2\/product_brand?post=3905"},{"taxonomy":"product_cat","embeddable":true,"href":"https:\/\/tecsecmty.com\/index.php\/wp-json\/wp\/v2\/product_cat?post=3905"},{"taxonomy":"product_tag","embeddable":true,"href":"https:\/\/tecsecmty.com\/index.php\/wp-json\/wp\/v2\/product_tag?post=3905"}],"curies":[{"name":"wp","href":"https:\/\/api.w.org\/{rel}","templated":true}]}}