{"id":3921,"date":"2023-02-23T00:27:55","date_gmt":"2023-02-23T06:27:55","guid":{"rendered":"https:\/\/tecsecmty.com\/index.php\/producto\/dsc-lc102pigbss-detector-de-doble-sensor-movimiento-infrarrojo-antimascotas-y-ruptura-de-cristal-cableado\/"},"modified":"2023-03-22T23:23:18","modified_gmt":"2023-03-23T05:23:18","slug":"dsc-lc102pigbss-detector-de-doble-sensor-movimiento-infrarrojo-antimascotas-y-ruptura-de-cristal-cableado","status":"publish","type":"product","link":"https:\/\/tecsecmty.com\/index.php\/producto\/dsc-lc102pigbss-detector-de-doble-sensor-movimiento-infrarrojo-antimascotas-y-ruptura-de-cristal-cableado\/","title":{"rendered":"DSC LC102PIGBSS &#8211; Detector de doble sensor Movimiento infrarrojo antimascotas y Ruptura de Cristal cableado"},"content":{"rendered":"<div class=\"row aling-items-center padding-bottom-2x\">\n<div class=\"col-lg-12\">\n<h5 class=\"card-title text-center\">Informaci\u00f3n general.<\/h5>\n<pre class=\"ql-syntax\">Ya sea una instalaci\u00f3n residencial o comercial, la serie LC de dispositivos de detecci\u00f3n prepara una seguridad sistema para lo inesperado al proporcionar protecci\u00f3n para cada habitaci\u00f3n, esquina y pasillo. los LC-102-PIGBSS combina PIR digital comprobado y tecnolog\u00eda de detecci\u00f3n de rotura de cristal con ASIC inteligente An\u00e1lisis de se\u00f1al.\r\n<\/pre>\n<p><img decoding=\"async\" class=\"overview-center-img-web\" src=\"https:\/\/tvc.mx\/media\/29227\/banner.png\" alt=\"\" \/><\/div>\n<\/div>\n<div class=\"row align-items-center padding-bottom-2x\">\n<div class=\"col-md-5\"><img decoding=\"async\" class=\"d-block m-auto img-thumbnail\" src=\"https:\/\/tvc.mx\/media\/29228\/OVL1.png\" alt=\" \" \/><\/div>\n<div class=\"col-md-7 text-md-left text-center\">\n<h2>Caracter\u00edsticas<\/h2>\n<p class=\"text-muted\">\n<ul>\n<li>Contacto de alarma de forma \u00abA\u00bb e interruptor de sabotaje<\/li>\n<li>An\u00e1lisis de se\u00f1al digital.<\/li>\n<li>Dise\u00f1o de perfil delgado<\/li>\n<li>Cuenta con pl\u00e1stico ABS para protecci\u00f3n contra golpes e impactos.<\/li>\n<li>Excepcional inmunidad a la luz blanca<\/li>\n<li>Inmunidad a mascotas de hasta 25 kg (55 lbs)<\/li>\n<li>Tecnolog\u00eda de imagen lineal cu\u00e1druple para un an\u00e1lisis n\u00edtido<\/li>\n<li>de dimensiones corporales y diferenciaci\u00f3n de<\/li>\n<li>fondos y mascotas<\/li>\n<li>Ajuste separado de sensibilidad PIR y rotura de cristal<\/li>\n<li>2 salidas de rel\u00e9 independientes para rotura de cristal y<\/li>\n<li>Se\u00f1ales de alarma PIR<\/li>\n<li>Electr\u00f3nica avanzada basada en ASIC<\/li>\n<\/ul>\n<p>&nbsp;<\/p>\n<\/div>\n<\/div>\n<hr class=\"padding-bottom-2x\" \/>\n<div class=\"row align-items-center padding-bottom-2x\">\n<div class=\"col-md-5 order-md-2\"><img decoding=\"async\" class=\"d-block m-auto img-thumbnail\" src=\"https:\/\/tvc.mx\/media\/29229\/OVL3.png\" alt=\" \" \/><\/div>\n<div class=\"col-md-7 order-md-1 text-md-left text-center\">\n<h2>Especificaciones.<\/h2>\n<p class=\"text-muted\">\n<p>Dimensiones . . . . . . . . . . . . . . . . . . . . . . 118 mm x 62,5 mm x 41 mm<\/p>\n<p>Peso. . . . . . . . . . . . . . . . . . . . . . . . . . . 97 gr (3,42 oz)<\/p>\n<p>M\u00e9todo de detecci\u00f3n . . . . . . . . . . . . . . . . . Quad (cuatro elementos) PIR<\/p>\n<p>Entrada de alimentaci\u00f3n . . . . . . . . . . . . . . . . . . . . . . 8.2 a 16 VDC<\/p>\n<p>Dibujo actual (en espera). . . . . . . . . . . . 18 mA<\/p>\n<p>Dibujo actual (activo). . . . . . . . . . . . . . 25,5 mA<\/p>\n<p>Interruptor antisabotaje: clasificaci\u00f3n de contacto. . . . . 0.1 Amp @ 28 VDC<\/p>\n<p>Protecci\u00f3n RFI. . . . . . . . . . . . . . . . . . . . 30 V \/ m 10-1000 MHz<\/p>\n<p>Protecci\u00f3n EMI. . . . . . . . . . . . . . . . . . . . 50,000 V<\/p>\n<\/div>\n<\/div>\n","protected":false},"excerpt":{"rendered":"<p>Informaci\u00f3n general. Ya sea una instalaci\u00f3n residencial o comercial, la serie LC de dispositivos de detecci\u00f3n prepara una seguridad sistema para lo inesperado al proporcionar protecci\u00f3n para cada habitaci\u00f3n, esquina y pasillo. los LC-102-PIGBSS combina PIR digital comprobado y tecnolog\u00eda de detecci\u00f3n de rotura de&hellip;<\/p>\n","protected":false},"featured_media":3920,"comment_status":"open","ping_status":"closed","template":"","meta":{"om_disable_all_campaigns":false,"_monsterinsights_skip_tracking":false,"_monsterinsights_sitenote_active":false,"_monsterinsights_sitenote_note":"","_monsterinsights_sitenote_category":0},"product_brand":[],"product_cat":[283],"product_tag":[212,211,151],"class_list":{"0":"post-3921","1":"product","2":"type-product","3":"status-publish","4":"has-post-thumbnail","6":"product_cat-sensores-de-alarma-alarmas-dsc","7":"product_tag-alarmas","8":"product_tag-alarmas-e-intrusion","9":"product_tag-seguridad","11":"first","12":"instock","13":"sale","14":"taxable","15":"shipping-taxable","16":"purchasable","17":"product-type-simple"},"aioseo_notices":[],"_links":{"self":[{"href":"https:\/\/tecsecmty.com\/index.php\/wp-json\/wp\/v2\/product\/3921","targetHints":{"allow":["GET"]}}],"collection":[{"href":"https:\/\/tecsecmty.com\/index.php\/wp-json\/wp\/v2\/product"}],"about":[{"href":"https:\/\/tecsecmty.com\/index.php\/wp-json\/wp\/v2\/types\/product"}],"replies":[{"embeddable":true,"href":"https:\/\/tecsecmty.com\/index.php\/wp-json\/wp\/v2\/comments?post=3921"}],"version-history":[{"count":0,"href":"https:\/\/tecsecmty.com\/index.php\/wp-json\/wp\/v2\/product\/3921\/revisions"}],"wp:featuredmedia":[{"embeddable":true,"href":"https:\/\/tecsecmty.com\/index.php\/wp-json\/wp\/v2\/media\/3920"}],"wp:attachment":[{"href":"https:\/\/tecsecmty.com\/index.php\/wp-json\/wp\/v2\/media?parent=3921"}],"wp:term":[{"taxonomy":"product_brand","embeddable":true,"href":"https:\/\/tecsecmty.com\/index.php\/wp-json\/wp\/v2\/product_brand?post=3921"},{"taxonomy":"product_cat","embeddable":true,"href":"https:\/\/tecsecmty.com\/index.php\/wp-json\/wp\/v2\/product_cat?post=3921"},{"taxonomy":"product_tag","embeddable":true,"href":"https:\/\/tecsecmty.com\/index.php\/wp-json\/wp\/v2\/product_tag?post=3921"}],"curies":[{"name":"wp","href":"https:\/\/api.w.org\/{rel}","templated":true}]}}