{"id":3929,"date":"2023-02-23T00:28:02","date_gmt":"2023-02-23T06:28:02","guid":{"rendered":"https:\/\/tecsecmty.com\/index.php\/producto\/dsc-pg9303-contacto-magnetico-ultradelgado-inalambrico-con-tecnologia-power-g-compatible-con-neo-pro-qolsys-e-iotega-losprincipales\/"},"modified":"2023-03-22T23:23:20","modified_gmt":"2023-03-23T05:23:20","slug":"dsc-pg9303-contacto-magnetico-ultradelgado-inalambrico-con-tecnologia-power-g-compatible-con-neo-pro-qolsys-e-iotega-losprincipales","status":"publish","type":"product","link":"https:\/\/tecsecmty.com\/index.php\/producto\/dsc-pg9303-contacto-magnetico-ultradelgado-inalambrico-con-tecnologia-power-g-compatible-con-neo-pro-qolsys-e-iotega-losprincipales\/","title":{"rendered":"DSC PG9303 &#8211; Contacto Magn\u00e9tico ultradelgado Inal\u00e1mbrico con tecnolog\u00eda Power G compatible con NEO, PRO, Qolsys e IoTega #LosPrincipales"},"content":{"rendered":"<h5 class=\"card-title text-center\">Descripci\u00f3n<\/h5>\n<p class=\"ql-align-justify\">Los contactos de puerta y ventana pg9303, son dispositivos de contacto magn\u00e9tico powerg completamente, supervisados. Incluyen un interruptor de switch integrado. El dispositivo transmite notificaciones de alarma al panel de control y est\u00e1 supervisado usando el protocolo de comunicaciones bidireccional de powerg.<\/p>\n<p><strong>Descripci\u00f3n t\u00e9cnica:<\/strong><\/p>\n<p class=\"ql-align-justify\">Contacto magn\u00e9tico ultra delgado blanco, cuenta con perfil extra-delgado, indicador de calidad de enlace visible en el dispositivo, totalmente supervisado y dimensiones 67 x 31 x 11mm (2.6 x 1.2 x 0.4)\u00bbcuanta con diferentes posiciones para poner el im\u00e1n y tener una mejora en el gap<\/p>\n<p><strong>Beneficios adicionales:<\/strong><\/p>\n<ul>\n<li>gap en madera 22mm<\/li>\n<li>gap metal 9mm<\/li>\n<li>perfil extra<\/li>\n<li>delgado.<\/li>\n<li>supervisi\u00f3n cada 256 segundos.<\/li>\n<\/ul>\n<p><strong>Para que sirve:<\/strong><\/p>\n<ul>\n<li>Muy practico para proteger puertas y ventanas donde se requiera mucha est\u00e9tica y poco espacio.<\/li>\n<\/ul>\n<p><strong>Compatibilidad<\/strong><\/p>\n<ul>\n<li>Bater\u00eda cr2450<\/li>\n<\/ul>\n<p><img decoding=\"async\" class=\"overview-center-img-web\" src=\"https:\/\/tvc.mx\/media\/28797\/principalcomerPG9303.jpg\" alt=\"\" \/><\/p>\n","protected":false},"excerpt":{"rendered":"<p>Descripci\u00f3n Los contactos de puerta y ventana pg9303, son dispositivos de contacto magn\u00e9tico powerg completamente, supervisados. Incluyen un interruptor de switch integrado. El dispositivo transmite notificaciones de alarma al panel de control y est\u00e1 supervisado usando el protocolo de comunicaciones bidireccional de powerg. Descripci\u00f3n t\u00e9cnica:&hellip;<\/p>\n","protected":false},"featured_media":3928,"comment_status":"open","ping_status":"closed","template":"","meta":{"om_disable_all_campaigns":false,"_monsterinsights_skip_tracking":false,"_monsterinsights_sitenote_active":false,"_monsterinsights_sitenote_note":"","_monsterinsights_sitenote_category":0},"product_brand":[],"product_cat":[283],"product_tag":[212,211,151],"class_list":{"0":"post-3929","1":"product","2":"type-product","3":"status-publish","4":"has-post-thumbnail","6":"product_cat-sensores-de-alarma-alarmas-dsc","7":"product_tag-alarmas","8":"product_tag-alarmas-e-intrusion","9":"product_tag-seguridad","11":"first","12":"instock","13":"sale","14":"taxable","15":"shipping-taxable","16":"purchasable","17":"product-type-simple"},"aioseo_notices":[],"_links":{"self":[{"href":"https:\/\/tecsecmty.com\/index.php\/wp-json\/wp\/v2\/product\/3929","targetHints":{"allow":["GET"]}}],"collection":[{"href":"https:\/\/tecsecmty.com\/index.php\/wp-json\/wp\/v2\/product"}],"about":[{"href":"https:\/\/tecsecmty.com\/index.php\/wp-json\/wp\/v2\/types\/product"}],"replies":[{"embeddable":true,"href":"https:\/\/tecsecmty.com\/index.php\/wp-json\/wp\/v2\/comments?post=3929"}],"version-history":[{"count":0,"href":"https:\/\/tecsecmty.com\/index.php\/wp-json\/wp\/v2\/product\/3929\/revisions"}],"wp:featuredmedia":[{"embeddable":true,"href":"https:\/\/tecsecmty.com\/index.php\/wp-json\/wp\/v2\/media\/3928"}],"wp:attachment":[{"href":"https:\/\/tecsecmty.com\/index.php\/wp-json\/wp\/v2\/media?parent=3929"}],"wp:term":[{"taxonomy":"product_brand","embeddable":true,"href":"https:\/\/tecsecmty.com\/index.php\/wp-json\/wp\/v2\/product_brand?post=3929"},{"taxonomy":"product_cat","embeddable":true,"href":"https:\/\/tecsecmty.com\/index.php\/wp-json\/wp\/v2\/product_cat?post=3929"},{"taxonomy":"product_tag","embeddable":true,"href":"https:\/\/tecsecmty.com\/index.php\/wp-json\/wp\/v2\/product_tag?post=3929"}],"curies":[{"name":"wp","href":"https:\/\/api.w.org\/{rel}","templated":true}]}}