{"id":3973,"date":"2023-02-23T00:28:34","date_gmt":"2023-02-23T06:28:34","guid":{"rendered":"https:\/\/tecsecmty.com\/index.php\/producto\/dsc-pg9984p-detector-de-movimiento-optica-de-espejo-doble-tecnologia-pasivo-y-microondas-inalambrico-power-g-compatible-con-neo-pro-qolsys-e-iotega\/"},"modified":"2023-03-22T23:23:22","modified_gmt":"2023-03-23T05:23:22","slug":"dsc-pg9984p-detector-de-movimiento-optica-de-espejo-doble-tecnologia-pasivo-y-microondas-inalambrico-power-g-compatible-con-neo-pro-qolsys-e-iotega","status":"publish","type":"product","link":"https:\/\/tecsecmty.com\/index.php\/producto\/dsc-pg9984p-detector-de-movimiento-optica-de-espejo-doble-tecnologia-pasivo-y-microondas-inalambrico-power-g-compatible-con-neo-pro-qolsys-e-iotega\/","title":{"rendered":"DSC PG9984P &#8211; Detector de Movimiento \u00d3ptica de espejo doble tecnolog\u00eda Pasivo y Microondas Inal\u00e1mbrico Power G compatible con NEO, PRO, Qolsys e IoTega"},"content":{"rendered":"<div class=\"row aling-items-center padding-bottom-2x\">\n<div class=\"col-lg-12\">\n<h5 class=\"card-title text-center\">Descripci\u00f3n<\/h5>\n<h3><strong>PG9984P inal\u00e1mbrico PowerG Dual<\/strong><\/h3>\n<h3><\/h3>\n<p><strong>Detector de movimiento tecnol\u00f3gico<\/strong><\/p>\n<p>El detector de movimiento de tecnolog\u00eda dual inal\u00e1mbrico PowerG PG9984P combina algoritmos avanzados de detecci\u00f3n PIR con detecci\u00f3n de microondas de banda K para reducir dr\u00e1sticamente los eventos de falsa alarma incluso en instalaciones dif\u00edciles. El PG9984P env\u00eda una se\u00f1al de alarma despu\u00e9s de que los sensores PIR y de microondas hayan detectado un intruso, reduciendo significativamente las falsas alarmas.<\/p>\n<p><strong>Tecnolog\u00edas de detecci\u00f3n avanzadas<\/strong><\/p>\n<p>El PG9984P utiliza una combinaci\u00f3n de \u00f3ptica de espejo parab\u00f3lico el\u00edptico. Un espejo innovador con ganancia \u00f3ptica extremadamente alta ofrece un rango extendido y proporciona una sensibilidad de detecci\u00f3n superior.<\/p>\n<p>El PG9984P tambi\u00e9n aplica una compensaci\u00f3n digital de temperatura que permite al detector ajustar continuamente su sensibilidad de acuerdo con la temperatura de la ubicaci\u00f3n. De esta manera, el PG9984P puede detectar un intruso incluso cuando la temperatura ambiente es cercana a la del cuerpo humano.<\/p>\n<p>Finalmente, el PG9984P utiliza una tecnolog\u00eda de espejo negro obsidiana. Una superficie reflectante \u00fanica, a base de n\u00edquel, similar a la obsidiana, act\u00faa como un filtro \u00f3ptico selectivo de energ\u00eda infrarroja. De esta manera, el PG9984P puede eliminar virtualmente la interferencia de luz blanca y aumentar la sensibilidad de detecci\u00f3n.<\/p>\n<p><strong>F\u00e1cil de instalar | Indicaci\u00f3n de calidad de enlace<\/strong><\/p>\n<p>El PG9984P est\u00e1 equipado con un indicador LED de calidad de enlace visible que permite al instalador elegir la ubicaci\u00f3n \u00f3ptima para la instalaci\u00f3n, eliminando el esfuerzo de ir y venir al teclado. Adem\u00e1s, la configuraci\u00f3n del dispositivo es r\u00e1pida y f\u00e1cil sin interruptores de hardware o necesidad de volver a abrir el dispositivo. Todos los ajustes de configuraci\u00f3n del dispositivo se manejan a trav\u00e9s del teclado del sistema.<\/p>\n<p><img decoding=\"async\" class=\"overview-center-img-web\" src=\"https:\/\/tvc.mx\/media\/29517\/DSC1180026.jpg\" alt=\"\" \/><\/div>\n<\/div>\n<div class=\"row align-items-center padding-bottom-2x\">\n<div class=\"col-md-5\"><img decoding=\"async\" class=\"d-block m-auto img-thumbnail\" src=\"https:\/\/tvc.mx\/media\/29518\/DSC1180026-2.jpg\" alt=\" \" \/><\/div>\n<div class=\"col-md-7 text-md-left text-center\">\n<h2>Patr\u00f3n de cobertura<\/h2>\n<p class=\"text-muted\">\n<h3>En la imagen podemos observar la cobertura del sensor.<\/h3>\n<p>&nbsp;<\/p>\n<\/div>\n<\/div>\n<hr class=\"padding-bottom-2x\" \/>\n<div class=\"row align-items-center padding-bottom-2x\">\n<div class=\"col-md-5 order-md-2\"><img decoding=\"async\" class=\"d-block m-auto img-thumbnail\" src=\"https:\/\/tvc.mx\/media\/29519\/DSC1180026-1.jpg\" alt=\" \" \/><\/div>\n<div class=\"col-md-7 order-md-1 text-md-left text-center\">\n<h2>Especificaciones<\/h2>\n<p class=\"text-muted\">\n<ul>\n<li><strong>Dimensiones:<\/strong>\u00a0115 x 60 x 48 mm<\/li>\n<li><strong>Duraci\u00f3n de la bater\u00eda:<\/strong>\u00a05 a\u00f1os (uso t\u00edpico)<\/li>\n<li><strong>Tipo de bater\u00eda:\u00a0<\/strong>3V CR123A Bater\u00eda de litio<\/li>\n<li><strong>Peso:\u00a0<\/strong>90 g<\/li>\n<li><strong>Temperatura de funcionamiento:\u00a0<\/strong>-10 \u00b0 C a + 55 \u00b0 C<\/li>\n<\/ul>\n<p><strong>Aprobaciones:<\/strong><\/p>\n<ul>\n<li>FCC \/ IC, UL \/ ULC<\/li>\n<li>Consulte www.dsc.com para obtener las listas de aprobaci\u00f3n m\u00e1s recientes.<\/li>\n<\/ul>\n<p><strong>Compatibilidad:<\/strong><\/p>\n<ul>\n<li>PowerSeries Neo Systems<\/li>\n<\/ul>\n<p><strong>PowerSeries Neo redefine el concepto de seguridad<\/strong><\/p>\n<p>PowerSeries Neo de DSC redefine el concepto de protecci\u00f3n contra intrusiones combinando la flexibilidad de un sistema cableado modular con la simplicidad de una amplia variedad de dispositivos y perif\u00e9ricos inal\u00e1mbricos. \u00bfEl resultado? El sistema h\u00edbrido m\u00e1s completo del mercado.<\/p>\n<p>Esta nueva plataforma sumamente flexible utiliza las capacidades superiores de PowerG, la tecnolog\u00eda de intrusi\u00f3n inal\u00e1mbrica l\u00edder en la industria. Innovadoras soluciones de verificaci\u00f3n de alarmas y un paquete integral de herramientas remotas de software convierten a PowerSeries Neo en una soluci\u00f3n de primera clase ideal para instalaciones residenciales y comerciales escalables.<\/p>\n<\/div>\n<\/div>\n","protected":false},"excerpt":{"rendered":"<p>Descripci\u00f3n PG9984P inal\u00e1mbrico PowerG Dual Detector de movimiento tecnol\u00f3gico El detector de movimiento de tecnolog\u00eda dual inal\u00e1mbrico PowerG PG9984P combina algoritmos avanzados de detecci\u00f3n PIR con detecci\u00f3n de microondas de banda K para reducir dr\u00e1sticamente los eventos de falsa alarma incluso en instalaciones dif\u00edciles. El&hellip;<\/p>\n","protected":false},"featured_media":3972,"comment_status":"open","ping_status":"closed","template":"","meta":{"om_disable_all_campaigns":false,"_monsterinsights_skip_tracking":false,"_monsterinsights_sitenote_active":false,"_monsterinsights_sitenote_note":"","_monsterinsights_sitenote_category":0},"product_brand":[],"product_cat":[283],"product_tag":[212,211,151],"class_list":{"0":"post-3973","1":"product","2":"type-product","3":"status-publish","4":"has-post-thumbnail","6":"product_cat-sensores-de-alarma-alarmas-dsc","7":"product_tag-alarmas","8":"product_tag-alarmas-e-intrusion","9":"product_tag-seguridad","11":"first","12":"instock","13":"sale","14":"taxable","15":"shipping-taxable","16":"purchasable","17":"product-type-simple"},"aioseo_notices":[],"_links":{"self":[{"href":"https:\/\/tecsecmty.com\/index.php\/wp-json\/wp\/v2\/product\/3973","targetHints":{"allow":["GET"]}}],"collection":[{"href":"https:\/\/tecsecmty.com\/index.php\/wp-json\/wp\/v2\/product"}],"about":[{"href":"https:\/\/tecsecmty.com\/index.php\/wp-json\/wp\/v2\/types\/product"}],"replies":[{"embeddable":true,"href":"https:\/\/tecsecmty.com\/index.php\/wp-json\/wp\/v2\/comments?post=3973"}],"version-history":[{"count":0,"href":"https:\/\/tecsecmty.com\/index.php\/wp-json\/wp\/v2\/product\/3973\/revisions"}],"wp:featuredmedia":[{"embeddable":true,"href":"https:\/\/tecsecmty.com\/index.php\/wp-json\/wp\/v2\/media\/3972"}],"wp:attachment":[{"href":"https:\/\/tecsecmty.com\/index.php\/wp-json\/wp\/v2\/media?parent=3973"}],"wp:term":[{"taxonomy":"product_brand","embeddable":true,"href":"https:\/\/tecsecmty.com\/index.php\/wp-json\/wp\/v2\/product_brand?post=3973"},{"taxonomy":"product_cat","embeddable":true,"href":"https:\/\/tecsecmty.com\/index.php\/wp-json\/wp\/v2\/product_cat?post=3973"},{"taxonomy":"product_tag","embeddable":true,"href":"https:\/\/tecsecmty.com\/index.php\/wp-json\/wp\/v2\/product_tag?post=3973"}],"curies":[{"name":"wp","href":"https:\/\/api.w.org\/{rel}","templated":true}]}}