{"id":3989,"date":"2023-02-23T00:28:47","date_gmt":"2023-02-23T06:28:47","guid":{"rendered":"https:\/\/tecsecmty.com\/index.php\/producto\/dsc-ws4925-contacto-magnetico-inalambrico-de-puerta-ventana-c-entrada-auxiliar-rango-extendido-compatible-con-power-series-impassa-y-maxsys\/"},"modified":"2023-03-22T23:23:27","modified_gmt":"2023-03-23T05:23:27","slug":"dsc-ws4925-contacto-magnetico-inalambrico-de-puerta-ventana-c-entrada-auxiliar-rango-extendido-compatible-con-power-series-impassa-y-maxsys","status":"publish","type":"product","link":"https:\/\/tecsecmty.com\/index.php\/producto\/dsc-ws4925-contacto-magnetico-inalambrico-de-puerta-ventana-c-entrada-auxiliar-rango-extendido-compatible-con-power-series-impassa-y-maxsys\/","title":{"rendered":"DSC WS4925 &#8211; Contacto Magn\u00e9tico Inal\u00e1mbrico de Puerta\/Ventana c\/entrada Auxiliar Rango Extendido compatible con Power Series, Impassa y Maxsys"},"content":{"rendered":"<h5 class=\"card-title text-center\">Descripci\u00f3n<\/h5>\n<p>El contacto magn\u00e9tico inal\u00e1mbrico de puerta\/ventana, tiene caracter\u00edsticas avanzadas para mejorar las comunicaciones inal\u00e1mbricas en aquellas regiones con altos niveles de ruido de RF. Con varias caracter\u00edsticas distintivas, este dispositivo robusto y est\u00e9ticamente agradable, ofrece una r\u00e1pida y f\u00e1cil instalaci\u00f3n.<\/p>\n<ul>\n<li>Tipo: Sobreponer<\/li>\n<li>Tecnolog\u00eda: Inal\u00e1mbrico (alcance extendido &#8211; L.R.-)<\/li>\n<li>GAP: 5\/8\u201d<\/li>\n<li>Forma de contacto: N.C.<\/li>\n<li>Color: Blanco<\/li>\n<\/ul>\n<p><strong>Caracteristicas:<\/strong><\/p>\n<ul>\n<li>Interruptor magn\u00e9tico incorporado (reed switch)<\/li>\n<li>Interruptor de anti-sabotaje sabotaje de carcasa<\/li>\n<li>Distancia de contacto magn\u00e9tico de 16 mm<\/li>\n<li>Comunicaci\u00f3n mejorada en ambientes de alto nivel de ruido RF<\/li>\n<li>Tecnolog\u00eda confiable de 433 MHz<\/li>\n<li>Incluye cinta adhesiva de doble contacto<\/li>\n<li>Listados de aprobaciones: FCC, Anatel, CNC<\/li>\n<\/ul>\n<p><strong>Beneficios adicionales:<\/strong><\/p>\n<ul>\n<li>Cinta doble cara incluida<\/li>\n<li>F\u00e1cil instalaci\u00f3n<\/li>\n<li>Funciona a 433 Mhz.<\/li>\n<\/ul>\n<p><strong>Sirve para:<\/strong><\/p>\n<p>Es ideal para las instalaciones de alarmas, el contacto magn\u00e9tico ofrece una excelente est\u00e9tica ya que no necesita ser cableado. Para su instalaci\u00f3n r\u00e1pida cuenta con una cinta doble cara que evita la instalaci\u00f3n de tornillos.<\/p>\n<p><img decoding=\"async\" class=\"overview-center-img-web\" src=\"https:\/\/tvc.mx\/media\/28949\/DSC1180003.jpg\" alt=\"\" \/><\/p>\n","protected":false},"excerpt":{"rendered":"<p>Descripci\u00f3n El contacto magn\u00e9tico inal\u00e1mbrico de puerta\/ventana, tiene caracter\u00edsticas avanzadas para mejorar las comunicaciones inal\u00e1mbricas en aquellas regiones con altos niveles de ruido de RF. Con varias caracter\u00edsticas distintivas, este dispositivo robusto y est\u00e9ticamente agradable, ofrece una r\u00e1pida y f\u00e1cil instalaci\u00f3n. Tipo: Sobreponer Tecnolog\u00eda: Inal\u00e1mbrico&hellip;<\/p>\n","protected":false},"featured_media":3988,"comment_status":"open","ping_status":"closed","template":"","meta":{"om_disable_all_campaigns":false,"_monsterinsights_skip_tracking":false,"_monsterinsights_sitenote_active":false,"_monsterinsights_sitenote_note":"","_monsterinsights_sitenote_category":0},"product_brand":[],"product_cat":[283],"product_tag":[212,211,151],"class_list":{"0":"post-3989","1":"product","2":"type-product","3":"status-publish","4":"has-post-thumbnail","6":"product_cat-sensores-de-alarma-alarmas-dsc","7":"product_tag-alarmas","8":"product_tag-alarmas-e-intrusion","9":"product_tag-seguridad","11":"first","12":"instock","13":"sale","14":"taxable","15":"shipping-taxable","16":"purchasable","17":"product-type-simple"},"aioseo_notices":[],"_links":{"self":[{"href":"https:\/\/tecsecmty.com\/index.php\/wp-json\/wp\/v2\/product\/3989","targetHints":{"allow":["GET"]}}],"collection":[{"href":"https:\/\/tecsecmty.com\/index.php\/wp-json\/wp\/v2\/product"}],"about":[{"href":"https:\/\/tecsecmty.com\/index.php\/wp-json\/wp\/v2\/types\/product"}],"replies":[{"embeddable":true,"href":"https:\/\/tecsecmty.com\/index.php\/wp-json\/wp\/v2\/comments?post=3989"}],"version-history":[{"count":0,"href":"https:\/\/tecsecmty.com\/index.php\/wp-json\/wp\/v2\/product\/3989\/revisions"}],"wp:featuredmedia":[{"embeddable":true,"href":"https:\/\/tecsecmty.com\/index.php\/wp-json\/wp\/v2\/media\/3988"}],"wp:attachment":[{"href":"https:\/\/tecsecmty.com\/index.php\/wp-json\/wp\/v2\/media?parent=3989"}],"wp:term":[{"taxonomy":"product_brand","embeddable":true,"href":"https:\/\/tecsecmty.com\/index.php\/wp-json\/wp\/v2\/product_brand?post=3989"},{"taxonomy":"product_cat","embeddable":true,"href":"https:\/\/tecsecmty.com\/index.php\/wp-json\/wp\/v2\/product_cat?post=3989"},{"taxonomy":"product_tag","embeddable":true,"href":"https:\/\/tecsecmty.com\/index.php\/wp-json\/wp\/v2\/product_tag?post=3989"}],"curies":[{"name":"wp","href":"https:\/\/api.w.org\/{rel}","templated":true}]}}