{"id":3991,"date":"2023-02-23T00:28:48","date_gmt":"2023-02-23T06:28:48","guid":{"rendered":"https:\/\/tecsecmty.com\/index.php\/producto\/dsc-ws4936-detector-de-humo-fotoelectrico-y-calor-inalambrico-con-frecuencia-433-mhz-compatible-con-power-series-impassa-y-maxsys\/"},"modified":"2023-03-22T23:23:27","modified_gmt":"2023-03-23T05:23:27","slug":"dsc-ws4936-detector-de-humo-fotoelectrico-y-calor-inalambrico-con-frecuencia-433-mhz-compatible-con-power-series-impassa-y-maxsys","status":"publish","type":"product","link":"https:\/\/tecsecmty.com\/index.php\/producto\/dsc-ws4936-detector-de-humo-fotoelectrico-y-calor-inalambrico-con-frecuencia-433-mhz-compatible-con-power-series-impassa-y-maxsys\/","title":{"rendered":"DSC WS4936 &#8211; Detector de humo fotoel\u00e9ctrico y calor inal\u00e1mbrico con frecuencia 433 Mhz compatible con Power Series, Impassa y Maxsys"},"content":{"rendered":"<div class=\"row aling-items-center padding-bottom-2x\">\n<div class=\"col-lg-12\">\n<h5 class=\"card-title text-center\">DSC1180035<\/h5>\n<p>El detector WS4936 es un detector de humo fotoel\u00e9ctrico in\u00e1mbrico con un detector de temperatura fija y tasa de incremento de calor, cuenta con una alarma piezoel\u00e9ctrica interna. Disponible en Versi\u00f3n de 433MHz para Am\u00e9rica.<\/p>\n<p><img decoding=\"async\" class=\"overview-center-img-web\" src=\"https:\/\/tvc.mx\/media\/32478\/binary.jpg\" alt=\"\" \/><\/div>\n<\/div>\n<div class=\"row align-items-center padding-bottom-2x\">\n<div class=\"col-md-5\"><img decoding=\"async\" class=\"d-block m-auto img-thumbnail\" src=\"https:\/\/tvc.mx\/media\/32509\/lateral-smoke-detector.jpg\" alt=\" \" \/><\/div>\n<div class=\"col-md-7 text-md-left text-center\">\n<h2>Descripci\u00f3n<\/h2>\n<p class=\"text-muted\">\n<p>Dise\u00f1ado para la detecci\u00f3n confiable de humo, WS4936 es un detector de humo fotoel\u00e9ctrico inal\u00e1mbrico ideal para utilizar en hogares y comercios donde es dif\u00edcil instalar cableado.<\/p>\n<p class=\"ql-align-justify\">Compatible con todos los receptores inal\u00e1mbricos de 433\u00a0MHz de DSC, el WS4936 incluye una alarma sonora incorporada, detecci\u00f3n de calor integral con sensor dual, compensaci\u00f3n autom\u00e1tica de deriva y una c\u00e1mara de humo desmontable para un f\u00e1cil mantenimiento.<\/p>\n<p>&nbsp;<\/p>\n<\/div>\n<\/div>\n<hr class=\"padding-bottom-2x\" \/>\n<div class=\"row align-items-center padding-bottom-2x\">\n<div class=\"col-md-5 order-md-2\"><img decoding=\"async\" class=\"d-block m-auto img-thumbnail\" src=\"https:\/\/tvc.mx\/media\/32533\/lateral-overview.jpg\" alt=\" \" \/><\/div>\n<div class=\"col-md-7 order-md-1 text-md-left text-center\">\n<h2>Caracter\u00edsticas<\/h2>\n<p class=\"text-muted\">\n<ul>\n<li>Caracter\u00edsticas que marcan la diferencia:<\/li>\n<li>Compensaci\u00f3n autom\u00e1tica de deriva<\/li>\n<li>Detector de calor integrado con sensor dual<\/li>\n<li>Alarma sonora integrada de 85\u00a0dB<\/li>\n<li>Bot\u00f3n de prueba local<\/li>\n<li>Dise\u00f1o de perfil bajo<\/li>\n<li>Reporte de sensibilidad alta\/baja<\/li>\n<li>Bot\u00f3n de silencio<\/li>\n<li>Indicaci\u00f3n de bater\u00eda baja<\/li>\n<li>C\u00e1mara de humo desmontable para un f\u00e1cil mantenimiento<\/li>\n<li>Funci\u00f3n silenciosa<\/li>\n<li>Incluye 3 bater\u00edas \u201cAAA\u201d<\/li>\n<li>Con certificaci\u00f3n UL\/ULC\/EN para uso residencial y comercial<\/li>\n<li>Compatible con todos los receptores inal\u00e1mbricos de 433\u00a0MHz de DSC<\/li>\n<\/ul>\n<p>&nbsp;<\/p>\n<\/div>\n<\/div>\n<hr class=\"padding-bottom-2x\" \/>\n<div class=\"row align-items-center padding-bottom-2x\">\n<div class=\"col-md-5\"><img decoding=\"async\" class=\"d-block m-auto img-thumbnail\" src=\"https:\/\/tvc.mx\/media\/32534\/lateral-overview.jpg\" alt=\" \" \/><\/div>\n<div class=\"col-md-7 text-md-left text-center\">\n<h2>Especificaciones<\/h2>\n<p class=\"text-muted\">\n<ul>\n<li>Di\u00e1metro&#8230;&#8230;&#8230;&#8230;&#8230;&#8230;&#8230;&#8230;&#8230;&#8230;&#8230;&#8230;&#8230;&#8230;&#8230;&#8230;&#8230;&#8230;&#8230;(125\u00a0mm)<\/li>\n<li>Altura&#8230;&#8230;&#8230;&#8230;&#8230;&#8230;&#8230;&#8230;&#8230;&#8230;&#8230;&#8230;&#8230;&#8230;&#8230;&#8230;&#8230;&#8230;&#8230;&#8230;. (63\u00a0mm)<\/li>\n<li>Bater\u00eda&#8230;&#8230;&#8230;&#8230;&#8230;&#8230;&#8230;&#8230;&#8230;&#8230;&#8230;&#8230;&#8230;&#8230;&#8230;&#8230;&#8230;&#8230;&#8230;&#8230;&#8230;&#8230;&#8230;.X3 AAA<\/li>\n<li>Montaje &#8230;&#8230;&#8230;&#8230;&#8230;&#8230;..Montaje sobre superficie con tornillos<\/li>\n<li>Nominal&#8230;&#8230;&#8230;&#8230;&#8230;..3.0% +\/- 0.8% oscurecimiento\/pie (UL)<\/li>\n<li>Nominal&#8230;.. 2.0% +\/- 0.5% oscurecimiento\/ pie (ULC y EN)<\/li>\n<li>Alarma&#8230;&#8230;&#8230;&#8230;&#8230;&#8230;&#8230;&#8230;Temperatura fija de (57.2\u00a0\u00b0C)<\/li>\n<li>Temperatura de operaci\u00f3n&#8230;&#8230;&#8230;&#8230;&#8230;&#8230;&#8230;&#8230;.(De 0\u00b0 a 38\u00a0\u00b0C)<\/li>\n<li>Humedad relativa &#8230;&#8230;&#8230;&#8230;&#8230;&#8230;&#8230;&#8230;&#8230;&#8230;&#8230;&#8230;&#8230;&#8230;.De 0 a 95%<\/li>\n<\/ul>\n<h1 class=\"ql-align-center\"><a href=\"http:\/\/soporte.tvc.mx\/Ingenieria\/DSC\/WS4936-WS8936_Smoke-Detector_29009523R004_En-Fr-Sp-Po-It.pdf\" target=\"_blank\" rel=\"noopener\"><strong>Manual de Instalaci\u00f3n<\/strong><\/a><\/h1>\n<\/div>\n<\/div>\n","protected":false},"excerpt":{"rendered":"<p>DSC1180035 El detector WS4936 es un detector de humo fotoel\u00e9ctrico in\u00e1mbrico con un detector de temperatura fija y tasa de incremento de calor, cuenta con una alarma piezoel\u00e9ctrica interna. Disponible en Versi\u00f3n de 433MHz para Am\u00e9rica. Descripci\u00f3n Dise\u00f1ado para la detecci\u00f3n confiable de humo, WS4936&hellip;<\/p>\n","protected":false},"featured_media":3990,"comment_status":"open","ping_status":"closed","template":"","meta":{"om_disable_all_campaigns":false,"_monsterinsights_skip_tracking":false,"_monsterinsights_sitenote_active":false,"_monsterinsights_sitenote_note":"","_monsterinsights_sitenote_category":0},"product_brand":[],"product_cat":[283],"product_tag":[212,211,151],"class_list":{"0":"post-3991","1":"product","2":"type-product","3":"status-publish","4":"has-post-thumbnail","6":"product_cat-sensores-de-alarma-alarmas-dsc","7":"product_tag-alarmas","8":"product_tag-alarmas-e-intrusion","9":"product_tag-seguridad","11":"first","12":"instock","13":"sale","14":"taxable","15":"shipping-taxable","16":"purchasable","17":"product-type-simple"},"aioseo_notices":[],"_links":{"self":[{"href":"https:\/\/tecsecmty.com\/index.php\/wp-json\/wp\/v2\/product\/3991","targetHints":{"allow":["GET"]}}],"collection":[{"href":"https:\/\/tecsecmty.com\/index.php\/wp-json\/wp\/v2\/product"}],"about":[{"href":"https:\/\/tecsecmty.com\/index.php\/wp-json\/wp\/v2\/types\/product"}],"replies":[{"embeddable":true,"href":"https:\/\/tecsecmty.com\/index.php\/wp-json\/wp\/v2\/comments?post=3991"}],"version-history":[{"count":0,"href":"https:\/\/tecsecmty.com\/index.php\/wp-json\/wp\/v2\/product\/3991\/revisions"}],"wp:featuredmedia":[{"embeddable":true,"href":"https:\/\/tecsecmty.com\/index.php\/wp-json\/wp\/v2\/media\/3990"}],"wp:attachment":[{"href":"https:\/\/tecsecmty.com\/index.php\/wp-json\/wp\/v2\/media?parent=3991"}],"wp:term":[{"taxonomy":"product_brand","embeddable":true,"href":"https:\/\/tecsecmty.com\/index.php\/wp-json\/wp\/v2\/product_brand?post=3991"},{"taxonomy":"product_cat","embeddable":true,"href":"https:\/\/tecsecmty.com\/index.php\/wp-json\/wp\/v2\/product_cat?post=3991"},{"taxonomy":"product_tag","embeddable":true,"href":"https:\/\/tecsecmty.com\/index.php\/wp-json\/wp\/v2\/product_tag?post=3991"}],"curies":[{"name":"wp","href":"https:\/\/api.w.org\/{rel}","templated":true}]}}