{"id":3993,"date":"2023-02-23T00:28:50","date_gmt":"2023-02-23T06:28:50","guid":{"rendered":"https:\/\/tecsecmty.com\/index.php\/producto\/dsc-ws4945-contacto-magnetico-inalambrico-de-puerta-ventana-c-entrada-auxiliar-compatible-con-power-series-impassa-y-maxsys-losprincipales\/"},"modified":"2023-03-22T23:23:27","modified_gmt":"2023-03-23T05:23:27","slug":"dsc-ws4945-contacto-magnetico-inalambrico-de-puerta-ventana-c-entrada-auxiliar-compatible-con-power-series-impassa-y-maxsys-losprincipales","status":"publish","type":"product","link":"https:\/\/tecsecmty.com\/index.php\/producto\/dsc-ws4945-contacto-magnetico-inalambrico-de-puerta-ventana-c-entrada-auxiliar-compatible-con-power-series-impassa-y-maxsys-losprincipales\/","title":{"rendered":"DSC WS4945 &#8211; Contacto Magn\u00e9tico Inal\u00e1mbrico de Puerta\/Ventana c\/entrada Auxiliar compatible con Power Series, Impassa y Maxsys #LosPrincipales"},"content":{"rendered":"<div class=\"row aling-items-center padding-bottom-2x\">\n<div class=\"col-lg-12\">\n<h5 class=\"card-title text-center\">Informacion general<\/h5>\n<p>Independientemente del tipo de aplicaci\u00f3n, el contacto de puerta\/ ventana inal\u00e1mbrico WS4945, de dise\u00f1o compacto, deber\u00eda ser siempre la primera opci\u00f3n del instalador para instalaciones complicadas. Este contacto se ha convertido en el nuevo est\u00e1ndar de DSC para contactos de puerta\/ventana debido a su formato optimizado (30% m\u00e1s peque\u00f1o que su predecesor, el WLS925L-433\/ WLS935L) y a su nuevo dise\u00f1o que permite la colocaci\u00f3n mediante cinta adhesiva de doble contacto. Estas caracter\u00edsticas se combinan para que usted pueda empezar y terminar sus trabajos m\u00e1s r\u00e1pido que nunca.<\/p>\n<p><img decoding=\"async\" class=\"overview-center-img-web\" src=\"https:\/\/tvc.mx\/media\/28950\/BANNER.png\" alt=\"\" \/><\/div>\n<\/div>\n<div class=\"row align-items-center padding-bottom-2x\">\n<div class=\"col-md-5\"><img decoding=\"async\" class=\"d-block m-auto img-thumbnail\" src=\"https:\/\/tvc.mx\/media\/28951\/OVL1.png\" alt=\" \" \/><\/div>\n<div class=\"col-md-7 text-md-left text-center\">\n<h2>Ventajas de uso<\/h2>\n<p class=\"text-muted\">\n<p>Instalaciones m\u00e1s r\u00e1pidas<\/p>\n<p class=\"ql-indent-1\">El WS4945 trae una bater\u00eda preinstalada la cual es activada por los instaladores mediante una leng\u00fceta. Esto ayuda a reducir el tiempo de instalaci\u00f3n dado que no es necesario abrir las carcasas para insertar la bater\u00eda. Simplemente tire de la leng\u00fceta de activaci\u00f3n y monte el contacto. Para ayudar a simplificar aun m\u00e1s el proceso de instalaci\u00f3n, DSC ha colocado la placa de circuito en la tapa del equipo. Si usted prefiere montar el contacto con tornillos (recomendado para la opci\u00f3n con antisabotaje de pared), con el nuevo dise\u00f1o no es necesario retirar la placa de circuito.<\/p>\n<p>Confiable y vers\u00e1til<\/p>\n<p class=\"ql-indent-1\">El WS4945 est\u00e1 dise\u00f1ado para detectar de forma confiable sabotajes de tapa o pared. Dependiendo del tipo de uso del contacto, puede enviar una se\u00f1al al sistema de alarma si se produce una apertura de la carcasa o si se retira de la pared. Si cuando esto ocurre el sistema de alarma est\u00e1 armado, se activar\u00e1 una alarma y se dar\u00e1 aviso a la estaci\u00f3n central del sabotaje (si est\u00e1 programado). El WS4945 tambi\u00e9n tiene una entrada para contacto externo que permite conectar un contacto de puerta cableado. Esto es \u00fatil para instalaciones en donde se dificulta el montaje del im\u00e1n dentro de la distancia m\u00e1xima permitida por el contacto (16 mm [5\/8\u02dd]).<\/p>\n<p>Valor agregado<\/p>\n<p class=\"ql-indent-1\">Mucho m\u00e1s peque\u00f1o que otros contactos de puerta\/ ventana, el WS4945 est\u00e1 alojado dentro de una carcasa compacta, permitiendo su uso en instalaciones con m\u00ednimo espacio disponible. Una vez instalado, el contacto es apenas visible y combina con la mayor\u00eda de los ambientes interiores. Est\u00e1 construido mediante tecnolog\u00eda confiable de 433 MHz, utiliza una bater\u00eda de litio de larga duraci\u00f3n y es compatible con todos los receptores inal\u00e1mbricos de DSC actuales.<\/p>\n<p>&nbsp;<\/p>\n<\/div>\n<\/div>\n<hr class=\"padding-bottom-2x\" \/>\n<div class=\"row align-items-center padding-bottom-2x\">\n<div class=\"col-md-5 order-md-2\"><img decoding=\"async\" class=\"d-block m-auto img-thumbnail\" src=\"https:\/\/tvc.mx\/media\/28953\/OVL2.png\" alt=\" \" \/><\/div>\n<div class=\"col-md-7 order-md-1 text-md-left text-center\">\n<h2>Especificaciones<\/h2>\n<p class=\"text-muted\">\n<p>Dimensiones&#8230;&#8230;&#8230;&#8230;&#8230;&#8230;&#8230;&#8230;&#8230;.. 75 mm \u00d7 31 mm \u00d7 22 mm (2 9\/10\u02dd \u00d7 1 1\/2\u02dd \u00d7 14\/16\u02dd )<\/p>\n<p>Bater\u00eda&#8230;&#8230;&#8230;&#8230;&#8230;&#8230;&#8230;&#8230;&#8230;&#8230;&#8230;&#8230;&#8230;&#8230;&#8230;&#8230;&#8230;&#8230;&#8230; CR2 (Litio, 3V)<\/p>\n<p>Vida \u00fatil de la bater\u00eda &#8230;&#8230;&#8230;&#8230;&#8230;&#8230;&#8230;..5 a 8 a\u00f1os (Uso t\u00edpico)<\/p>\n<p>Temperatura de trabajo&#8230;&#8230;&#8230;&#8230;&#8230;&#8230;0\u00b0 a 49\u00b0C (32\u00b0 a 120\u00b0F)<\/p>\n<p>Humedad relativa &#8230;&#8230;&#8230;&#8230;&#8230;&#8230;&#8230;&#8230;&#8230;&#8230;&#8230;&#8230;&#8230;&#8230;&#8230;. 5% a 93%<\/p>\n<\/div>\n<\/div>\n","protected":false},"excerpt":{"rendered":"<p>Informacion general Independientemente del tipo de aplicaci\u00f3n, el contacto de puerta\/ ventana inal\u00e1mbrico WS4945, de dise\u00f1o compacto, deber\u00eda ser siempre la primera opci\u00f3n del instalador para instalaciones complicadas. Este contacto se ha convertido en el nuevo est\u00e1ndar de DSC para contactos de puerta\/ventana debido a&hellip;<\/p>\n","protected":false},"featured_media":3992,"comment_status":"open","ping_status":"closed","template":"","meta":{"om_disable_all_campaigns":false,"_monsterinsights_skip_tracking":false,"_monsterinsights_sitenote_active":false,"_monsterinsights_sitenote_note":"","_monsterinsights_sitenote_category":0},"product_brand":[],"product_cat":[283],"product_tag":[212,211,151],"class_list":{"0":"post-3993","1":"product","2":"type-product","3":"status-publish","4":"has-post-thumbnail","6":"product_cat-sensores-de-alarma-alarmas-dsc","7":"product_tag-alarmas","8":"product_tag-alarmas-e-intrusion","9":"product_tag-seguridad","11":"first","12":"instock","13":"sale","14":"taxable","15":"shipping-taxable","16":"purchasable","17":"product-type-simple"},"aioseo_notices":[],"_links":{"self":[{"href":"https:\/\/tecsecmty.com\/index.php\/wp-json\/wp\/v2\/product\/3993","targetHints":{"allow":["GET"]}}],"collection":[{"href":"https:\/\/tecsecmty.com\/index.php\/wp-json\/wp\/v2\/product"}],"about":[{"href":"https:\/\/tecsecmty.com\/index.php\/wp-json\/wp\/v2\/types\/product"}],"replies":[{"embeddable":true,"href":"https:\/\/tecsecmty.com\/index.php\/wp-json\/wp\/v2\/comments?post=3993"}],"version-history":[{"count":0,"href":"https:\/\/tecsecmty.com\/index.php\/wp-json\/wp\/v2\/product\/3993\/revisions"}],"wp:featuredmedia":[{"embeddable":true,"href":"https:\/\/tecsecmty.com\/index.php\/wp-json\/wp\/v2\/media\/3992"}],"wp:attachment":[{"href":"https:\/\/tecsecmty.com\/index.php\/wp-json\/wp\/v2\/media?parent=3993"}],"wp:term":[{"taxonomy":"product_brand","embeddable":true,"href":"https:\/\/tecsecmty.com\/index.php\/wp-json\/wp\/v2\/product_brand?post=3993"},{"taxonomy":"product_cat","embeddable":true,"href":"https:\/\/tecsecmty.com\/index.php\/wp-json\/wp\/v2\/product_cat?post=3993"},{"taxonomy":"product_tag","embeddable":true,"href":"https:\/\/tecsecmty.com\/index.php\/wp-json\/wp\/v2\/product_tag?post=3993"}],"curies":[{"name":"wp","href":"https:\/\/api.w.org\/{rel}","templated":true}]}}