{"id":4021,"date":"2023-02-23T00:29:16","date_gmt":"2023-02-23T06:29:16","guid":{"rendered":"https:\/\/tecsecmty.com\/index.php\/producto\/imou-door-contact-ard311-sw-imou-contacto-magnetico-inalambrico-rango-de-deteccion-25-45-mm-indicador-led-433mhz-seguridad\/"},"modified":"2023-03-22T23:23:30","modified_gmt":"2023-03-23T05:23:30","slug":"imou-door-contact-ard311-sw-imou-contacto-magnetico-inalambrico-rango-de-deteccion-25-45-mm-indicador-led-433mhz-seguridad","status":"publish","type":"product","link":"https:\/\/tecsecmty.com\/index.php\/producto\/imou-door-contact-ard311-sw-imou-contacto-magnetico-inalambrico-rango-de-deteccion-25-45-mm-indicador-led-433mhz-seguridad\/","title":{"rendered":"IMOU DOOR CONTACT (ARD311-SW-imou) &#8211; Contacto Magnetico Inalambrico\/ Rango de deteccion 25-45 mm\/ Indicador Led\/ 433Mhz\/ #Seguridad"},"content":{"rendered":"<div class=\"row aling-items-center padding-bottom-2x\">\n<div class=\"col-lg-12\">\n<h5 class=\"card-title text-center\">Informaci\u00f3n General<\/h5>\n<p>Sensor de puerta \/ ventana, distancia de movimiento de 25-40 mm Comunicaci\u00f3n bidireccional<\/p>\n<p>Amplio rango de transmisi\u00f3n de hasta 150 m de distancia (espacio abierto \/ no interferencia)<\/p>\n<p><img decoding=\"async\" class=\"overview-center-img-web\" src=\"https:\/\/tvc.mx\/media\/32867\/1OverView.1.PNG\" alt=\"\" \/><\/div>\n<\/div>\n<div class=\"row aling-items-center padding-bottom-2x\">\n<div class=\"col-lg-12\">\n<h5 class=\"card-title text-center\">Notificaciones de alarma<\/h5>\n<p>Alarm Station sonar\u00e1 una sirena de seguridad local y enviar\u00e1 una alerta instant\u00e1nea a su tel\u00e9fono inteligente cada vez que el detector detecte movimiento, manteni\u00e9ndolo al tanto de lo que sucede en su hogar desde cualquier lugar.<\/p>\n<p><img decoding=\"async\" class=\"overview-center-img-web\" src=\"https:\/\/tvc.mx\/media\/32868\/2OverView.PNG\" alt=\"\" \/><\/div>\n<\/div>\n<div class=\"row aling-items-center padding-bottom-2x\">\n<div class=\"col-lg-12\">\n<h5 class=\"card-title text-center\">Compatible con c\u00e1mara Imou<\/h5>\n<p>Conexi\u00f3n inteligente con c\u00e1mara Imou.<\/p>\n<p>Vea lo que sucede en la aplicaci\u00f3n Imou cuando se activa el detector.<\/p>\n<p><img decoding=\"async\" class=\"overview-center-img-web\" src=\"https:\/\/tvc.mx\/media\/32869\/3OverView.PNG\" alt=\"\" \/><\/div>\n<\/div>\n<div class=\"row aling-items-center padding-bottom-2x\">\n<div class=\"col-lg-12\">\n<h5 class=\"card-title text-center\">Protecci\u00f3n contra manipulaci\u00f3n<\/h5>\n<p>Cuando el contacto de la puerta se retira de la pared, la estaci\u00f3n de alarma activar\u00e1 una alarma de manipulaci\u00f3n y enviar\u00e1 una alerta de manipulaci\u00f3n a su tel\u00e9fono inteligente.<\/p>\n<p><img decoding=\"async\" class=\"overview-center-img-web\" src=\"https:\/\/tvc.mx\/media\/32870\/4Overview.PNG\" alt=\"\" \/><\/div>\n<\/div>\n<div class=\"row aling-items-center padding-bottom-2x\">\n<div class=\"col-lg-12\">\n<h5 class=\"card-title text-center\">100% sin cables<\/h5>\n<p>Alimentado con bater\u00eda y conectado por Airfly *, Door Contact se puede colocar en cualquier lugar que desee.<\/p>\n<p>* Enlace inteligente con detectores de alarma Imou y la estaci\u00f3n de alarma<\/p>\n<p><img decoding=\"async\" class=\"overview-center-img-web\" src=\"https:\/\/tvc.mx\/media\/32876\/8overv.png\" alt=\"\" \/><\/div>\n<\/div>\n<div class=\"row align-items-center padding-bottom-2x\">\n<div class=\"col-md-5\"><img decoding=\"async\" class=\"d-block m-auto img-thumbnail\" src=\"https:\/\/tvc.mx\/media\/32872\/5OverView.PNG\" alt=\" \" \/><\/div>\n<div class=\"col-md-7 text-md-left text-center\">\n<h2>F\u00e1cil de instalar<\/h2>\n<p class=\"text-muted\">\n<p>El dise\u00f1o dividido hace que sea f\u00e1cil de instalar en una puerta o ventana y tambi\u00e9n tiene espuma de montaje que se puede adherir directamente a cualquier lugar.<\/p>\n<p>&nbsp;<\/p>\n<\/div>\n<\/div>\n<hr class=\"padding-bottom-2x\" \/>\n<div class=\"row aling-items-center padding-bottom-2x\">\n<div class=\"col-lg-12\">\n<h5 class=\"card-title text-center\">Bajo consumo de energ\u00eda<\/h5>\n<p>Alimentado con una bater\u00eda CR123A que puede usarse hasta por tres a\u00f1os.*<\/p>\n<h5>*Nota: Dependiendo de la cantidad de eventos, estos reducir\u00e1n el tiempo de vida \u00fatil de las bater\u00edas<\/h5>\n<p><img decoding=\"async\" class=\"overview-center-img-web\" src=\"https:\/\/tvc.mx\/media\/32873\/6Overview.PNG\" alt=\"\" \/><\/div>\n<\/div>\n<div class=\"row align-items-center padding-bottom-2x\">\n<div class=\"col-md-5\"><img decoding=\"async\" class=\"d-block m-auto img-thumbnail\" src=\"https:\/\/tvc.mx\/media\/32875\/Untitled-Project.gif\" alt=\" \" \/><\/div>\n<div class=\"col-md-7 text-md-left text-center\">\n<h2>Caracter\u00edsticas Principales<\/h2>\n<p class=\"text-muted\">\n<ul>\n<li>Sensor de puerta \/ ventana, distancia de movimiento de 25-40 m<\/li>\n<li>Comunicaci\u00f3n bidireccional<\/li>\n<li>Aviso de alarma Notificaci\u00f3n LED luz<\/li>\n<li>Distancia de transmisi\u00f3n de hasta 150 m (espacio abierto \/ no interferencia)<\/li>\n<li>Frecuencia inal\u00e1mbrica 433MHz<\/li>\n<li>Potencia de transmisi\u00f3n 10dBm<\/li>\n<li>Energ\u00eda 1xCR123A bater\u00eda<\/li>\n<li>Interruptor antisabotaje equipado<\/li>\n<li>Dimensiones 84 * 39 * 22 mm (L * W * H)<\/li>\n<li>Atornillar o pegar para montar<\/li>\n<li>Peso 0.1kg<\/li>\n<li>Temperatura -10 \u00b0 C ~ 50 \u00b0 C<\/li>\n<li>Humedad &lt;95%<\/li>\n<li>Pl\u00e1stico ABS<\/li>\n<\/ul>\n<p>INCLUYE:<\/p>\n<ul>\n<li>Sensor de puerta<\/li>\n<li>Bater\u00eda CR123A<\/li>\n<li>Gu\u00eda r\u00e1pida<\/li>\n<li>Paquete de tornillos<\/li>\n<li>Goma de montaje<\/li>\n<\/ul>\n<\/div>\n<\/div>\n","protected":false},"excerpt":{"rendered":"<p>Informaci\u00f3n General Sensor de puerta \/ ventana, distancia de movimiento de 25-40 mm Comunicaci\u00f3n bidireccional Amplio rango de transmisi\u00f3n de hasta 150 m de distancia (espacio abierto \/ no interferencia) Notificaciones de alarma Alarm Station sonar\u00e1 una sirena de seguridad local y enviar\u00e1 una alerta&hellip;<\/p>\n","protected":false},"featured_media":4020,"comment_status":"open","ping_status":"closed","template":"","meta":{"om_disable_all_campaigns":false,"_monsterinsights_skip_tracking":false,"_monsterinsights_sitenote_active":false,"_monsterinsights_sitenote_note":"","_monsterinsights_sitenote_category":0},"product_brand":[],"product_cat":[282],"product_tag":[212,211,151],"class_list":{"0":"post-4021","1":"product","2":"type-product","3":"status-publish","4":"has-post-thumbnail","6":"product_cat-sensores-de-alarma-alarmas-dahua-alarmas-intrusion","7":"product_tag-alarmas","8":"product_tag-alarmas-e-intrusion","9":"product_tag-seguridad","11":"first","12":"instock","13":"sale","14":"taxable","15":"shipping-taxable","16":"purchasable","17":"product-type-simple"},"aioseo_notices":[],"_links":{"self":[{"href":"https:\/\/tecsecmty.com\/index.php\/wp-json\/wp\/v2\/product\/4021","targetHints":{"allow":["GET"]}}],"collection":[{"href":"https:\/\/tecsecmty.com\/index.php\/wp-json\/wp\/v2\/product"}],"about":[{"href":"https:\/\/tecsecmty.com\/index.php\/wp-json\/wp\/v2\/types\/product"}],"replies":[{"embeddable":true,"href":"https:\/\/tecsecmty.com\/index.php\/wp-json\/wp\/v2\/comments?post=4021"}],"version-history":[{"count":0,"href":"https:\/\/tecsecmty.com\/index.php\/wp-json\/wp\/v2\/product\/4021\/revisions"}],"wp:featuredmedia":[{"embeddable":true,"href":"https:\/\/tecsecmty.com\/index.php\/wp-json\/wp\/v2\/media\/4020"}],"wp:attachment":[{"href":"https:\/\/tecsecmty.com\/index.php\/wp-json\/wp\/v2\/media?parent=4021"}],"wp:term":[{"taxonomy":"product_brand","embeddable":true,"href":"https:\/\/tecsecmty.com\/index.php\/wp-json\/wp\/v2\/product_brand?post=4021"},{"taxonomy":"product_cat","embeddable":true,"href":"https:\/\/tecsecmty.com\/index.php\/wp-json\/wp\/v2\/product_cat?post=4021"},{"taxonomy":"product_tag","embeddable":true,"href":"https:\/\/tecsecmty.com\/index.php\/wp-json\/wp\/v2\/product_tag?post=4021"}],"curies":[{"name":"wp","href":"https:\/\/api.w.org\/{rel}","templated":true}]}}