{"id":4027,"date":"2023-02-23T00:29:22","date_gmt":"2023-02-23T06:29:22","guid":{"rendered":"https:\/\/tecsecmty.com\/index.php\/producto\/risco-el5845pi-sensor-de-movimiento-inalambrico-2-vias-antimascota-para-panel-secuplace-ofertasaaa\/"},"modified":"2023-03-22T23:23:46","modified_gmt":"2023-03-23T05:23:46","slug":"risco-el5845pi-sensor-de-movimiento-inalambrico-2-vias-antimascota-para-panel-secuplace-ofertasaaa","status":"publish","type":"product","link":"https:\/\/tecsecmty.com\/index.php\/producto\/risco-el5845pi-sensor-de-movimiento-inalambrico-2-vias-antimascota-para-panel-secuplace-ofertasaaa\/","title":{"rendered":"RISCO EL5845PI &#8211; Sensor De Movimiento Inal\u00e1mbrico 2 V\u00edas ANTIMASCOTA Para Panel SECUPLACE #OfertasAAA"},"content":{"rendered":"<div class=\"row aling-items-center padding-bottom-2x\">\n<div class=\"col-lg-12\">\n<h5 class=\"card-title text-center\">DESCRIPCION<\/h5>\n<p>El Wireless 1 Way PIR \/ PET protege los sistemas iConnectTM y CommPactTM con capacidades avanzadas de detecci\u00f3n de intrusi\u00f3n por infrarrojo pasivo (PIR) mediante la detecci\u00f3n de movimiento en la zona protegida, incluso en la oscuridad total. Al ofrecer una opci\u00f3n de comunicaci\u00f3n por RF de 1 o 2 v\u00edas seleccionable, el PIR se alimenta con dos bater\u00edas de litio de larga duraci\u00f3n e incluye una funci\u00f3n de \u00absuspensi\u00f3n\u00bb que ignora los eventos durante el desarmado, para ahorrar energ\u00eda y para la privacidad del usuario.<\/p>\n<p><img decoding=\"async\" class=\"overview-center-img-web\" src=\"https:\/\/tvc.mx\/media\/108857\/pir-antimascotas-central.jpg\" alt=\"\" \/><\/div>\n<\/div>\n<div class=\"row align-items-center padding-bottom-2x\">\n<div class=\"col-md-5 order-md-2\"><img decoding=\"async\" class=\"d-block m-auto img-thumbnail\" src=\"https:\/\/tvc.mx\/media\/5773\/sensor2.jpg\" alt=\" \" \/><\/div>\n<div class=\"col-md-7 order-md-1 text-md-left text-center\">\n<h2>Dise\u00f1o<\/h2>\n<p class=\"text-muted\">\n<p>Su dise\u00f1o admite mascotas, este sensor permite que una mascota (hasta 45 kg \/ 99 lbs.) Vague libremente sin activar una alarma.<\/p>\n<p>F\u00e1cil de instalar, un soporte incorporado permite el montaje en la pared o en la esquina para una cobertura de detecci\u00f3n \u00f3ptima.<\/p>\n<p>&nbsp;<\/p>\n<\/div>\n<\/div>\n<hr class=\"padding-bottom-2x\" \/>\n<div class=\"row aling-items-center padding-bottom-2x\">\n<div class=\"col-lg-12\">\n<h5 class=\"card-title text-center\">Caracter\u00edsticas<\/h5>\n<ul>\n<li>Detector volum\u00e9trico PIR inmune a mascotas doble elemento.<\/li>\n<li>Certificado grado 2.<\/li>\n<li>Bidireccional\/Unidireccional.<\/li>\n<li>Inal\u00e1mbrico 868 MHz &#8211; Antena interna.<\/li>\n<li>Indicador de detecci\u00f3n de movimiento.<\/li>\n<li>Detecci\u00f3n: Rango 15 m \/ H: 90\u00ba.<\/li>\n<li>Tamper anti-apertura.<\/li>\n<li>Inmunidad ante mascotas \u2264 45 Kg.<\/li>\n<li>Alimentaci\u00f3n 2 pilas CR123A 3.0 V (duraci\u00f3n estimada 3 a\u00f1os).<\/li>\n<li>Uso interior.<\/li>\n<li>Incluye soporte.<\/li>\n<li>Color blanco.<\/li>\n<li>Detector volum\u00e9trico antimascotas<\/li>\n<li>Bidireccional \/ Unidireccional<\/li>\n<li>Inal\u00e1mbrico 868 MHz \/ Antena interna<\/li>\n<li>Detecci\u00f3n: 15 m \/ H: 90\u00ba<\/li>\n<li>Certificado grado 2<\/li>\n<li>Alimentaci\u00f3n 2 pilas CR123A 3.0 V<\/li>\n<\/ul>\n<p><img decoding=\"async\" class=\"overview-center-img-web\" src=\"https:\/\/tvc.mx\/media\/108861\/central-especificaciones.jpg\" alt=\"\" \/><\/div>\n<\/div>\n<div class=\"row align-items-center padding-bottom-2x\">\n<div class=\"col-md-5\"><img decoding=\"async\" class=\"d-block m-auto img-thumbnail\" src=\"https:\/\/tvc.mx\/media\/5776\/sensor5.jpg\" alt=\" \" \/><\/div>\n<div class=\"col-md-7 text-md-left text-center\">\n<h2>ESPECIFICACIONES<\/h2>\n<p class=\"text-muted\">\n<ul>\n<li><strong>Tecnolog\u00eda:\u00a0<\/strong>PIR dual antimascotas<\/li>\n<li><strong>Campo de detecci\u00f3n:\u00a0<\/strong>15 m \/ 90\u00ba para H instalaci\u00f3n = 2.4mts.<\/li>\n<li><strong>Frecuencia:\u00a0<\/strong>868 MHz.<\/li>\n<li><strong>Inmunidad mascotas:\u00a0<\/strong>\u2264 45Kg.<\/li>\n<li><strong>Enmascaramiento:\u00a0<\/strong>No dispone.<\/li>\n<li><strong>Sensibilidad:\u00a0<\/strong>Ajustable Baja o Alta.<\/li>\n<li><strong>Indicaci\u00f3n LEDs:\u00a0<\/strong>Alarma, se\u00f1al, bater\u00eda<\/li>\n<li><strong>Bater\u00eda<\/strong>2 x 3V CR123A.<\/li>\n<li><strong>Temp. funcionamiento<\/strong>-10\u00ba C ~ 55\u00ba C.<\/li>\n<li><strong>Grado de protecci\u00f3n:\u00a0<\/strong>Interior.<\/li>\n<li><strong>Dimensiones:<\/strong>120(Al) x 65 (An) x 35 (Fo) mm.<\/li>\n<\/ul>\n<p>&nbsp;<\/p>\n<\/div>\n<\/div>\n<hr class=\"padding-bottom-2x\" \/>\n<div class=\"row aling-items-center padding-bottom-2x\">\n<div class=\"col-lg-12\">\n<h5 class=\"card-title text-center\">APLICACIONES<\/h5>\n<p>Los lugares donde podemos utilizar estos tipos de detectores son los siguientes:<\/p>\n<ul>\n<li>Apartamentos<\/li>\n<li>Casa residenciales<\/li>\n<li>Hogar<\/li>\n<li>Oficinas<\/li>\n<li>Tiendas<\/li>\n<li>Entre otros.<\/li>\n<\/ul>\n<p><img decoding=\"async\" class=\"overview-center-img-\" src=\"https:\/\/tvc.mx\/media\/5777\/sensor4.jpg\" alt=\"\" \/><\/div>\n<\/div>\n","protected":false},"excerpt":{"rendered":"<p>DESCRIPCION El Wireless 1 Way PIR \/ PET protege los sistemas iConnectTM y CommPactTM con capacidades avanzadas de detecci\u00f3n de intrusi\u00f3n por infrarrojo pasivo (PIR) mediante la detecci\u00f3n de movimiento en la zona protegida, incluso en la oscuridad total. Al ofrecer una opci\u00f3n de comunicaci\u00f3n&hellip;<\/p>\n","protected":false},"featured_media":4026,"comment_status":"open","ping_status":"closed","template":"","meta":{"om_disable_all_campaigns":false,"_monsterinsights_skip_tracking":false,"_monsterinsights_sitenote_active":false,"_monsterinsights_sitenote_note":"","_monsterinsights_sitenote_category":0},"product_brand":[],"product_cat":[285],"product_tag":[212,211,151],"class_list":{"0":"post-4027","1":"product","2":"type-product","3":"status-publish","4":"has-post-thumbnail","6":"product_cat-sensores-de-alarma-alarmas-risco","7":"product_tag-alarmas","8":"product_tag-alarmas-e-intrusion","9":"product_tag-seguridad","11":"first","12":"instock","13":"sale","14":"taxable","15":"shipping-taxable","16":"purchasable","17":"product-type-simple"},"aioseo_notices":[],"_links":{"self":[{"href":"https:\/\/tecsecmty.com\/index.php\/wp-json\/wp\/v2\/product\/4027","targetHints":{"allow":["GET"]}}],"collection":[{"href":"https:\/\/tecsecmty.com\/index.php\/wp-json\/wp\/v2\/product"}],"about":[{"href":"https:\/\/tecsecmty.com\/index.php\/wp-json\/wp\/v2\/types\/product"}],"replies":[{"embeddable":true,"href":"https:\/\/tecsecmty.com\/index.php\/wp-json\/wp\/v2\/comments?post=4027"}],"version-history":[{"count":0,"href":"https:\/\/tecsecmty.com\/index.php\/wp-json\/wp\/v2\/product\/4027\/revisions"}],"wp:featuredmedia":[{"embeddable":true,"href":"https:\/\/tecsecmty.com\/index.php\/wp-json\/wp\/v2\/media\/4026"}],"wp:attachment":[{"href":"https:\/\/tecsecmty.com\/index.php\/wp-json\/wp\/v2\/media?parent=4027"}],"wp:term":[{"taxonomy":"product_brand","embeddable":true,"href":"https:\/\/tecsecmty.com\/index.php\/wp-json\/wp\/v2\/product_brand?post=4027"},{"taxonomy":"product_cat","embeddable":true,"href":"https:\/\/tecsecmty.com\/index.php\/wp-json\/wp\/v2\/product_cat?post=4027"},{"taxonomy":"product_tag","embeddable":true,"href":"https:\/\/tecsecmty.com\/index.php\/wp-json\/wp\/v2\/product_tag?post=4027"}],"curies":[{"name":"wp","href":"https:\/\/api.w.org\/{rel}","templated":true}]}}