{"id":4055,"date":"2023-02-23T00:30:01","date_gmt":"2023-02-23T06:30:01","guid":{"rendered":"https:\/\/tecsecmty.com\/index.php\/producto\/risco-beyond-dt-proyectosensor-de-movimiento-inalambrico-de-exterior-2-vias-433mhz-compatible-con-wicomm-lightsys-plus\/"},"modified":"2023-03-22T23:23:49","modified_gmt":"2023-03-23T05:23:49","slug":"risco-beyond-dt-proyectosensor-de-movimiento-inalambrico-de-exterior-2-vias-433mhz-compatible-con-wicomm-lightsys-plus","status":"publish","type":"product","link":"https:\/\/tecsecmty.com\/index.php\/producto\/risco-beyond-dt-proyectosensor-de-movimiento-inalambrico-de-exterior-2-vias-433mhz-compatible-con-wicomm-lightsys-plus\/","title":{"rendered":"RISCO-BEYOND-DT-(Proyecto)Sensor de Movimiento Inal\u00e1mbrico de Exterior \/ 2 v\u00edas \/ 433mhz \/ Compatible con Wicomm-LightSYS Plus+"},"content":{"rendered":"<div class=\"row aling-items-center padding-bottom-2x\">\n<div class=\"col-lg-12\">\n<h5 class=\"card-title text-center\">Descripci\u00f3n general<\/h5>\n<p>RISCO Group ha lanzado el nuevo detector de exterior\u00a0<strong>Beyond DT<\/strong>, con un dise\u00f1o actualizado y elegante. El Beyond inal\u00e1mbrico supera con creces los factores adversos que afectan el desempe\u00f1o de un detector de exterior. Proporciona una detecci\u00f3n de intrusos fiable en condiciones ambientales adversas con una tasa m\u00ednima de falsas alarmas. Por lo tanto, ofrece protecci\u00f3n 24 horas contra el vandalismo de manera eficaz.<\/p>\n<p>El detector Beyond DT inal\u00e1mbrico integra las innovadoras tecnolog\u00edas de \u00faltima generaci\u00f3n RISCO para una protecci\u00f3n \u00f3ptima.<\/p>\n<p>Tecnolog\u00eda dual integrada (DT) combina dos canales de microondas de banda K con dos sensores PIR para un mejor rendimiento de captura y mascota inmunidad, minimizando la falsa alarma. Este sistema de exterior es id\u00f3neo para asegurar cualquier ubicaci\u00f3n comercial e industrial, as\u00ed como instalaciones de almacenamiento, hospitales y escuelas.<\/p>\n<p><img decoding=\"async\" class=\"overview-center-img-web\" src=\"https:\/\/tvc.mx\/media\/33202\/RSC0180040.jpg\" alt=\"\" \/><\/div>\n<\/div>\n<div class=\"row align-items-center padding-bottom-2x\">\n<div class=\"col-md-5 order-md-2\"><img decoding=\"async\" class=\"d-block m-auto img-thumbnail\" src=\"https:\/\/tvc.mx\/media\/33203\/RSC0180040-1.jpg\" alt=\" \" \/><\/div>\n<div class=\"col-md-7 order-md-1 text-md-left text-center\">\n<h2>Presentaci\u00f3n<\/h2>\n<p class=\"text-muted\">\n<p class=\"ql-align-justify\">Con una Doble Tecnolog\u00eda (DT) ofrece mayor rendimiento de captura minimizando las falsas alarmas en ambientes de exterior, gracias a las tecnolog\u00eda de detecci\u00f3n, Reconocimiento de balanceo y correlaci\u00f3n digital. Es una soluci\u00f3n perfectamente equipada para el exterior, ya que el grado medioambiental IP54 de Beyond garantiza una protecci\u00f3n completa contra la lluvia y el polvo.<\/p>\n<p>&nbsp;<\/p>\n<\/div>\n<\/div>\n<hr class=\"padding-bottom-2x\" \/>\n<div class=\"row align-items-center padding-bottom-2x\">\n<div class=\"col-md-5\"><img decoding=\"async\" class=\"d-block m-auto img-thumbnail\" src=\"https:\/\/tvc.mx\/media\/27881\/Rendimiento-superior.jpg\" alt=\" \" \/><\/div>\n<div class=\"col-md-7 text-md-left text-center\">\n<h2>Tecnolog\u00eda de detecci\u00f3n doble (Rendimiento superior)<\/h2>\n<p class=\"text-muted\">\n<p>La doble tecnolog\u00eda de detecci\u00f3n (DT) combina dos canales microondas de banda-K con dos sensores PIR para un mejor rendimiento de captura e inmunidad a mascotas, minimizando las falsas alarmas.<\/p>\n<p>&nbsp;<\/p>\n<\/div>\n<\/div>\n<hr class=\"padding-bottom-2x\" \/>\n<div class=\"row align-items-center padding-bottom-2x\">\n<div class=\"col-md-5\"><img decoding=\"async\" class=\"d-block m-auto img-thumbnail\" src=\"https:\/\/tvc.mx\/media\/27895\/instalaci%C3%B3n-flexible.jpg\" alt=\" \" \/><\/div>\n<div class=\"col-md-7 text-md-left text-center\">\n<h2>Instalaci\u00f3n Flexible<\/h2>\n<p class=\"text-muted\">\n<p>EL5835D es completamente inal\u00e1mbrico y f\u00e1cil de instalar en cualquier ubicaci\u00f3n que parezca de infraestructura de cableado. Permite establecer el rango mas efectivo y apropiado de acuerdo con los requisitos de instalaci\u00f3n espec\u00edficos, gracias a su flexibilidad de instalaci\u00f3n medi\u00e1nte la r\u00f3tula giratoria de 180\u00b0 y su altura de montaje que var\u00eda desde 1,8m a 2,7m<\/p>\n<p>&nbsp;<\/p>\n<\/div>\n<\/div>\n<hr class=\"padding-bottom-2x\" \/>\n<div class=\"row align-items-center padding-bottom-2x\">\n<div class=\"col-md-5\"><img decoding=\"async\" class=\"d-block m-auto img-thumbnail\" src=\"https:\/\/tvc.mx\/media\/27944\/Tecnolog%C3%ADas-de--detecci%C3%B3n-exclusivas-dise%C3%B1adas-para-exteriores.jpg\" alt=\" \" \/><\/div>\n<div class=\"col-md-7 text-md-left text-center\">\n<h2>Tecnolog\u00eda de detecci\u00f3n exclusivas dise\u00f1adas para exteriores<\/h2>\n<p class=\"text-muted\">\n<p>La tecnolog\u00eda Sway Recognition de RISCO Group reconoce y excluye objetos que oscilan y se mueven repetidamente, como por ejemplo arbustos y arboles balance\u00e1ndose, elimin\u00e1ndolos como eventos de intrusi\u00f3n. La Tecnolog\u00eda Digital garantiza que los objetos que producen se\u00f1ales similares y correlacionadas en ambos canales PIR sean vistos como potenciales amenazas.<\/p>\n<p>&nbsp;<\/p>\n<\/div>\n<\/div>\n<hr class=\"padding-bottom-2x\" \/>\n<div class=\"row align-items-center padding-bottom-2x\">\n<div class=\"col-md-5\"><img decoding=\"async\" class=\"d-block m-auto img-thumbnail\" src=\"https:\/\/tvc.mx\/media\/27985\/inmunidad-a-los-rayos-del-sol.jpg\" alt=\" \" \/><\/div>\n<div class=\"col-md-7 text-md-left text-center\">\n<h2>Inmunidad a los rayos de Sol<\/h2>\n<p class=\"text-muted\">\n<p>La inmunidad a los rayos de sol directos de RISCO Group se basa en un algoritmo especial que ignora los cambios bruscos en la intensidad de la luz solar, eliminando as\u00ed una de las principales causas de falsas alarmas en ambientes exteriores.<\/p>\n<p>&nbsp;<\/p>\n<\/div>\n<\/div>\n<hr class=\"padding-bottom-2x\" \/>\n<div class=\"row align-items-center padding-bottom-2x\">\n<div class=\"col-md-5 order-md-2\"><img decoding=\"async\" class=\"d-block m-auto img-thumbnail\" src=\"https:\/\/tvc.mx\/media\/33205\/RSC0180040-2.jpg\" alt=\" \" \/><\/div>\n<div class=\"col-md-7 order-md-1 text-md-left text-center\">\n<h2>Usos<\/h2>\n<p class=\"text-muted\">\n<p>En lugares residenciales, Beyond proporciona una soluci\u00f3n perfecta para asegurar zonas al aire libre, entradas, jardines, piscina e incluso tejados de dif\u00edcil acceso.<\/p>\n<p>Por otro lado, puede proteger sitios remotos, como subestaciones de telefon\u00eda m\u00f3vil y sitios de servicios p\u00fablicos, contra el vandalismo y el robo de materiales valiosos como cableados de cobre, bater\u00edas y combustible.<\/p>\n<p>Adem\u00e1s, es una soluci\u00f3n id\u00f3nea para asegurar cualquier ubicaci\u00f3n comercial e industrial de intrusos, la seguridad de muelles de carga, instalaciones de almacenamiento, instalaciones y estacionamientos vac\u00edos y para proteger supermercados, hospitales y escuelas contra el robo de sistemas.<\/p>\n<\/div>\n<\/div>\n","protected":false},"excerpt":{"rendered":"<p>Descripci\u00f3n general RISCO Group ha lanzado el nuevo detector de exterior\u00a0Beyond DT, con un dise\u00f1o actualizado y elegante. El Beyond inal\u00e1mbrico supera con creces los factores adversos que afectan el desempe\u00f1o de un detector de exterior. Proporciona una detecci\u00f3n de intrusos fiable en condiciones ambientales&hellip;<\/p>\n","protected":false},"featured_media":4054,"comment_status":"open","ping_status":"closed","template":"","meta":{"om_disable_all_campaigns":false,"_monsterinsights_skip_tracking":false,"_monsterinsights_sitenote_active":false,"_monsterinsights_sitenote_note":"","_monsterinsights_sitenote_category":0},"product_brand":[],"product_cat":[285],"product_tag":[212,211,151],"class_list":{"0":"post-4055","1":"product","2":"type-product","3":"status-publish","4":"has-post-thumbnail","6":"product_cat-sensores-de-alarma-alarmas-risco","7":"product_tag-alarmas","8":"product_tag-alarmas-e-intrusion","9":"product_tag-seguridad","11":"first","12":"instock","13":"sale","14":"taxable","15":"shipping-taxable","16":"purchasable","17":"product-type-simple"},"aioseo_notices":[],"_links":{"self":[{"href":"https:\/\/tecsecmty.com\/index.php\/wp-json\/wp\/v2\/product\/4055","targetHints":{"allow":["GET"]}}],"collection":[{"href":"https:\/\/tecsecmty.com\/index.php\/wp-json\/wp\/v2\/product"}],"about":[{"href":"https:\/\/tecsecmty.com\/index.php\/wp-json\/wp\/v2\/types\/product"}],"replies":[{"embeddable":true,"href":"https:\/\/tecsecmty.com\/index.php\/wp-json\/wp\/v2\/comments?post=4055"}],"version-history":[{"count":0,"href":"https:\/\/tecsecmty.com\/index.php\/wp-json\/wp\/v2\/product\/4055\/revisions"}],"wp:featuredmedia":[{"embeddable":true,"href":"https:\/\/tecsecmty.com\/index.php\/wp-json\/wp\/v2\/media\/4054"}],"wp:attachment":[{"href":"https:\/\/tecsecmty.com\/index.php\/wp-json\/wp\/v2\/media?parent=4055"}],"wp:term":[{"taxonomy":"product_brand","embeddable":true,"href":"https:\/\/tecsecmty.com\/index.php\/wp-json\/wp\/v2\/product_brand?post=4055"},{"taxonomy":"product_cat","embeddable":true,"href":"https:\/\/tecsecmty.com\/index.php\/wp-json\/wp\/v2\/product_cat?post=4055"},{"taxonomy":"product_tag","embeddable":true,"href":"https:\/\/tecsecmty.com\/index.php\/wp-json\/wp\/v2\/product_tag?post=4055"}],"curies":[{"name":"wp","href":"https:\/\/api.w.org\/{rel}","templated":true}]}}