{"id":4091,"date":"2023-02-23T00:30:32","date_gmt":"2023-02-23T06:30:32","guid":{"rendered":"https:\/\/tecsecmty.com\/index.php\/producto\/dahua-dhi-ara12-w2-sirena-inalambrica-interior-105-db-3-3-niveles-de-volumen-led-indicador-alarma-de-bateria-baja-medicion-de-temperatura-funcion-de-salto-de-frecuencia-lonuevo-ala\/"},"modified":"2023-03-22T23:22:30","modified_gmt":"2023-03-23T05:22:30","slug":"dahua-dhi-ara12-w2-sirena-inalambrica-interior-105-db-3-3-niveles-de-volumen-led-indicador-alarma-de-bateria-baja-medicion-de-temperatura-funcion-de-salto-de-frecuencia-lonuevo-ala","status":"publish","type":"product","link":"https:\/\/tecsecmty.com\/index.php\/producto\/dahua-dhi-ara12-w2-sirena-inalambrica-interior-105-db-3-3-niveles-de-volumen-led-indicador-alarma-de-bateria-baja-medicion-de-temperatura-funcion-de-salto-de-frecuencia-lonuevo-ala\/","title":{"rendered":"DAHUA DHI-ARA12-W2 -Sirena Inal\u00e1mbrica Interior \/ 105 dB +- 3 \/ 3 Niveles de Volumen \/ Led Indicador \/ Alarma de Bater\u00eda Baja \/ Medici\u00f3n de Temperatura \/ Funci\u00f3n de Salto de Frecuencia \/ #LoNuevo #AlarmasDahua"},"content":{"rendered":"<div class=\"row aling-items-center padding-bottom-2x\">\n<div class=\"col-lg-12\">\n<h5 class=\"card-title text-center\">Informaci\u00f3n General<\/h5>\n<h2>Sirena Inal\u00e1mbrica<\/h2>\n<p>La sirena inal\u00e1mbrica es una sirena para interior que emite una alerta sonora fuerte (hasta \u2265 105 \u00b1 3dB\\1M) cuando ocurre un evento de alarma que detecte el HUB. Cuenta con advertencia de peligro y disuasi\u00f3n de intrusi\u00f3n.<\/p>\n<h2>Principales Caracter\u00edsticas<\/h2>\n<ul>\n<li class=\"ql-indent-1\">Ajuste de sonido (Seleccione entre bajo, medio y alto)<\/li>\n<li class=\"ql-indent-1\">Configuraci\u00f3n de duraci\u00f3n de sonido (de 3 s a 180 s)<\/li>\n<li class=\"ql-indent-1\">El tono de llamada al entrar o salir del modo de armado.<\/li>\n<li class=\"ql-indent-1\">Indicador led verde de alarma<\/li>\n<li class=\"ql-indent-1\">Tamper antisabotaje<\/li>\n<li class=\"ql-indent-1\">Medici\u00f3n y Alarma de bater\u00eda baja del dispositivo<\/li>\n<li class=\"ql-indent-1\">Medici\u00f3n de temperatura ambiente<\/li>\n<li class=\"ql-indent-1\">Detecci\u00f3n de intensidad de se\u00f1al<\/li>\n<li class=\"ql-indent-1\">Vinculaci\u00f3n Alarma &#8211; Sirena, cuando se activa una alarma, el sensor informar\u00e1 los eventos de alarma al HUB y alertar\u00e1n con una sirena<\/li>\n<li class=\"ql-indent-1\">La funci\u00f3n de salto de frecuencia y la tecnolog\u00eda de comunicaci\u00f3n bidireccional garantizan la estabilidad de la comunicaci\u00f3n<\/li>\n<li class=\"ql-indent-1\">Actualizaci\u00f3n en la nube y recuperaci\u00f3n autom\u00e1tica de errores de actualizaci\u00f3n<\/li>\n<\/ul>\n<p><img decoding=\"async\" class=\"overview-center-img-web\" src=\"https:\/\/tvc.mx\/media\/475392\/Alarma_Sirena_Interior_Dahua_Over_Ppal.png\" alt=\"\" \/><\/div>\n<\/div>\n<div class=\"row align-items-center padding-bottom-2x\">\n<div class=\"col-md-5\"><img decoding=\"async\" class=\"d-block m-auto img-thumbnail\" src=\"https:\/\/tvc.mx\/media\/475394\/Alarma_Sirena_Interior_Dahua_Over_M.png\" alt=\" \" \/><\/div>\n<div class=\"col-md-7 text-md-left text-center\">\n<h2>Especificaciones<\/h2>\n<p class=\"text-muted\">\n<ul>\n<li>Fuente de alimentaci\u00f3n 2 bater\u00edas CR123A (incluida)<\/li>\n<li>Duraci\u00f3n de bater\u00eda de hasta 2 a\u00f1os<\/li>\n<li>Intensidad de sonido 105 \u00b1 3 dB\\1M<\/li>\n<li>Dimensiones producto 81,0 mm \u00d7 81,0 mm \u00d7 26,0 mm (Largo \u00d7 Ancho \u00d7 Alto)<\/li>\n<li>Dimensiones empaque 135,0 mm \u00d7 98,5 mm \u00d7 56,8 mm (Largo \u00d7 Ancho \u00d7 Alto)<\/li>\n<li>Peso bruto de 175 g<\/li>\n<li>Carcasa de policarbonato y pl\u00e1stico ABS<\/li>\n<li>Distancia de comunicaci\u00f3n hasta 800 m<\/li>\n<li>Funci\u00f3n de salto de frecuencia (433,1 MHz\u2013434,6 MHz) y tecnolog\u00eda de comunicaci\u00f3n bidireccional encriptada en AES128 garantizando la estabilidad de la comunicaci\u00f3n<\/li>\n<li>Temperatura de funcionamiento en interior de \u2013 10 \u00b0C a +55 \u00b0C<\/li>\n<li>Panel de fijaci\u00f3n (incluye tornillos y taquetes)<\/li>\n<\/ul>\n<\/div>\n<\/div>\n","protected":false},"excerpt":{"rendered":"<p>Informaci\u00f3n General Sirena Inal\u00e1mbrica La sirena inal\u00e1mbrica es una sirena para interior que emite una alerta sonora fuerte (hasta \u2265 105 \u00b1 3dB\\1M) cuando ocurre un evento de alarma que detecte el HUB. Cuenta con advertencia de peligro y disuasi\u00f3n de intrusi\u00f3n. Principales Caracter\u00edsticas Ajuste&hellip;<\/p>\n","protected":false},"featured_media":4090,"comment_status":"open","ping_status":"closed","template":"","meta":{"om_disable_all_campaigns":false,"_monsterinsights_skip_tracking":false,"_monsterinsights_sitenote_active":false,"_monsterinsights_sitenote_note":"","_monsterinsights_sitenote_category":0},"product_brand":[],"product_cat":[288],"product_tag":[212,211,151],"class_list":{"0":"post-4091","1":"product","2":"type-product","3":"status-publish","4":"has-post-thumbnail","6":"product_cat-sirenas-alarmas-dahua-alarmas-intrusion","7":"product_tag-alarmas","8":"product_tag-alarmas-e-intrusion","9":"product_tag-seguridad","11":"first","12":"instock","13":"sale","14":"taxable","15":"shipping-taxable","16":"purchasable","17":"product-type-simple"},"aioseo_notices":[],"_links":{"self":[{"href":"https:\/\/tecsecmty.com\/index.php\/wp-json\/wp\/v2\/product\/4091","targetHints":{"allow":["GET"]}}],"collection":[{"href":"https:\/\/tecsecmty.com\/index.php\/wp-json\/wp\/v2\/product"}],"about":[{"href":"https:\/\/tecsecmty.com\/index.php\/wp-json\/wp\/v2\/types\/product"}],"replies":[{"embeddable":true,"href":"https:\/\/tecsecmty.com\/index.php\/wp-json\/wp\/v2\/comments?post=4091"}],"version-history":[{"count":0,"href":"https:\/\/tecsecmty.com\/index.php\/wp-json\/wp\/v2\/product\/4091\/revisions"}],"wp:featuredmedia":[{"embeddable":true,"href":"https:\/\/tecsecmty.com\/index.php\/wp-json\/wp\/v2\/media\/4090"}],"wp:attachment":[{"href":"https:\/\/tecsecmty.com\/index.php\/wp-json\/wp\/v2\/media?parent=4091"}],"wp:term":[{"taxonomy":"product_brand","embeddable":true,"href":"https:\/\/tecsecmty.com\/index.php\/wp-json\/wp\/v2\/product_brand?post=4091"},{"taxonomy":"product_cat","embeddable":true,"href":"https:\/\/tecsecmty.com\/index.php\/wp-json\/wp\/v2\/product_cat?post=4091"},{"taxonomy":"product_tag","embeddable":true,"href":"https:\/\/tecsecmty.com\/index.php\/wp-json\/wp\/v2\/product_tag?post=4091"}],"curies":[{"name":"wp","href":"https:\/\/api.w.org\/{rel}","templated":true}]}}