{"id":4163,"date":"2023-02-23T00:31:48","date_gmt":"2023-02-23T06:31:48","guid":{"rendered":"https:\/\/tecsecmty.com\/index.php\/producto\/dsc-hs2tchpn-teclado-cableado-de-pantalla-tactil-de-7-con-lector-de-proximidad-admite-128-zonas-compatible-con-neo\/"},"modified":"2023-03-22T23:23:17","modified_gmt":"2023-03-23T05:23:17","slug":"dsc-hs2tchpn-teclado-cableado-de-pantalla-tactil-de-7-con-lector-de-proximidad-admite-128-zonas-compatible-con-neo","status":"publish","type":"product","link":"https:\/\/tecsecmty.com\/index.php\/producto\/dsc-hs2tchpn-teclado-cableado-de-pantalla-tactil-de-7-con-lector-de-proximidad-admite-128-zonas-compatible-con-neo\/","title":{"rendered":"DSC HS2TCHPN &#8211; Teclado Cableado de Pantalla T\u00e1ctil de 7\u2019\u2019 con Lector de Proximidad admite 128 zonas compatible con NEO"},"content":{"rendered":"<div class=\"row aling-items-center padding-bottom-2x\">\n<div class=\"col-lg-12\">\n<h5 class=\"card-title text-center\">Informaci\u00f3n general.<\/h5>\n<p>La pantalla t\u00e1ctil PowerSeries Neo HS2TCHP TouchScreen presenta otra opci\u00f3n como parte de una amplia gama de teclados PowerSeries Neo para una interfaz principal para este revolucionario sistema h\u00edbrido. En l\u00ednea con la amplia variedad de soluciones de instalaci\u00f3n de PowerSeries Neo, la pantalla t\u00e1ctil HS2TCHP TouchScreen ha sido dise\u00f1ada para que sea f\u00e1cil de usar. Se destaca por su facilidad de instalaci\u00f3n y por su sencilla interfaz de programaci\u00f3n y de usuario, y viene en una carcasa sencilla con un dise\u00f1o de l\u00edneas simples, en blanco o negro para que combine con cualquier tipo de decoraci\u00f3n.<\/p>\n<p><img decoding=\"async\" class=\"overview-center-img-web\" src=\"https:\/\/tvc.mx\/media\/29181\/Banner.png\" alt=\"\" \/><\/div>\n<\/div>\n<div class=\"row align-items-center padding-bottom-2x\">\n<div class=\"col-md-5\"><img decoding=\"async\" class=\"d-block m-auto img-thumbnail\" src=\"https:\/\/tvc.mx\/media\/29182\/OVL2.png\" alt=\" \" \/><\/div>\n<div class=\"col-md-7 text-md-left text-center\">\n<h2>Caracter\u00edsticas que marcan la diferencia.<\/h2>\n<p class=\"text-muted\">\n<p>\u2022 Interfaz de usuario intuitiva guiada por men\u00fas<\/p>\n<p>\u2022 Pantalla t\u00e1ctil a color de 7&#8243; (177,8\u00a0mm), de alta resoluci\u00f3n y sensibilidad<\/p>\n<p>\u2022 Pantalla de inicio configurable<\/p>\n<p>\u2022 Portaretrato digital integrado y f\u00e1cil de actualizar utilizando la ranura para tarjeta SD<\/p>\n<p>\u2022 Carcasa de bajo perfil en blanco o negro que combina con cualquier tipo de decoraci\u00f3n<\/p>\n<p>\u2022 Indicadores LED de f\u00e1cil lectura (Listo, Armado, Fallo y Alimentaci\u00f3n de CA)<\/p>\n<p>\u2022 Los usuarios autorizados pueden personalizar f\u00e1cilmente la pantalla de inicio para que muestre los \u00edconos m\u00e1s utilizados<\/p>\n<p>\u2022 Visualizaci\u00f3n de fecha y hora<\/p>\n<p>\u2022 Preparada para men\u00fas interactivos, terminal de entrada\/salida<\/p>\n<p>\u2022 Actualizaci\u00f3n local del firmware de la interfaz gr\u00e1fica a trav\u00e9s de tarjeta SD<\/p>\n<p>\u2022 Soporta operaci\u00f3n por proximidad (con mini tags MPT)<\/p>\n<p>\u2022 Idiomas disponibles: Ingl\u00e9s, franc\u00e9s, espa\u00f1ol, portugu\u00e9s<\/p>\n<p>&nbsp;<\/p>\n<\/div>\n<\/div>\n<hr class=\"padding-bottom-2x\" \/>\n<div class=\"row align-items-center padding-bottom-2x\">\n<div class=\"col-md-5 order-md-2\"><img decoding=\"async\" class=\"d-block m-auto img-thumbnail\" src=\"https:\/\/tvc.mx\/media\/29183\/OVL1.png\" alt=\" \" \/><\/div>\n<div class=\"col-md-7 order-md-1 text-md-left text-center\">\n<h2>Especificaciones.<\/h2>\n<p class=\"text-muted\">\n<p>Pantalla TouchScreen&#8230;&#8230;.127,9 mm (L) x 195 mm (A) x 20,35 mm (P)<\/p>\n<p>\u00c1ngulo de visi\u00f3n&#8230;&#8230;&#8230;&#8230;.. \u00c1ngulo de visi\u00f3n horizontal: 70\u00b0 (t\u00edpico)<\/p>\n<p>\u00c1ngulo de visi\u00f3n vertical: 50\u00b0 (superior), 70\u00b0 (inferior) (t\u00edpico)<\/p>\n<p>Calidad de visi\u00f3n \u00f3ptima (resoluci\u00f3n) &#8230;&#8230;&#8230;&#8230;&#8230;&#8230;&#8230;&#8230;&#8230;&#8230;&#8230;. 800 x 480<\/p>\n<p>Tensi\u00f3n de entrada&#8230;&#8230;&#8230;&#8230;&#8230;&#8230;&#8230;&#8230;&#8230;&#8230;&#8230;&#8230;&#8230;&#8230;&#8230;&#8230;&#8230;&#8230;&#8230;&#8230;&#8230;&#8230; 12 V CC<\/p>\n<p>Brillo&#8230;&#8230;&#8230;&#8230;&#8230;&#8230;&#8230;&#8230;&#8230;&#8230;&#8230;&#8230;&#8230;&#8230;&#8230;&#8230;&#8230;&#8230;&#8230;&#8230;&#8230;&#8230;&#8230;&#8230;&#8230;&#8230;&#8230;&#8230; 280 cd\/m2<\/p>\n<p>Consumo de corriente &#8230;&#8230;&#8230;&#8230;..100 mA en reposo pantalla apagada)\/<\/p>\n<p>200 mA activado o alarma (modo consumo reg.) \/<\/p>\n<p>300 mA activado o alarma (modo consumo extra)<\/p>\n<p>Clasificaci\u00f3n de tensi\u00f3n: 7\u00a0V CC a 14\u00a0V\u00a0CC nominal<\/p>\n<p>Grado de protecci\u00f3n de gabinete pl\u00e1stico: IP30, IK04 (sin incluir la pantalla)<\/p>\n<p>Hasta 16 teclados por sistema<\/p>\n<p>Se conecta al panel de control mediante Keybus de 4 hilos<\/p>\n<p>Listo (LED verde), Armado (LED roja), Fallo (LED amarilla), CA (LED verde)<\/p>\n<p>Kit de montaje en pared antisabotaje:<\/p>\n<p>5 teclas de funci\u00f3n programables<\/p>\n<p>Distancia entre el teclado y el panel de control&#8230;&#8230;&#8230;&#8230;&#8230;&#8230;&#8230;&#8230;&#8230;&#8230;&#8230;.305 m (1.000 pies) (m\u00e1x.); distancia del corbus en modo consumo extra: 33,5 m (110 pies)<\/p>\n<p>Entorno de operaci\u00f3n &#8230;&#8230;&#8230;&#8230;&#8230;&#8230;&#8230;&#8230;&#8230;&#8230;&#8230;&#8230;. 0 to 49 \u00b0C (32 a 120 \u00b0F) 93% humedad relativa, no condensada<\/p>\n<p>Ranura para tarjeta SD&#8230;.Acepta cualquier tarjeta Secure Digital (SD) e st\u00e1ndar* (32 x 24 x 2,1 mm) que contenga fotos *De ser necesario, la tarjeta SD se puede formatear seg\u00fan el sistema de archivos FAT16 o 32 utilizando una PC.<\/p>\n<p>El tama\u00f1o m\u00e1ximo de tarjeta SD admitido es 32 GB. Cableado &#8230;&#8230;&#8230;&#8230;&#8230;&#8230;&#8230;&#8230;&#8230;&#8230;&#8230;&#8230;&#8230;&#8230;&#8230;&#8230; Conexi\u00f3n est\u00e1ndar de 4 hilos<\/p>\n<p>Idioma de pantalla. &#8230;&#8230;&#8230;&#8230;..las versiones incluyen: ingl\u00e9s, espa\u00f1ol y portugu\u00e9s Compatibilidad&#8230;&#8230;&#8230;&#8230;&#8230;&#8230;&#8230;&#8230;&#8230;&#8230;&#8230;&#8230;&#8230;&#8230;&#8230;.PowerSeries Neo v1.11 +<\/p>\n<\/div>\n<\/div>\n","protected":false},"excerpt":{"rendered":"<p>Informaci\u00f3n general. La pantalla t\u00e1ctil PowerSeries Neo HS2TCHP TouchScreen presenta otra opci\u00f3n como parte de una amplia gama de teclados PowerSeries Neo para una interfaz principal para este revolucionario sistema h\u00edbrido. En l\u00ednea con la amplia variedad de soluciones de instalaci\u00f3n de PowerSeries Neo, la&hellip;<\/p>\n","protected":false},"featured_media":4162,"comment_status":"open","ping_status":"closed","template":"","meta":{"om_disable_all_campaigns":false,"_monsterinsights_skip_tracking":false,"_monsterinsights_sitenote_active":false,"_monsterinsights_sitenote_note":"","_monsterinsights_sitenote_category":0},"product_brand":[],"product_cat":[295],"product_tag":[212,211,151],"class_list":{"0":"post-4163","1":"product","2":"type-product","3":"status-publish","4":"has-post-thumbnail","6":"product_cat-teclados-alarmas-dsc","7":"product_tag-alarmas","8":"product_tag-alarmas-e-intrusion","9":"product_tag-seguridad","11":"first","12":"instock","13":"sale","14":"taxable","15":"shipping-taxable","16":"purchasable","17":"product-type-simple"},"aioseo_notices":[],"_links":{"self":[{"href":"https:\/\/tecsecmty.com\/index.php\/wp-json\/wp\/v2\/product\/4163","targetHints":{"allow":["GET"]}}],"collection":[{"href":"https:\/\/tecsecmty.com\/index.php\/wp-json\/wp\/v2\/product"}],"about":[{"href":"https:\/\/tecsecmty.com\/index.php\/wp-json\/wp\/v2\/types\/product"}],"replies":[{"embeddable":true,"href":"https:\/\/tecsecmty.com\/index.php\/wp-json\/wp\/v2\/comments?post=4163"}],"version-history":[{"count":0,"href":"https:\/\/tecsecmty.com\/index.php\/wp-json\/wp\/v2\/product\/4163\/revisions"}],"wp:featuredmedia":[{"embeddable":true,"href":"https:\/\/tecsecmty.com\/index.php\/wp-json\/wp\/v2\/media\/4162"}],"wp:attachment":[{"href":"https:\/\/tecsecmty.com\/index.php\/wp-json\/wp\/v2\/media?parent=4163"}],"wp:term":[{"taxonomy":"product_brand","embeddable":true,"href":"https:\/\/tecsecmty.com\/index.php\/wp-json\/wp\/v2\/product_brand?post=4163"},{"taxonomy":"product_cat","embeddable":true,"href":"https:\/\/tecsecmty.com\/index.php\/wp-json\/wp\/v2\/product_cat?post=4163"},{"taxonomy":"product_tag","embeddable":true,"href":"https:\/\/tecsecmty.com\/index.php\/wp-json\/wp\/v2\/product_tag?post=4163"}],"curies":[{"name":"wp","href":"https:\/\/api.w.org\/{rel}","templated":true}]}}